-- https://www.phpmyadmin.net/
--

START TRANSACTION;



--
-- Database: `boh_db`
--

-- --------------------------------------------------------

--
-- Table structure for table `activity_log`
--

CREATE TABLE `activity_log` (
  `id` bigint(20) UNSIGNED NOT NULL,
  `log_name` varchar(255) DEFAULT NULL,
  `description` text NOT NULL,
  `batch_uuid` longtext DEFAULT NULL,
  `event` longtext DEFAULT NULL,
  `subject_type` varchar(255) DEFAULT NULL,
  `subject_id` bigint(20) UNSIGNED DEFAULT NULL,
  `causer_type` varchar(255) DEFAULT NULL,
  `causer_id` bigint(20) UNSIGNED DEFAULT NULL,
  `properties` longtext CHARACTER SET utf8mb4 COLLATE utf8mb4_bin DEFAULT NULL CHECK (json_valid(`properties`)),
  `created_at` timestamp NULL DEFAULT NULL,
  `updated_at` timestamp NULL DEFAULT NULL
) ENGINE=InnoDB DEFAULT CHARSET=utf8mb4 COLLATE=utf8mb4_unicode_ci;

--
-- Dumping data for table `activity_log`
--

INSERT INTO `activity_log` (`id`, `log_name`, `description`, `batch_uuid`, `event`, `subject_type`, `subject_id`, `causer_type`, `causer_id`, `properties`, `created_at`, `updated_at`) VALUES
(1, 'User', 'created', NULL, NULL, 'App\\Models\\User', 1, NULL, NULL, '{\"attributes\":{\"name\":\"Super Admin\",\"email\":\"superadmin@master.com\",\"phone\":null,\"image\":null,\"address\":null,\"password\":\"$2y$10$EwL7zVIzzcWMrk8l3SqaG.SRVsd.IP\\/ZVZTn.NK4SDQPiIEOtmy82\",\"otp\":null,\"about\":null,\"device_type\":null,\"device_token\":null,\"verified_by\":null,\"social_provider\":null,\"social_token\":null,\"social_id\":null,\"status\":0,\"is_deactivate\":0}}', '2022-12-02 07:17:23', '2022-12-02 07:17:23'),
(2, 'User', 'created', NULL, NULL, 'App\\Models\\User', 2, NULL, NULL, '{\"attributes\":{\"name\":\"Admin\",\"email\":\"admin@master.com\",\"phone\":null,\"image\":null,\"address\":null,\"password\":\"$2y$10$QJwHIrH27tyRxQyIWVOQcOo1xOcHlGRs48yw1.luZXFkVpsn.lbh6\",\"otp\":null,\"about\":null,\"device_type\":null,\"device_token\":null,\"verified_by\":null,\"social_provider\":null,\"social_token\":null,\"social_id\":null,\"status\":0,\"is_deactivate\":0}}', '2022-12-02 07:17:23', '2022-12-02 07:17:23'),
(3, 'User', 'created', NULL, NULL, 'App\\Models\\User', 3, NULL, NULL, '{\"attributes\":{\"name\":\"User\",\"email\":\"user@yopmail.com\",\"phone\":null,\"image\":\"public\\/uploads\\/users\\/\",\"address\":null,\"password\":\"$2y$10$YnuJ0seZoQo5fIdXCttS\\/u98DQlN6hnlELhbHYaAMetqtr6lWfw42\",\"otp\":\"9093\",\"about\":null,\"device_type\":null,\"device_token\":null,\"verified_by\":\"email\",\"social_provider\":null,\"social_token\":null,\"social_id\":null,\"status\":0,\"is_deactivate\":0}}', '2022-12-02 07:53:48', '2022-12-02 07:53:48'),
(4, 'User', 'updated', NULL, NULL, 'App\\Models\\User', 3, NULL, NULL, '{\"attributes\":{\"otp\":null},\"old\":{\"otp\":\"9093\"}}', '2022-12-02 08:35:54', '2022-12-02 08:35:54'),
(5, 'User', 'updated', NULL, NULL, 'App\\Models\\User', 3, NULL, NULL, '{\"attributes\":{\"otp\":null},\"old\":{\"otp\":\"9093\"}}', '2022-12-02 08:36:34', '2022-12-02 08:36:34'),
(6, 'User', 'updated', NULL, NULL, 'App\\Models\\User', 3, NULL, NULL, '{\"attributes\":{\"otp\":null},\"old\":{\"otp\":\"9093\"}}', '2022-12-02 08:45:21', '2022-12-02 08:45:21'),
(7, 'User', 'updated', NULL, NULL, 'App\\Models\\User', 3, NULL, NULL, '{\"attributes\":{\"otp\":null},\"old\":{\"otp\":\"9093\"}}', '2022-12-02 08:49:39', '2022-12-02 08:49:39'),
(8, 'User', 'updated', NULL, NULL, 'App\\Models\\User', 3, NULL, NULL, '{\"attributes\":{\"otp\":null},\"old\":{\"otp\":\"9093\"}}', '2022-12-02 08:50:24', '2022-12-02 08:50:24'),
(9, 'User', 'updated', NULL, NULL, 'App\\Models\\User', 3, NULL, NULL, '{\"attributes\":{\"otp\":null},\"old\":{\"otp\":\"9093\"}}', '2022-12-02 09:05:03', '2022-12-02 09:05:03'),
(10, 'User', 'updated', NULL, NULL, 'App\\Models\\User', 3, NULL, NULL, '{\"attributes\":{\"otp\":null},\"old\":{\"otp\":\"9093\"}}', '2022-12-02 09:07:19', '2022-12-02 09:07:19'),
(11, 'User', 'updated', NULL, NULL, 'App\\Models\\User', 3, NULL, NULL, '{\"attributes\":{\"otp\":null},\"old\":{\"otp\":\"9093\"}}', '2022-12-02 09:07:46', '2022-12-02 09:07:46'),
(12, 'User', 'updated', NULL, NULL, 'App\\Models\\User', 3, NULL, NULL, '{\"attributes\":{\"otp\":null},\"old\":{\"otp\":\"9093\"}}', '2022-12-02 09:31:41', '2022-12-02 09:31:41'),
(13, 'User', 'updated', NULL, NULL, 'App\\Models\\User', 3, NULL, NULL, '{\"attributes\":{\"otp\":null,\"email_verified_at\":\"2022-12-02T14:32:36.000000Z\"},\"old\":{\"otp\":\"9093\",\"email_verified_at\":null}}', '2022-12-02 09:32:36', '2022-12-02 09:32:36'),
(14, 'User', 'updated', NULL, NULL, 'App\\Models\\User', 3, NULL, NULL, '{\"attributes\":{\"otp\":null,\"email_verified_at\":\"2022-12-02T14:39:19.000000Z\"},\"old\":{\"otp\":\"9093\",\"email_verified_at\":\"2022-12-02T14:32:36.000000Z\"}}', '2022-12-02 09:39:19', '2022-12-02 09:39:19'),
(15, 'User', 'updated', NULL, NULL, 'App\\Models\\User', 3, NULL, NULL, '{\"attributes\":{\"otp\":null,\"email_verified_at\":\"2022-12-02T14:41:08.000000Z\"},\"old\":{\"otp\":\"9093\",\"email_verified_at\":null}}', '2022-12-02 09:41:08', '2022-12-02 09:41:08'),
(16, 'User', 'created', NULL, NULL, 'App\\Models\\User', 4, NULL, NULL, '{\"attributes\":{\"name\":\"User\",\"email\":\"user0@yopmail.com\",\"phone\":null,\"image\":\"public\\/uploads\\/users\\/\",\"address\":null,\"password\":\"$2y$10$SngOd0VeQ2AhLiZAr1xNgerXAGqNtotb0yvB.xfFgVqyIiwsU4FYy\",\"otp\":\"3872\",\"about\":null,\"device_type\":null,\"device_token\":null,\"verified_by\":\"email\",\"social_provider\":null,\"social_token\":null,\"social_id\":null,\"status\":0,\"is_deactivate\":0,\"email_verified_at\":null}}', '2022-12-02 09:43:00', '2022-12-02 09:43:00'),
(17, 'User', 'updated', NULL, NULL, 'App\\Models\\User', 4, NULL, NULL, '{\"attributes\":{\"otp\":null,\"email_verified_at\":\"2022-12-02T14:44:40.000000Z\"},\"old\":{\"otp\":\"3872\",\"email_verified_at\":null}}', '2022-12-02 09:44:40', '2022-12-02 09:44:40'),
(18, 'User', 'updated', NULL, NULL, 'App\\Models\\User', 3, NULL, NULL, '{\"attributes\":{\"otp\":null,\"email_verified_at\":\"2022-12-05T07:30:26.000000Z\"},\"old\":{\"otp\":\"9093\",\"email_verified_at\":\"2022-12-02T14:41:08.000000Z\"}}', '2022-12-05 02:30:27', '2022-12-05 02:30:27'),
(19, 'User', 'updated', NULL, NULL, 'App\\Models\\User', 3, NULL, NULL, '{\"attributes\":{\"otp\":\"4633\"},\"old\":{\"otp\":null}}', '2022-12-05 02:36:00', '2022-12-05 02:36:00'),
(20, 'User', 'updated', NULL, NULL, 'App\\Models\\User', 3, NULL, NULL, '{\"attributes\":{\"password\":\"$2y$10$NZXtZfqYYGxhQFHyTlzpveR49QgHCROBRY7RBMEnx1TV9sbRUkqJ6\"},\"old\":{\"password\":\"$2y$10$YnuJ0seZoQo5fIdXCttS\\/u98DQlN6hnlELhbHYaAMetqtr6lWfw42\"}}', '2022-12-05 02:50:56', '2022-12-05 02:50:56'),
(21, 'User', 'updated', NULL, NULL, 'App\\Models\\User', 3, NULL, NULL, '{\"attributes\":{\"password\":\"$2y$10$JmYdGqLunw1q2cgGNNP4fuK7Emmh6R72UQ5qcMwV5ZmIHgFjDZgbm\"},\"old\":{\"password\":\"$2y$10$NZXtZfqYYGxhQFHyTlzpveR49QgHCROBRY7RBMEnx1TV9sbRUkqJ6\"}}', '2022-12-05 02:55:52', '2022-12-05 02:55:52'),
(22, 'User', 'updated', NULL, NULL, 'App\\Models\\User', 3, NULL, NULL, '{\"attributes\":{\"otp\":null},\"old\":{\"otp\":\"4633\"}}', '2022-12-05 02:59:37', '2022-12-05 02:59:37'),
(23, 'User', 'updated', NULL, NULL, 'App\\Models\\User', 3, 'App\\Models\\User', 3, '{\"attributes\":{\"password\":\"$2y$10$BHt4klkqHHPPa6AxJg.GHevc3OzGjOFV5KuF9Zod.ZlDMrsoBLrOm\"},\"old\":{\"password\":\"$2y$10$JmYdGqLunw1q2cgGNNP4fuK7Emmh6R72UQ5qcMwV5ZmIHgFjDZgbm\"}}', '2022-12-05 03:28:34', '2022-12-05 03:28:34'),
(24, 'User', 'updated', NULL, NULL, 'App\\Models\\User', 3, 'App\\Models\\User', 3, '{\"attributes\":{\"password\":\"$2y$10$jbBI\\/7wV3Pnqv8jQ5QV7z.aRzPHCdkDRyT\\/moY.geYnbJMrPZSkAi\"},\"old\":{\"password\":\"$2y$10$BHt4klkqHHPPa6AxJg.GHevc3OzGjOFV5KuF9Zod.ZlDMrsoBLrOm\"}}', '2022-12-05 03:28:43', '2022-12-05 03:28:43'),
(25, 'User', 'updated', NULL, NULL, 'App\\Models\\User', 3, 'App\\Models\\User', 3, '{\"attributes\":{\"password\":\"$2y$10$ZEHLG3wEWT7cDkcggH1R.uHADsRZ0teXqyQUk9QOoA6Tokex\\/CMci\"},\"old\":{\"password\":\"$2y$10$jbBI\\/7wV3Pnqv8jQ5QV7z.aRzPHCdkDRyT\\/moY.geYnbJMrPZSkAi\"}}', '2022-12-05 03:28:55', '2022-12-05 03:28:55'),
(26, 'User', 'updated', NULL, NULL, 'App\\Models\\User', 3, 'App\\Models\\User', 3, '{\"attributes\":{\"password\":\"$2y$10$8bfW16NdghAFrl81zA50yO.hVgAdoN8tXafOezILa8daqG0XSTkEO\"},\"old\":{\"password\":\"$2y$10$ZEHLG3wEWT7cDkcggH1R.uHADsRZ0teXqyQUk9QOoA6Tokex\\/CMci\"}}', '2022-12-05 03:29:16', '2022-12-05 03:29:16'),
(27, 'User', 'updated', NULL, NULL, 'App\\Models\\User', 3, 'App\\Models\\User', 3, '{\"attributes\":{\"password\":\"$2y$10$.cdySuUhOorgqHszHR1O1.nrhxQSRJST.WLlzy6LlOFXDtlnbCTry\"},\"old\":{\"password\":\"$2y$10$8bfW16NdghAFrl81zA50yO.hVgAdoN8tXafOezILa8daqG0XSTkEO\"}}', '2022-12-05 03:29:54', '2022-12-05 03:29:54'),
(28, 'User', 'updated', NULL, NULL, 'App\\Models\\User', 3, 'App\\Models\\User', 3, '{\"attributes\":{\"name\":\"User000\",\"phone\":\"03082034786\"},\"old\":{\"name\":\"User\",\"phone\":null}}', '2022-12-05 05:52:11', '2022-12-05 05:52:11'),
(29, 'User', 'updated', NULL, NULL, 'App\\Models\\User', 3, 'App\\Models\\User', 3, '{\"attributes\":{\"image\":\"public\\/uploads\\/user\\/638dcfcfa5cdf.png\"},\"old\":{\"image\":\"public\\/uploads\\/users\\/\"}}', '2022-12-05 06:02:39', '2022-12-05 06:02:39'),
(30, 'User', 'deleted', NULL, NULL, 'App\\Models\\User', 3, 'App\\Models\\User', 3, '{\"attributes\":{\"name\":\"User000\",\"email\":\"user@yopmail.com\",\"phone\":\"03082034786\",\"image\":\"public\\/uploads\\/user\\/638dcfcfa5cdf.png\",\"address\":null,\"password\":\"$2y$10$.cdySuUhOorgqHszHR1O1.nrhxQSRJST.WLlzy6LlOFXDtlnbCTry\",\"otp\":null,\"about\":null,\"device_type\":null,\"device_token\":null,\"verified_by\":\"email\",\"social_provider\":null,\"social_token\":null,\"social_id\":null,\"status\":0,\"is_deactivate\":0,\"email_verified_at\":\"2022-12-05T07:30:26.000000Z\"}}', '2022-12-05 07:27:37', '2022-12-05 07:27:37'),
(31, 'User', 'updated', NULL, NULL, 'App\\Models\\User', 4, 'App\\Models\\User', 4, '{\"attributes\":{\"device_token\":\"AAAA6MO9f5M:APA91bGN03Iek7WDgcZQf_nCxxbn7DEAGmoiutYPuIaAb5EX72s8h9nH9uAt416XTJDb2v-Ac91jC1w0EayCX57U0qSTL0Nv5jmq1IdmEGWRpppS0tn4-QoCDsAbWylm5-zcmGZ7jzCL\"},\"old\":{\"device_token\":null}}', '2022-12-05 07:36:47', '2022-12-05 07:36:47'),
(32, 'User', 'created', NULL, NULL, 'App\\Models\\User', 5, NULL, NULL, '{\"attributes\":{\"name\":\"Google Sign In 2\",\"email\":\"google@yopmail.com\",\"phone\":null,\"image\":null,\"address\":null,\"password\":\"$2y$10$WElwAVRufOzqH2rgdIWzI.sO5CYmCiR\\/6u31fzVmjnm5TMegvjvei\",\"otp\":null,\"about\":null,\"device_type\":null,\"device_token\":null,\"verified_by\":\"google\",\"social_provider\":\"google\",\"social_token\":\"JyeT6bC5b89VbfE9ynUaYiCdDij8\",\"social_id\":null,\"status\":0,\"is_deactivate\":0,\"email_verified_at\":\"2022-12-05T14:00:18.000000Z\"}}', '2022-12-05 09:00:18', '2022-12-05 09:00:18'),
(33, 'User', 'created', NULL, NULL, 'App\\Models\\User', 6, NULL, NULL, '{\"attributes\":{\"name\":\"Google Sign In 2\",\"email\":\"google@yopmail.com\",\"phone\":null,\"image\":null,\"address\":null,\"password\":\"$2y$10$7fiXmfy4oRhGKNWdctyA7eHvGSzfR53.VzIPzNWAtQ3h.4MNImrI2\",\"otp\":null,\"about\":null,\"device_type\":null,\"device_token\":null,\"verified_by\":\"google\",\"social_provider\":\"google\",\"social_token\":\"JyeT6bC5b89VbfE9ynUaYiCdDij8\",\"social_id\":null,\"status\":0,\"is_deactivate\":0,\"email_verified_at\":\"2022-12-05T14:01:40.000000Z\"}}', '2022-12-05 09:01:40', '2022-12-05 09:01:40'),
(34, 'User', 'created', NULL, NULL, 'App\\Models\\User', 7, NULL, NULL, '{\"attributes\":{\"name\":\"Google Sign In 2\",\"email\":\"google@yopmail.com\",\"phone\":null,\"image\":null,\"address\":null,\"password\":\"$2y$10$nNiNf\\/E9cRq6YdJySr641.n7LJ\\/\\/sggtOLOgw84Fszhw\\/Z6o60DcS\",\"otp\":null,\"about\":null,\"device_type\":null,\"device_token\":null,\"verified_by\":\"google\",\"social_provider\":\"google\",\"social_token\":\"JyeT6bC5b89VbfE9ynUaYiCdDij8\",\"social_id\":null,\"status\":0,\"is_deactivate\":0,\"email_verified_at\":\"2022-12-05T14:02:01.000000Z\"}}', '2022-12-05 09:02:01', '2022-12-05 09:02:01'),
(35, 'User', 'created', NULL, NULL, 'App\\Models\\User', 8, NULL, NULL, '{\"attributes\":{\"name\":\"Facebook 3\",\"email\":\"facebook@yopmail.com\",\"phone\":null,\"image\":null,\"address\":null,\"password\":\"$2y$10$.Zx2GIFbHmOsXV.gSOam5.5aKx2GSprADBExDGpjFJJW\\/R6bdAk5C\",\"otp\":null,\"about\":null,\"device_type\":null,\"device_token\":null,\"verified_by\":\"facebook\",\"social_provider\":\"facebook\",\"social_token\":\"JyeT6bC5b6PV8fExynUaYiCdDij7\",\"social_id\":null,\"status\":0,\"is_deactivate\":0,\"email_verified_at\":\"2022-12-05T14:13:24.000000Z\"}}', '2022-12-05 09:13:24', '2022-12-05 09:13:24'),
(36, 'User', 'created', NULL, NULL, 'App\\Models\\User', 9, NULL, NULL, '{\"attributes\":{\"name\":\"Apple Sign In\",\"email\":\"apple@yopmail.com\",\"phone\":null,\"image\":null,\"address\":null,\"password\":\"$2y$10$whnszbOe13E0r6Sc35OwEuqRXhRadrL.RxbT7hHmAaDngVhmzRJA2\",\"otp\":null,\"about\":null,\"device_type\":null,\"device_token\":null,\"verified_by\":\"Apple\",\"social_provider\":\"Apple\",\"social_token\":\"JyeT6bC5b81VbfExynUaYiCdDij5\",\"social_id\":null,\"status\":0,\"is_deactivate\":0,\"email_verified_at\":\"2022-12-05T14:19:13.000000Z\"}}', '2022-12-05 09:19:13', '2022-12-05 09:19:13'),
(37, 'default', 'created', NULL, NULL, 'App\\Models\\Permission', NULL, 'App\\Models\\User', 2, '[]', '2022-12-06 02:55:21', '2022-12-06 02:55:21'),
(38, 'default', 'created', NULL, NULL, 'App\\Models\\Permission', NULL, 'App\\Models\\User', 2, '[]', '2022-12-06 02:55:26', '2022-12-06 02:55:26'),
(39, 'default', 'created', NULL, NULL, 'App\\Models\\Setting', 1, 'App\\Models\\User', 2, '[]', '2022-12-06 05:29:23', '2022-12-06 05:29:23'),
(40, 'default', 'created', NULL, NULL, 'App\\Models\\Setting', 2, 'App\\Models\\User', 2, '[]', '2022-12-06 05:29:24', '2022-12-06 05:29:24'),
(41, 'default', 'created', NULL, NULL, 'App\\Models\\Setting', 3, 'App\\Models\\User', 2, '[]', '2022-12-06 05:32:51', '2022-12-06 05:32:51'),
(42, 'default', 'created', NULL, NULL, 'App\\Models\\Setting', 1, 'App\\Models\\User', 2, '[]', '2022-12-06 05:34:06', '2022-12-06 05:34:06'),
(43, 'default', 'created', NULL, NULL, 'App\\Models\\Setting', 2, 'App\\Models\\User', 2, '[]', '2022-12-06 05:34:06', '2022-12-06 05:34:06'),
(44, 'default', 'created', NULL, NULL, 'App\\Models\\Setting', 3, 'App\\Models\\User', 2, '[]', '2022-12-06 06:00:50', '2022-12-06 06:00:50'),
(45, 'default', 'created', NULL, NULL, 'App\\Models\\Setting', 4, 'App\\Models\\User', 2, '[]', '2022-12-06 06:00:50', '2022-12-06 06:00:50'),
(46, 'default', 'created', NULL, NULL, 'App\\Models\\Setting', 5, 'App\\Models\\User', 2, '[]', '2022-12-06 06:00:50', '2022-12-06 06:00:50'),
(47, 'default', 'created', NULL, NULL, 'App\\Models\\Setting', 6, 'App\\Models\\User', 2, '[]', '2022-12-06 06:00:51', '2022-12-06 06:00:51'),
(48, 'default', 'created', NULL, NULL, 'App\\Models\\Setting', 1, 'App\\Models\\User', 2, '[]', '2022-12-06 06:01:53', '2022-12-06 06:01:53'),
(49, 'default', 'created', NULL, NULL, 'App\\Models\\Setting', 2, 'App\\Models\\User', 2, '[]', '2022-12-06 06:01:53', '2022-12-06 06:01:53'),
(50, 'default', 'created', NULL, NULL, 'App\\Models\\Setting', 3, 'App\\Models\\User', 2, '[]', '2022-12-06 06:01:53', '2022-12-06 06:01:53'),
(51, 'default', 'created', NULL, NULL, 'App\\Models\\Setting', 4, 'App\\Models\\User', 2, '[]', '2022-12-06 06:01:53', '2022-12-06 06:01:53'),
(52, 'default', 'created', NULL, NULL, 'App\\Models\\Setting', 5, 'App\\Models\\User', 2, '[]', '2022-12-06 06:01:53', '2022-12-06 06:01:53'),
(53, 'default', 'created', NULL, NULL, 'App\\Models\\Setting', 6, 'App\\Models\\User', 2, '[]', '2022-12-06 06:01:53', '2022-12-06 06:01:53'),
(54, 'default', 'created', NULL, NULL, 'App\\Models\\Setting', 7, 'App\\Models\\User', 2, '[]', '2022-12-06 06:02:31', '2022-12-06 06:02:31'),
(55, 'default', 'created', NULL, NULL, 'App\\Models\\Setting', 8, 'App\\Models\\User', 2, '[]', '2022-12-06 06:02:31', '2022-12-06 06:02:31'),
(56, 'default', 'created', NULL, NULL, 'App\\Models\\Setting', 1, 'App\\Models\\User', 2, '[]', '2022-12-06 06:03:44', '2022-12-06 06:03:44'),
(57, 'default', 'created', NULL, NULL, 'App\\Models\\Setting', 2, 'App\\Models\\User', 2, '[]', '2022-12-06 06:03:44', '2022-12-06 06:03:44'),
(58, 'default', 'created', NULL, NULL, 'App\\Models\\Setting', 3, 'App\\Models\\User', 2, '[]', '2022-12-06 06:03:44', '2022-12-06 06:03:44'),
(59, 'default', 'created', NULL, NULL, 'App\\Models\\Setting', 4, 'App\\Models\\User', 2, '[]', '2022-12-06 06:03:44', '2022-12-06 06:03:44'),
(60, 'default', 'created', NULL, NULL, 'App\\Models\\Setting', 5, 'App\\Models\\User', 2, '[]', '2022-12-06 06:03:44', '2022-12-06 06:03:44'),
(61, 'default', 'created', NULL, NULL, 'App\\Models\\Setting', 6, 'App\\Models\\User', 2, '[]', '2022-12-06 06:03:44', '2022-12-06 06:03:44'),
(62, 'default', 'created', NULL, NULL, 'App\\Models\\Setting', 7, 'App\\Models\\User', 2, '[]', '2022-12-06 06:03:44', '2022-12-06 06:03:44'),
(63, 'default', 'created', NULL, NULL, 'App\\Models\\Setting', 8, 'App\\Models\\User', 2, '[]', '2022-12-06 06:03:44', '2022-12-06 06:03:44'),
(64, 'default', 'created', NULL, NULL, 'App\\Models\\Setting', 1, 'App\\Models\\User', 2, '[]', '2022-12-06 06:05:02', '2022-12-06 06:05:02'),
(65, 'default', 'created', NULL, NULL, 'App\\Models\\Setting', 2, 'App\\Models\\User', 2, '[]', '2022-12-06 06:05:02', '2022-12-06 06:05:02'),
(66, 'default', 'created', NULL, NULL, 'App\\Models\\Setting', 1, 'App\\Models\\User', 2, '[]', '2022-12-06 06:16:11', '2022-12-06 06:16:11'),
(67, 'default', 'created', NULL, NULL, 'App\\Models\\Setting', 2, 'App\\Models\\User', 2, '[]', '2022-12-06 06:16:11', '2022-12-06 06:16:11'),
(68, 'default', 'created', NULL, NULL, 'App\\Models\\Setting', 3, 'App\\Models\\User', 2, '[]', '2022-12-06 06:16:11', '2022-12-06 06:16:11'),
(69, 'default', 'created', NULL, NULL, 'App\\Models\\Setting', 4, 'App\\Models\\User', 2, '[]', '2022-12-06 06:16:11', '2022-12-06 06:16:11'),
(70, 'default', 'created', NULL, NULL, 'App\\Models\\Setting', 5, 'App\\Models\\User', 2, '[]', '2022-12-06 06:16:11', '2022-12-06 06:16:11'),
(71, 'default', 'created', NULL, NULL, 'App\\Models\\Setting', 6, 'App\\Models\\User', 2, '[]', '2022-12-06 06:16:11', '2022-12-06 06:16:11'),
(72, 'default', 'created', NULL, NULL, 'App\\Models\\Setting', 7, 'App\\Models\\User', 2, '[]', '2022-12-06 06:16:12', '2022-12-06 06:16:12'),
(73, 'default', 'created', NULL, NULL, 'App\\Models\\Setting', 8, 'App\\Models\\User', 2, '[]', '2022-12-06 06:16:12', '2022-12-06 06:16:12'),
(74, 'default', 'created', NULL, NULL, 'App\\Models\\Setting', 9, 'App\\Models\\User', 2, '[]', '2022-12-06 07:42:23', '2022-12-06 07:42:23'),
(75, 'default', 'created', NULL, NULL, 'App\\Models\\Setting', 10, 'App\\Models\\User', 2, '[]', '2022-12-06 08:43:54', '2022-12-06 08:43:54'),
(76, 'default', 'created', NULL, NULL, 'App\\Models\\Setting', 11, 'App\\Models\\User', 2, '[]', '2022-12-07 06:15:27', '2022-12-07 06:15:27'),
(77, 'default', 'created', NULL, NULL, 'App\\Models\\Setting', 12, 'App\\Models\\User', 2, '[]', '2022-12-07 06:15:27', '2022-12-07 06:15:27'),
(78, 'default', 'created', NULL, NULL, 'App\\Models\\Setting', 13, 'App\\Models\\User', 2, '[]', '2022-12-07 06:15:27', '2022-12-07 06:15:27'),
(79, 'default', 'created', NULL, NULL, 'App\\Models\\Setting', 14, 'App\\Models\\User', 2, '[]', '2022-12-07 06:15:27', '2022-12-07 06:15:27'),
(80, 'default', 'created', NULL, NULL, 'App\\Models\\Setting', 15, 'App\\Models\\User', 2, '[]', '2022-12-07 06:15:27', '2022-12-07 06:15:27'),
(81, 'default', 'created', NULL, NULL, 'App\\Models\\Setting', 16, 'App\\Models\\User', 2, '[]', '2022-12-07 06:15:27', '2022-12-07 06:15:27'),
(82, 'default', 'created', NULL, NULL, 'App\\Models\\Setting', 17, 'App\\Models\\User', 2, '[]', '2022-12-07 06:15:27', '2022-12-07 06:15:27'),
(83, 'default', 'created', NULL, NULL, 'App\\Models\\Setting', 18, 'App\\Models\\User', 2, '[]', '2022-12-07 06:15:27', '2022-12-07 06:15:27'),
(84, 'default', 'created', NULL, NULL, 'App\\Models\\Setting', 19, 'App\\Models\\User', 2, '[]', '2022-12-07 06:15:27', '2022-12-07 06:15:27'),
(85, 'default', 'created', NULL, NULL, 'App\\Models\\Content', 1, 'App\\Models\\User', 2, '[]', '2022-12-14 08:19:35', '2022-12-14 08:19:35'),
(86, 'default', 'created', NULL, NULL, 'App\\Models\\Content', 2, 'App\\Models\\User', 2, '[]', '2022-12-14 08:25:06', '2022-12-14 08:25:06'),
(87, 'default', 'created', NULL, NULL, 'App\\Models\\Content', 3, 'App\\Models\\User', 2, '[]', '2022-12-14 08:25:17', '2022-12-14 08:25:17'),
(88, 'default', 'created', NULL, NULL, 'App\\Models\\Content', 4, 'App\\Models\\User', 2, '[]', '2022-12-14 08:25:31', '2022-12-14 08:25:31'),
(89, 'default', 'created', NULL, NULL, 'App\\Models\\Permission', NULL, 'App\\Models\\User', 2, '[]', '2022-12-14 08:31:11', '2022-12-14 08:31:11'),
(90, 'default', 'updated', NULL, NULL, 'App\\Models\\Permission', 22, 'App\\Models\\User', 2, '[]', '2022-12-14 09:10:19', '2022-12-14 09:10:19'),
(91, 'default', 'updated', NULL, NULL, 'App\\Models\\Permission', 22, 'App\\Models\\User', 2, '[]', '2022-12-14 09:10:41', '2022-12-14 09:10:41'),
(92, 'default', 'updated', NULL, NULL, 'App\\Models\\Content', 1, 'App\\Models\\User', 2, '[]', '2022-12-14 09:13:13', '2022-12-14 09:13:13'),
(93, 'default', 'updated', NULL, NULL, 'App\\Models\\Content', 1, 'App\\Models\\User', 2, '[]', '2022-12-14 09:13:27', '2022-12-14 09:13:27'),
(94, 'default', 'updated', NULL, NULL, 'App\\Models\\Permission', 22, 'App\\Models\\User', 2, '[]', '2022-12-14 09:13:38', '2022-12-14 09:13:38'),
(95, 'User', 'updated', NULL, NULL, 'App\\Models\\User', 2, 'App\\Models\\User', 2, '{\"attributes\":{\"image\":\"wp4227520.jpg\"},\"old\":{\"image\":null}}', '2022-12-15 03:34:36', '2022-12-15 03:34:36'),
(96, 'User', 'updated', NULL, NULL, 'App\\Models\\User', 4, 'App\\Models\\User', 2, '{\"attributes\":{\"image\":\"wp4227520.jpg\"},\"old\":{\"image\":\"public\\/uploads\\/users\\/\"}}', '2022-12-15 03:49:19', '2022-12-15 03:49:19'),
(97, 'default', 'created', NULL, NULL, 'App\\Models\\Content', 5, 'App\\Models\\User', 2, '[]', '2022-12-15 08:20:48', '2022-12-15 08:20:48'),
(98, 'default', 'created', NULL, NULL, 'App\\Models\\Content', 6, 'App\\Models\\User', 2, '[]', '2022-12-15 09:05:32', '2022-12-15 09:05:32'),
(99, 'default', 'created', NULL, NULL, 'App\\Models\\Content', 7, 'App\\Models\\User', 2, '[]', '2022-12-15 09:22:23', '2022-12-15 09:22:23'),
(100, 'default', 'updated', NULL, NULL, 'App\\Models\\Content', 7, 'App\\Models\\User', 2, '[]', '2022-12-15 09:33:25', '2022-12-15 09:33:25'),
(101, 'default', 'updated', NULL, NULL, 'App\\Models\\Content', 7, 'App\\Models\\User', 2, '[]', '2022-12-15 09:33:34', '2022-12-15 09:33:34'),
(102, 'default', 'updated', NULL, NULL, 'App\\Models\\Content', 7, 'App\\Models\\User', 2, '[]', '2022-12-15 09:34:41', '2022-12-15 09:34:41'),
(103, 'default', 'created', NULL, NULL, 'App\\Models\\Content', 8, 'App\\Models\\User', 2, '[]', '2022-12-15 09:35:21', '2022-12-15 09:35:21'),
(104, 'default', 'updated', NULL, NULL, 'App\\Models\\Content', 8, 'App\\Models\\User', 2, '[]', '2022-12-15 09:35:29', '2022-12-15 09:35:29'),
(105, 'default', 'deleted', NULL, NULL, 'App\\Models\\Content', 8, 'App\\Models\\User', 2, '[]', '2022-12-15 09:35:33', '2022-12-15 09:35:33'),
(106, 'default', 'updated', NULL, NULL, 'App\\Models\\Permission', 22, 'App\\Models\\User', 2, '[]', '2022-12-15 10:04:06', '2022-12-15 10:04:06'),
(107, 'default', 'created', NULL, NULL, 'App\\Models\\Permission', NULL, 'App\\Models\\User', 2, '[]', '2022-12-15 10:04:13', '2022-12-15 10:04:13'),
(108, 'default', 'deleted', NULL, NULL, 'App\\Models\\Permission', 23, 'App\\Models\\User', 2, '[]', '2022-12-15 10:04:17', '2022-12-15 10:04:17'),
(109, 'default', 'deleted', NULL, NULL, 'App\\Models\\Permission', 22, 'App\\Models\\User', 2, '[]', '2022-12-15 10:04:20', '2022-12-15 10:04:20'),
(110, 'default', 'created', NULL, NULL, 'App\\Models\\Permission', NULL, 'App\\Models\\User', 2, '[]', '2022-12-15 10:05:00', '2022-12-15 10:05:00'),
(111, 'default', 'updated', NULL, NULL, 'App\\Models\\Permission', 24, 'App\\Models\\User', 2, '[]', '2022-12-15 10:05:31', '2022-12-15 10:05:31'),
(112, 'default', 'deleted', NULL, NULL, 'App\\Models\\Permission', 24, 'App\\Models\\User', 2, '[]', '2022-12-15 10:05:39', '2022-12-15 10:05:39'),
(113, 'User', 'created', NULL, NULL, 'App\\Models\\User', 10, 'App\\Models\\User', 2, '{\"attributes\":{\"name\":\"test0\",\"email\":\"test0@yopmail.com\",\"phone\":null,\"image\":null,\"address\":null,\"password\":\"$2y$10$wUjo50VlTlQ0cW2miDWhjuD93cfu8\\/XXwEKDw8.IaommEsAIypOq2\",\"otp\":null,\"about\":null,\"device_type\":null,\"device_token\":null,\"verified_by\":null,\"social_provider\":null,\"social_token\":null,\"social_id\":null,\"status\":0,\"is_deactivate\":0,\"email_verified_at\":null}}', '2022-12-16 04:44:43', '2022-12-16 04:44:43'),
(114, 'User', 'created', NULL, NULL, 'App\\Models\\User', 11, 'App\\Models\\User', 2, '{\"attributes\":{\"name\":\"q\",\"email\":\"q@yopmail.com\",\"phone\":null,\"image\":null,\"address\":null,\"password\":\"$2y$10$IFycIXd9o0ckbD5\\/YYD7..zw3UH8hsr5hmPJ9sP.sUOUDxAIE4v9O\",\"otp\":null,\"about\":null,\"device_type\":null,\"device_token\":null,\"verified_by\":null,\"social_provider\":null,\"social_token\":null,\"social_id\":null,\"status\":0,\"is_deactivate\":0,\"email_verified_at\":null}}', '2022-12-16 05:32:08', '2022-12-16 05:32:08'),
(115, 'User', 'updated', NULL, NULL, 'App\\Models\\User', 11, 'App\\Models\\User', 2, '{\"attributes\":{\"name\":\"Q\"},\"old\":{\"name\":\"q\"}}', '2022-12-16 05:39:36', '2022-12-16 05:39:36'),
(116, 'User', 'updated', NULL, NULL, 'App\\Models\\User', 2, 'App\\Models\\User', 2, '{\"attributes\":{\"image\":\"wp4227520.jpg\"},\"old\":{\"image\":null}}', '2022-12-16 09:08:37', '2022-12-16 09:08:37'),
(117, 'User', 'updated', NULL, NULL, 'App\\Models\\User', 2, 'App\\Models\\User', 2, '{\"attributes\":{\"image\":\"D:\\\\xampp\\\\tmp\\\\php7756.tmp\"},\"old\":{\"image\":\"wp4227520.jpg\"}}', '2022-12-19 03:24:43', '2022-12-19 03:24:43'),
(118, 'User', 'updated', NULL, NULL, 'App\\Models\\User', 2, 'App\\Models\\User', 2, '{\"attributes\":{\"image\":\"D:\\\\xampp\\\\tmp\\\\phpBE36.tmp\"},\"old\":{\"image\":\"D:\\\\xampp\\\\tmp\\\\php7756.tmp\"}}', '2022-12-19 03:28:18', '2022-12-19 03:28:18'),
(119, 'User', 'updated', NULL, NULL, 'App\\Models\\User', 2, 'App\\Models\\User', 2, '{\"attributes\":{\"name\":\"Admin0\"},\"old\":{\"name\":\"Admin\"}}', '2022-12-20 09:13:09', '2022-12-20 09:13:09'),
(120, 'User', 'updated', NULL, NULL, 'App\\Models\\User', 2, 'App\\Models\\User', 2, '{\"attributes\":{\"name\":\"Admin\"},\"old\":{\"name\":\"Admin0\"}}', '2022-12-20 09:13:22', '2022-12-20 09:13:22'),
(121, 'User', 'updated', NULL, NULL, 'App\\Models\\User', 2, 'App\\Models\\User', 2, '{\"attributes\":{\"image\":\"\\/uploads\\/category\\/1671545868.jfif\"},\"old\":{\"image\":null}}', '2022-12-20 09:17:48', '2022-12-20 09:17:48'),
(122, 'User', 'updated', NULL, NULL, 'App\\Models\\User', 2, 'App\\Models\\User', 2, '{\"attributes\":{\"image\":\"\\/uploads\\/user\\/1671545914.jpg\"},\"old\":{\"image\":\"\\/uploads\\/category\\/1671545868.jfif\"}}', '2022-12-20 09:18:34', '2022-12-20 09:18:34'),
(123, 'User', 'updated', NULL, NULL, 'App\\Models\\User', 2, 'App\\Models\\User', 2, '{\"attributes\":{\"image\":\"public\\/uploads\\/user\\/1671545985.jfif\"},\"old\":{\"image\":\"\\/uploads\\/user\\/1671545914.jpg\"}}', '2022-12-20 09:19:45', '2022-12-20 09:19:45'),
(124, 'User', 'updated', NULL, NULL, 'App\\Models\\User', 2, 'App\\Models\\User', 2, '{\"attributes\":{\"image\":\"uploads\\/user\\/1671546322.png\"},\"old\":{\"image\":\"uploads\\/user\\/1671545985.jfif\"}}', '2022-12-20 09:25:22', '2022-12-20 09:25:22'),
(125, 'User', 'updated', NULL, NULL, 'App\\Models\\User', 2, 'App\\Models\\User', 2, '{\"attributes\":{\"image\":\"uploads\\/user\\/1671548885.png\"},\"old\":{\"image\":\"uploads\\/user\\/1671546322.png\"}}', '2022-12-20 10:08:05', '2022-12-20 10:08:05'),
(126, 'default', 'created', NULL, NULL, 'App\\Models\\Permission', NULL, 'App\\Models\\User', 2, '[]', '2023-05-28 09:51:26', '2023-05-28 09:51:26'),
(127, 'default', 'created', NULL, NULL, 'App\\Models\\Permission', NULL, 'App\\Models\\User', 2, '[]', '2023-05-28 09:51:46', '2023-05-28 09:51:46'),
(128, 'default', 'created', NULL, NULL, 'App\\Models\\Permission', NULL, 'App\\Models\\User', 2, '[]', '2023-05-28 09:51:54', '2023-05-28 09:51:54'),
(129, 'default', 'created', NULL, NULL, 'App\\Models\\Permission', NULL, 'App\\Models\\User', 2, '[]', '2023-05-28 09:52:02', '2023-05-28 09:52:02'),
(130, 'User', 'created', NULL, NULL, 'App\\Models\\User', 12, NULL, NULL, '{\"attributes\":{\"name\":\"User\",\"email\":\"newuser@yopmail.com\",\"phone\":null,\"image\":\"public\\/uploads\\/user\\/\",\"address\":null,\"password\":\"$2y$10$mqa5FsiBfFJUC.RYdT4rWu9Y3VVij\\/YmVc4vvdZm7z6pWpZWH.Lwi\",\"otp\":\"6156\",\"about\":null,\"device_type\":null,\"device_token\":null,\"verified_by\":\"email\",\"social_provider\":null,\"social_token\":null,\"social_id\":null,\"status\":0,\"is_deactivate\":0,\"email_verified_at\":null}}', '2023-07-31 03:35:54', '2023-07-31 03:35:54'),
(131, 'User', 'created', NULL, NULL, 'App\\Models\\User', 13, NULL, NULL, '{\"attributes\":{\"name\":\"User\",\"email\":\"newuser@yopmail.com\",\"phone\":null,\"image\":\"public\\/uploads\\/user\\/\",\"address\":null,\"password\":\"$2y$10$FrD8yhRhegtFx1AoqIniOO1WZxAqVihZETV93Wpu27T\\/7vHi9vkOy\",\"otp\":\"5961\",\"about\":null,\"device_type\":null,\"device_token\":null,\"verified_by\":\"email\",\"social_provider\":null,\"social_token\":null,\"social_id\":null,\"status\":0,\"is_deactivate\":0,\"email_verified_at\":null}}', '2023-07-31 03:50:39', '2023-07-31 03:50:39'),
(132, 'User', 'created', NULL, NULL, 'App\\Models\\User', 14, NULL, NULL, '{\"attributes\":{\"name\":\"User\",\"email\":\"newuser@yopmail.com\",\"phone\":null,\"image\":\"public\\/uploads\\/user\\/\",\"address\":null,\"password\":\"$2y$10$e7fMf0dUnTuPmY1xazxvuuIc7GcGvZi0gIOY5NthZFnBRQOs2Tppy\",\"otp\":\"6053\",\"about\":null,\"device_type\":null,\"device_token\":null,\"verified_by\":\"email\",\"social_provider\":null,\"social_token\":null,\"social_id\":null,\"status\":0,\"is_deactivate\":0,\"email_verified_at\":null}}', '2023-07-31 03:51:45', '2023-07-31 03:51:45'),
(133, 'User', 'created', NULL, NULL, 'App\\Models\\User', 15, NULL, NULL, '{\"attributes\":{\"name\":\"User\",\"email\":\"anas.ahmed393@gmail.com\",\"phone\":null,\"image\":\"public\\/uploads\\/user\\/\",\"address\":null,\"password\":\"$2y$10$URvnzg2lScTacj6sKZkGXe49vPkeDCV\\/wBs2sAV8fVJCeLnX1y.jC\",\"otp\":\"7692\",\"about\":null,\"device_type\":null,\"device_token\":null,\"verified_by\":\"email\",\"social_provider\":null,\"social_token\":null,\"social_id\":null,\"status\":0,\"is_deactivate\":0,\"email_verified_at\":null}}', '2023-07-31 04:08:12', '2023-07-31 04:08:12'),
(134, 'User', 'created', NULL, NULL, 'App\\Models\\User', 16, NULL, NULL, '{\"attributes\":{\"name\":\"User\",\"email\":\"anas.ahmed393@gmail.com\",\"phone\":null,\"image\":\"public\\/uploads\\/user\\/\",\"address\":null,\"password\":\"$2y$10$q6Yc0HB.J2B\\/w0Ac6HpmYOBgnQ3SJ.wfv.HjXU3Lai48f5v2Cj2e2\",\"otp\":\"2502\",\"about\":null,\"device_type\":null,\"device_token\":null,\"verified_by\":\"email\",\"social_provider\":null,\"social_token\":null,\"social_id\":null,\"status\":0,\"is_deactivate\":0,\"email_verified_at\":null}}', '2023-07-31 04:12:59', '2023-07-31 04:12:59'),
(135, 'User', 'created', NULL, NULL, 'App\\Models\\User', 17, NULL, NULL, '{\"attributes\":{\"name\":\"User\",\"email\":\"anas.ahmed393@gmail.com\",\"phone\":null,\"image\":\"public\\/uploads\\/user\\/\",\"address\":null,\"password\":\"$2y$10$PD\\/Sp2X5F9jv6kj6BQaqqOku\\/XeB1QHr9mOPp4KjUkAqCM\\/C.kD9y\",\"otp\":\"3635\",\"about\":null,\"device_type\":null,\"device_token\":null,\"verified_by\":\"email\",\"social_provider\":null,\"social_token\":null,\"social_id\":null,\"status\":0,\"is_deactivate\":0,\"email_verified_at\":null}}', '2023-07-31 04:14:06', '2023-07-31 04:14:06'),
(136, 'default', 'updated', NULL, NULL, 'App\\Models\\Permission', 25, 'App\\Models\\User', 2, '[]', '2024-11-30 16:57:47', '2024-11-30 16:57:47'),
(137, 'default', 'updated', NULL, NULL, 'App\\Models\\Permission', 26, 'App\\Models\\User', 2, '[]', '2024-11-30 16:57:49', '2024-11-30 16:57:49'),
(138, 'default', 'updated', NULL, NULL, 'App\\Models\\Permission', 27, 'App\\Models\\User', 2, '[]', '2024-11-30 16:57:52', '2024-11-30 16:57:52'),
(139, 'default', 'updated', NULL, NULL, 'App\\Models\\Permission', 28, 'App\\Models\\User', 2, '[]', '2024-11-30 16:57:55', '2024-11-30 16:57:55'),
(140, 'default', 'created', NULL, NULL, 'App\\Models\\Category', 1, 'App\\Models\\User', 2, '[]', '2024-11-30 17:36:14', '2024-11-30 17:36:14'),
(141, 'default', 'created', NULL, NULL, 'App\\Models\\Category', 2, 'App\\Models\\User', 2, '[]', '2024-11-30 17:37:17', '2024-11-30 17:37:17'),
(142, 'default', 'updated', NULL, NULL, 'App\\Models\\Category', 2, 'App\\Models\\User', 2, '[]', '2024-11-30 17:45:38', '2024-11-30 17:45:38'),
(143, 'default', 'deleted', NULL, NULL, 'App\\Models\\Category', 2, 'App\\Models\\User', 2, '[]', '2024-11-30 17:45:49', '2024-11-30 17:45:49'),
(144, 'default', 'created', NULL, NULL, 'App\\Models\\Permission', NULL, 'App\\Models\\User', 2, '[]', '2024-12-01 08:33:04', '2024-12-01 08:33:04'),
(145, 'default', 'created', NULL, NULL, 'App\\Models\\Permission', NULL, 'App\\Models\\User', 2, '[]', '2024-12-01 08:33:17', '2024-12-01 08:33:17'),
(146, 'default', 'created', NULL, NULL, 'App\\Models\\Permission', NULL, 'App\\Models\\User', 2, '[]', '2024-12-01 08:33:26', '2024-12-01 08:33:26'),
(147, 'default', 'created', NULL, NULL, 'App\\Models\\Permission', NULL, 'App\\Models\\User', 2, '[]', '2024-12-01 08:33:35', '2024-12-01 08:33:35'),
(148, 'default', 'created', NULL, NULL, 'App\\Models\\Permission', NULL, 'App\\Models\\User', 2, '[]', '2024-12-01 08:33:58', '2024-12-01 08:33:58'),
(149, 'default', 'created', NULL, NULL, 'App\\Models\\Permission', NULL, 'App\\Models\\User', 2, '[]', '2024-12-01 08:34:04', '2024-12-01 08:34:04'),
(150, 'default', 'created', NULL, NULL, 'App\\Models\\Permission', NULL, 'App\\Models\\User', 2, '[]', '2024-12-01 08:34:12', '2024-12-01 08:34:12'),
(151, 'default', 'created', NULL, NULL, 'App\\Models\\Permission', NULL, 'App\\Models\\User', 2, '[]', '2024-12-01 08:34:24', '2024-12-01 08:34:24'),
(152, 'default', 'created', NULL, NULL, 'App\\Models\\Company', 1, 'App\\Models\\User', 2, '[]', '2024-12-01 08:50:06', '2024-12-01 08:50:06'),
(153, 'default', 'updated', NULL, NULL, 'App\\Models\\Company', 1, 'App\\Models\\User', 2, '[]', '2024-12-01 08:53:53', '2024-12-01 08:53:53'),
(154, 'default', 'deleted', NULL, NULL, 'App\\Models\\Company', 1, 'App\\Models\\User', 2, '[]', '2024-12-01 08:53:56', '2024-12-01 08:53:56'),
(155, 'default', 'created', NULL, NULL, 'App\\Models\\Location', 1, 'App\\Models\\User', 2, '[]', '2024-12-01 09:59:42', '2024-12-01 09:59:42'),
(156, 'default', 'updated', NULL, NULL, 'App\\Models\\Location', 1, 'App\\Models\\User', 2, '[]', '2024-12-01 10:02:22', '2024-12-01 10:02:22'),
(157, 'default', 'updated', NULL, NULL, 'App\\Models\\Location', 1, 'App\\Models\\User', 2, '[]', '2024-12-01 10:02:57', '2024-12-01 10:02:57'),
(158, 'default', 'deleted', NULL, NULL, 'App\\Models\\Location', 1, 'App\\Models\\User', 2, '[]', '2024-12-01 10:03:02', '2024-12-01 10:03:02'),
(159, 'default', 'created', NULL, NULL, 'App\\Models\\Company', 2, 'App\\Models\\User', 2, '[]', '2024-12-01 11:07:14', '2024-12-01 11:07:14'),
(160, 'User', 'created', NULL, NULL, 'App\\Models\\User', 18, 'App\\Models\\User', 2, '{\"attributes\":{\"name\":\"test\",\"email\":\"test@test.com\",\"phone\":null,\"image\":null,\"address\":null,\"password\":\"$2y$10$9fjF7zS6X.tA8BOcc1WQyuQzIlyK2SOkxDgv2KemiR773tgI2rsb6\",\"otp\":null,\"about\":null,\"device_type\":null,\"device_token\":null,\"verified_by\":null,\"social_provider\":null,\"social_token\":null,\"social_id\":null,\"status\":0,\"is_deactivate\":0,\"email_verified_at\":null}}', '2024-12-01 11:08:46', '2024-12-01 11:08:46'),
(161, 'User', 'updated', NULL, NULL, 'App\\Models\\User', 18, 'App\\Models\\User', 18, '{\"attributes\":{\"otp\":\"8589\"},\"old\":{\"otp\":null}}', '2024-12-01 11:28:19', '2024-12-01 11:28:19'),
(162, 'User', 'updated', NULL, NULL, 'App\\Models\\User', 18, NULL, NULL, '{\"attributes\":{\"otp\":\"4689\",\"verified_by\":\"email\"},\"old\":{\"otp\":null,\"verified_by\":null}}', '2024-12-03 10:51:25', '2024-12-03 10:51:25'),
(163, 'User', 'updated', NULL, NULL, 'App\\Models\\User', 18, NULL, NULL, '{\"attributes\":{\"password\":\"$2y$10$rW2YjlgDbB40W2omnGTlrud6otFEDNuo4b.C6Fwm8EPhGCa5sebIW\"},\"old\":{\"password\":\"$2y$10$9fjF7zS6X.tA8BOcc1WQyuQzIlyK2SOkxDgv2KemiR773tgI2rsb6\"}}', '2024-12-03 10:52:17', '2024-12-03 10:52:17'),
(164, 'default', 'created', NULL, NULL, 'App\\Models\\Category', 3, 'App\\Models\\User', 2, '[]', '2024-12-03 13:20:23', '2024-12-03 13:20:23'),
(165, 'User', 'updated', NULL, NULL, 'App\\Models\\User', 18, 'App\\Models\\User', 18, '{\"attributes\":{\"name\":\"User000\",\"phone\":\"03082034786\"},\"old\":{\"name\":\"test\",\"phone\":null}}', '2024-12-04 12:12:36', '2024-12-04 12:12:36'),
(166, 'User', 'updated', NULL, NULL, 'App\\Models\\User', 18, 'App\\Models\\User', 18, '{\"attributes\":{\"image\":\"public\\/uploads\\/user\\/67508d85383f9.png\"},\"old\":{\"image\":null}}', '2024-12-04 12:12:37', '2024-12-04 12:12:37'),
(167, 'default', 'created', NULL, NULL, 'App\\Models\\Location', 2, 'App\\Models\\User', 2, '[]', '2024-12-04 13:31:47', '2024-12-04 13:31:47'),
(168, 'User', 'updated', NULL, NULL, 'App\\Models\\User', 18, 'App\\Models\\User', 18, '{\"attributes\":{\"name\":\"User000 test\"},\"old\":{\"name\":\"User000\"}}', '2024-12-10 19:32:41', '2024-12-10 19:32:41'),
(169, 'User', 'updated', NULL, NULL, 'App\\Models\\User', 18, 'App\\Models\\User', 18, '{\"attributes\":{\"name\":\"User 000\"},\"old\":{\"name\":\"User000 test\"}}', '2024-12-10 19:35:59', '2024-12-10 19:35:59'),
(170, 'User', 'updated', NULL, NULL, 'App\\Models\\User', 18, 'App\\Models\\User', 18, '{\"attributes\":{\"password\":\"$2y$10$C7VYfR1fOri7gCV3M1QFeueeWmazjqa4meAMfd7WsONFc5DumTNju\"},\"old\":{\"password\":\"$2y$10$rW2YjlgDbB40W2omnGTlrud6otFEDNuo4b.C6Fwm8EPhGCa5sebIW\"}}', '2024-12-10 21:14:29', '2024-12-10 21:14:29'),
(171, 'User', 'updated', NULL, NULL, 'App\\Models\\User', 18, 'App\\Models\\User', 18, '{\"attributes\":{\"password\":\"$2y$10$.PBfdtVoc88hCArTIKFTm.38\\/zcjeS9Qxz\\/Cl5UAhDUubPteULuPe\"},\"old\":{\"password\":\"$2y$10$C7VYfR1fOri7gCV3M1QFeueeWmazjqa4meAMfd7WsONFc5DumTNju\"}}', '2024-12-10 21:15:26', '2024-12-10 21:15:26'),
(172, 'User', 'updated', NULL, NULL, 'App\\Models\\User', 18, 'App\\Models\\User', 18, '{\"attributes\":{\"password\":\"$2y$10$7LlonAEWDZHnP5fYwsGu4u1a8\\/7oQ4O55nVysP6mM70ZQDbFrV00m\"},\"old\":{\"password\":\"$2y$10$.PBfdtVoc88hCArTIKFTm.38\\/zcjeS9Qxz\\/Cl5UAhDUubPteULuPe\"}}', '2024-12-10 21:16:28', '2024-12-10 21:16:28'),
(173, 'User', 'updated', NULL, NULL, 'App\\Models\\User', 18, 'App\\Models\\User', 18, '{\"attributes\":{\"password\":\"$2y$10$pnGEC4pIyLJN6M1LbWeHn.NL9AQ6K4KHwUoRYed8JNSmiY1KqluQq\"},\"old\":{\"password\":\"$2y$10$7LlonAEWDZHnP5fYwsGu4u1a8\\/7oQ4O55nVysP6mM70ZQDbFrV00m\"}}', '2024-12-10 21:16:45', '2024-12-10 21:16:45'),
(174, 'User', 'updated', NULL, NULL, 'App\\Models\\User', 18, 'App\\Models\\User', 18, '{\"attributes\":{\"password\":\"$2y$10$PhUnarZ.kOPsCbQoSD6B2esntClC0k7EBibwn2YVaced2cQ8IHrxG\"},\"old\":{\"password\":\"$2y$10$pnGEC4pIyLJN6M1LbWeHn.NL9AQ6K4KHwUoRYed8JNSmiY1KqluQq\"}}', '2024-12-10 21:21:23', '2024-12-10 21:21:23'),
(175, 'User', 'updated', NULL, NULL, 'App\\Models\\User', 18, 'App\\Models\\User', 18, '{\"attributes\":{\"password\":\"$2y$10$bLTtRc45dLpCReoo87DKZe8deB8eo5TVKnFghXLtyrIqY3nz\\/dJYa\"},\"old\":{\"password\":\"$2y$10$PhUnarZ.kOPsCbQoSD6B2esntClC0k7EBibwn2YVaced2cQ8IHrxG\"}}', '2024-12-10 21:22:53', '2024-12-10 21:22:53'),
(176, 'User', 'updated', NULL, NULL, 'App\\Models\\User', 4, NULL, NULL, '{\"attributes\":{\"otp\":\"4788\"},\"old\":{\"otp\":null}}', '2024-12-19 16:52:30', '2024-12-19 16:52:30'),
(177, 'User', 'updated', NULL, NULL, 'App\\Models\\User', 4, NULL, NULL, '{\"attributes\":{\"otp\":\"5937\"},\"old\":{\"otp\":\"4788\"}}', '2024-12-19 16:55:23', '2024-12-19 16:55:23'),
(178, 'User', 'updated', NULL, NULL, 'App\\Models\\User', 18, NULL, NULL, '{\"attributes\":{\"otp\":\"2775\"},\"old\":{\"otp\":\"4689\"}}', '2024-12-19 16:58:32', '2024-12-19 16:58:32'),
(179, 'User', 'updated', NULL, NULL, 'App\\Models\\User', 18, NULL, NULL, '{\"attributes\":{\"otp\":null},\"old\":{\"otp\":\"2775\"}}', '2024-12-19 16:58:53', '2024-12-19 16:58:53'),
(180, 'User', 'updated', NULL, NULL, 'App\\Models\\User', 18, NULL, NULL, '{\"attributes\":{\"otp\":\"1953\"},\"old\":{\"otp\":null}}', '2024-12-19 16:59:04', '2024-12-19 16:59:04'),
(181, 'User', 'updated', NULL, NULL, 'App\\Models\\User', 18, NULL, NULL, '{\"attributes\":{\"otp\":\"5821\"},\"old\":{\"otp\":\"1953\"}}', '2024-12-19 16:59:10', '2024-12-19 16:59:10'),
(182, 'User', 'updated', NULL, NULL, 'App\\Models\\User', 18, NULL, NULL, '{\"attributes\":{\"otp\":\"5952\"},\"old\":{\"otp\":\"5821\"}}', '2024-12-19 17:08:07', '2024-12-19 17:08:07'),
(183, 'User', 'updated', NULL, NULL, 'App\\Models\\User', 18, NULL, NULL, '{\"attributes\":{\"otp\":\"5025\"},\"old\":{\"otp\":\"5952\"}}', '2024-12-19 17:08:30', '2024-12-19 17:08:30'),
(184, 'User', 'updated', NULL, NULL, 'App\\Models\\User', 18, NULL, NULL, '{\"attributes\":{\"otp\":null},\"old\":{\"otp\":\"5025\"}}', '2024-12-19 17:10:45', '2024-12-19 17:10:45'),
(185, 'User', 'updated', NULL, NULL, 'App\\Models\\User', 18, NULL, NULL, '{\"attributes\":{\"otp\":\"9930\"},\"old\":{\"otp\":null}}', '2024-12-19 17:10:56', '2024-12-19 17:10:56'),
(186, 'User', 'updated', NULL, NULL, 'App\\Models\\User', 18, NULL, NULL, '{\"attributes\":{\"otp\":null},\"old\":{\"otp\":\"9930\"}}', '2024-12-19 17:11:16', '2024-12-19 17:11:16'),
(187, 'User', 'updated', NULL, NULL, 'App\\Models\\User', 18, NULL, NULL, '{\"attributes\":{\"otp\":\"9870\"},\"old\":{\"otp\":null}}', '2024-12-19 17:24:45', '2024-12-19 17:24:45'),
(188, 'User', 'updated', NULL, NULL, 'App\\Models\\User', 18, NULL, NULL, '{\"attributes\":{\"otp\":null},\"old\":{\"otp\":\"9870\"}}', '2024-12-19 17:25:22', '2024-12-19 17:25:22'),
(189, 'User', 'updated', NULL, NULL, 'App\\Models\\User', 18, NULL, NULL, '{\"attributes\":{\"password\":\"$2y$10$LmbVzpTZ1GqSGJlyEdP.jOy8ahJT4wz6FpheJ44L8NCHEKHD7cxae\"},\"old\":{\"password\":\"$2y$10$bLTtRc45dLpCReoo87DKZe8deB8eo5TVKnFghXLtyrIqY3nz\\/dJYa\"}}', '2024-12-19 17:29:21', '2024-12-19 17:29:21'),
(190, 'User', 'updated', NULL, NULL, 'App\\Models\\User', 18, 'App\\Models\\User', 18, '{\"attributes\":{\"name\":\"User 123\"},\"old\":{\"name\":\"User 000\"}}', '2024-12-19 18:55:46', '2024-12-19 18:55:46'),
(191, 'User', 'updated', NULL, NULL, 'App\\Models\\User', 18, NULL, NULL, '{\"attributes\":{\"otp\":\"5483\"},\"old\":{\"otp\":null}}', '2024-12-19 21:13:40', '2024-12-19 21:13:40'),
(192, 'User', 'updated', NULL, NULL, 'App\\Models\\User', 18, NULL, NULL, '{\"attributes\":{\"otp\":null},\"old\":{\"otp\":\"5483\"}}', '2024-12-19 21:14:13', '2024-12-19 21:14:13'),
(193, 'User', 'updated', NULL, NULL, 'App\\Models\\User', 18, NULL, NULL, '{\"attributes\":{\"password\":\"$2y$10$.RDHHqp\\/cc\\/z3wppCz90aOPf3ZbAXeaWCzJQZrIgHBGNiWsOtv53K\"},\"old\":{\"password\":\"$2y$10$LmbVzpTZ1GqSGJlyEdP.jOy8ahJT4wz6FpheJ44L8NCHEKHD7cxae\"}}', '2024-12-19 21:14:36', '2024-12-19 21:14:36'),
(194, 'User', 'updated', NULL, NULL, 'App\\Models\\User', 18, NULL, NULL, '{\"attributes\":{\"otp\":\"4498\"},\"old\":{\"otp\":null}}', '2024-12-19 21:35:50', '2024-12-19 21:35:50'),
(195, 'User', 'created', NULL, NULL, 'App\\Models\\User', 19, 'App\\Models\\User', 2, '{\"attributes\":{\"name\":\"testing\",\"email\":\"testing@user.com\",\"phone\":null,\"image\":null,\"address\":null,\"password\":\"$2y$10$8kuciQDosVwGNRoZV5007ue.0obWlpDpe3uMkE\\/DqIa0MBcX\\/UqVS\",\"otp\":null,\"about\":null,\"device_type\":null,\"device_token\":null,\"verified_by\":null,\"social_provider\":null,\"social_token\":null,\"social_id\":null,\"status\":\"0\",\"is_deactivate\":\"0\",\"email_verified_at\":null}}', '2024-12-20 20:23:26', '2024-12-20 20:23:26'),
(196, 'default', 'created', NULL, NULL, 'App\\Models\\Permission', NULL, 'App\\Models\\User', 2, '[]', '2024-12-31 21:42:14', '2024-12-31 21:42:14'),
(197, 'default', 'created', NULL, NULL, 'App\\Models\\Permission', NULL, 'App\\Models\\User', 2, '[]', '2024-12-31 21:42:34', '2024-12-31 21:42:34'),
(198, 'default', 'created', NULL, NULL, 'App\\Models\\Permission', NULL, 'App\\Models\\User', 2, '[]', '2024-12-31 22:23:01', '2024-12-31 22:23:01'),
(199, 'default', 'created', NULL, NULL, 'App\\Models\\Permission', NULL, 'App\\Models\\User', 2, '[]', '2024-12-31 22:23:10', '2024-12-31 22:23:10'),
(200, 'default', 'created', NULL, NULL, 'App\\Models\\UserType', 1, 'App\\Models\\User', 2, '[]', '2024-12-31 23:37:04', '2024-12-31 23:37:04'),
(201, 'default', 'deleted', NULL, NULL, 'App\\Models\\UserType', 1, 'App\\Models\\User', 2, '[]', '2024-12-31 23:38:58', '2024-12-31 23:38:58'),
(202, 'default', 'created', NULL, NULL, 'App\\Models\\Category', 51, 'App\\Models\\User', 2, '[]', '2025-01-01 21:47:22', '2025-01-01 21:47:22'),
(203, 'default', 'deleted', NULL, NULL, 'App\\Models\\Category', 51, 'App\\Models\\User', 2, '[]', '2025-01-01 21:51:05', '2025-01-01 21:51:05'),
(204, 'default', 'created', NULL, NULL, 'App\\Models\\Category', 52, 'App\\Models\\User', 2, '[]', '2025-01-01 21:55:54', '2025-01-01 21:55:54'),
(205, 'default', 'deleted', NULL, NULL, 'App\\Models\\Category', 52, 'App\\Models\\User', 2, '[]', '2025-01-01 21:56:20', '2025-01-01 21:56:20'),
(206, 'default', 'created', NULL, NULL, 'App\\Models\\Category', 53, 'App\\Models\\User', 2, '[]', '2025-01-01 21:57:46', '2025-01-01 21:57:46'),
(207, 'default', 'created', NULL, NULL, 'App\\Models\\Category', 54, 'App\\Models\\User', 2, '[]', '2025-01-01 21:57:46', '2025-01-01 21:57:46'),
(208, 'default', 'deleted', NULL, NULL, 'App\\Models\\Category', 54, 'App\\Models\\User', 2, '[]', '2025-01-01 21:58:09', '2025-01-01 21:58:09'),
(209, 'default', 'deleted', NULL, NULL, 'App\\Models\\Category', 53, 'App\\Models\\User', 2, '[]', '2025-01-01 21:58:13', '2025-01-01 21:58:13'),
(210, 'default', 'created', NULL, NULL, 'App\\Models\\Category', 55, 'App\\Models\\User', 2, '[]', '2025-01-01 21:58:21', '2025-01-01 21:58:21'),
(211, 'default', 'updated', NULL, NULL, 'App\\Models\\Category', 55, 'App\\Models\\User', 2, '[]', '2025-01-01 21:58:31', '2025-01-01 21:58:31'),
(212, 'default', 'deleted', NULL, NULL, 'App\\Models\\Category', 55, 'App\\Models\\User', 2, '[]', '2025-01-01 21:58:36', '2025-01-01 21:58:36'),
(213, 'default', 'created', NULL, NULL, 'App\\Models\\Permission', NULL, 'App\\Models\\User', 2, '[]', '2025-01-01 22:01:43', '2025-01-01 22:01:43'),
(214, 'default', 'created', NULL, NULL, 'App\\Models\\Permission', NULL, 'App\\Models\\User', 2, '[]', '2025-01-01 22:01:53', '2025-01-01 22:01:53'),
(215, 'default', 'created', NULL, NULL, 'App\\Models\\Permission', NULL, 'App\\Models\\User', 2, '[]', '2025-01-01 22:02:06', '2025-01-01 22:02:06'),
(216, 'default', 'created', NULL, NULL, 'App\\Models\\Permission', NULL, 'App\\Models\\User', 2, '[]', '2025-01-01 22:02:19', '2025-01-01 22:02:19'),
(217, 'default', 'updated', NULL, NULL, 'App\\Models\\Permission', 41, 'App\\Models\\User', 2, '[]', '2025-01-01 22:20:52', '2025-01-01 22:20:52'),
(218, 'default', 'updated', NULL, NULL, 'App\\Models\\Permission', 42, 'App\\Models\\User', 2, '[]', '2025-01-01 22:20:55', '2025-01-01 22:20:55'),
(219, 'default', 'updated', NULL, NULL, 'App\\Models\\Permission', 43, 'App\\Models\\User', 2, '[]', '2025-01-01 22:20:57', '2025-01-01 22:20:57'),
(220, 'default', 'updated', NULL, NULL, 'App\\Models\\Permission', 44, 'App\\Models\\User', 2, '[]', '2025-01-01 22:20:59', '2025-01-01 22:20:59'),
(221, 'default', 'created', NULL, NULL, 'App\\Models\\Category', 56, 'App\\Models\\User', 2, '[]', '2025-01-01 22:38:52', '2025-01-01 22:38:52'),
(222, 'default', 'deleted', NULL, NULL, 'App\\Models\\Category', 56, 'App\\Models\\User', 2, '[]', '2025-01-01 22:39:22', '2025-01-01 22:39:22'),
(223, 'default', 'created', NULL, NULL, 'App\\Models\\RiskType', 1, 'App\\Models\\User', 2, '[]', '2025-01-01 23:07:10', '2025-01-01 23:07:10'),
(224, 'default', 'updated', NULL, NULL, 'App\\Models\\RiskType', 1, 'App\\Models\\User', 2, '[]', '2025-01-01 23:11:06', '2025-01-01 23:11:06'),
(225, 'default', 'deleted', NULL, NULL, 'App\\Models\\RiskType', 1, 'App\\Models\\User', 2, '[]', '2025-01-01 23:13:39', '2025-01-01 23:13:39'),
(226, 'default', 'created', NULL, NULL, 'App\\Models\\Setting', 1, 'App\\Models\\User', 2, '[]', '2025-01-04 21:32:21', '2025-01-04 21:32:21'),
(227, 'default', 'created', NULL, NULL, 'App\\Models\\Setting', 2, 'App\\Models\\User', 2, '[]', '2025-01-04 21:32:21', '2025-01-04 21:32:21'),
(228, 'default', 'created', NULL, NULL, 'App\\Models\\Setting', 3, 'App\\Models\\User', 2, '[]', '2025-01-04 21:32:21', '2025-01-04 21:32:21'),
(229, 'default', 'created', NULL, NULL, 'App\\Models\\Setting', 4, 'App\\Models\\User', 2, '[]', '2025-01-04 21:32:21', '2025-01-04 21:32:21'),
(230, 'default', 'created', NULL, NULL, 'App\\Models\\Setting', 5, 'App\\Models\\User', 2, '[]', '2025-01-04 21:32:21', '2025-01-04 21:32:21'),
(231, 'default', 'created', NULL, NULL, 'App\\Models\\Setting', 6, 'App\\Models\\User', 2, '[]', '2025-01-04 21:32:21', '2025-01-04 21:32:21'),
(232, 'default', 'created', NULL, NULL, 'App\\Models\\Setting', 7, 'App\\Models\\User', 2, '[]', '2025-01-04 21:32:21', '2025-01-04 21:32:21'),
(233, 'default', 'created', NULL, NULL, 'App\\Models\\Setting', 8, 'App\\Models\\User', 2, '[]', '2025-01-04 21:32:21', '2025-01-04 21:32:21'),
(234, 'default', 'created', NULL, NULL, 'App\\Models\\Setting', 9, 'App\\Models\\User', 2, '[]', '2025-01-04 21:32:21', '2025-01-04 21:32:21'),
(235, 'default', 'created', NULL, NULL, 'App\\Models\\Setting', 10, 'App\\Models\\User', 2, '[]', '2025-01-04 21:32:21', '2025-01-04 21:32:21'),
(236, 'default', 'created', NULL, NULL, 'App\\Models\\Permission', NULL, 'App\\Models\\User', 2, '[]', '2025-01-06 23:39:47', '2025-01-06 23:39:47'),
(237, 'default', 'created', NULL, NULL, 'App\\Models\\Permission', NULL, 'App\\Models\\User', 2, '[]', '2025-01-06 23:40:01', '2025-01-06 23:40:01'),
(238, 'default', 'created', NULL, NULL, 'App\\Models\\Permission', NULL, 'App\\Models\\User', 2, '[]', '2025-01-06 23:40:10', '2025-01-06 23:40:10'),
(239, 'default', 'created', NULL, NULL, 'App\\Models\\Permission', NULL, 'App\\Models\\User', 2, '[]', '2025-01-06 23:40:25', '2025-01-06 23:40:25'),
(240, 'default', 'created', NULL, NULL, 'App\\Models\\Alert', 1, 'App\\Models\\User', 2, '[]', '2025-01-07 23:51:02', '2025-01-07 23:51:02'),
(241, 'default', 'created', NULL, NULL, 'App\\Models\\Alert', 2, 'App\\Models\\User', 2, '[]', '2025-01-07 23:52:09', '2025-01-07 23:52:09');
INSERT INTO `activity_log` (`id`, `log_name`, `description`, `batch_uuid`, `event`, `subject_type`, `subject_id`, `causer_type`, `causer_id`, `properties`, `created_at`, `updated_at`) VALUES
(242, 'default', 'created', NULL, NULL, 'App\\Models\\Alert', 3, 'App\\Models\\User', 2, '[]', '2025-01-08 00:00:43', '2025-01-08 00:00:43'),
(243, 'default', 'created', NULL, NULL, 'App\\Models\\Alert', 4, 'App\\Models\\User', 2, '[]', '2025-01-08 00:01:10', '2025-01-08 00:01:10'),
(244, 'default', 'created', NULL, NULL, 'App\\Models\\Alert', 5, 'App\\Models\\User', 2, '[]', '2025-01-08 00:01:46', '2025-01-08 00:01:46'),
(245, 'default', 'created', NULL, NULL, 'App\\Models\\Alert', 6, 'App\\Models\\User', 2, '[]', '2025-01-08 01:43:37', '2025-01-08 01:43:37'),
(246, 'default', 'created', NULL, NULL, 'App\\Models\\Alert', 7, 'App\\Models\\User', 2, '[]', '2025-01-08 01:45:59', '2025-01-08 01:45:59'),
(247, 'default', 'created', NULL, NULL, 'App\\Models\\Alert', 8, 'App\\Models\\User', 2, '[]', '2025-01-08 01:49:16', '2025-01-08 01:49:16'),
(248, 'default', 'created', NULL, NULL, 'App\\Models\\Alert', 9, 'App\\Models\\User', 2, '[]', '2025-01-08 01:49:35', '2025-01-08 01:49:35'),
(249, 'default', 'created', NULL, NULL, 'App\\Models\\Alert', 1, 'App\\Models\\User', 2, '[]', '2025-01-08 01:51:18', '2025-01-08 01:51:18'),
(250, 'default', 'created', NULL, NULL, 'App\\Models\\Alert', 2, 'App\\Models\\User', 2, '[]', '2025-01-08 01:51:33', '2025-01-08 01:51:33'),
(251, 'default', 'updated', NULL, NULL, 'App\\Models\\Alert', 1, 'App\\Models\\User', 2, '[]', '2025-01-08 02:03:14', '2025-01-08 02:03:14'),
(252, 'default', 'created', NULL, NULL, 'App\\Models\\Permission', NULL, 'App\\Models\\User', 2, '[]', '2025-01-09 22:33:44', '2025-01-09 22:33:44'),
(253, 'default', 'created', NULL, NULL, 'App\\Models\\Permission', NULL, 'App\\Models\\User', 2, '[]', '2025-01-09 22:33:59', '2025-01-09 22:33:59'),
(254, 'default', 'created', NULL, NULL, 'App\\Models\\Permission', NULL, 'App\\Models\\User', 2, '[]', '2025-01-09 22:34:13', '2025-01-09 22:34:13'),
(255, 'default', 'created', NULL, NULL, 'App\\Models\\Permission', NULL, 'App\\Models\\User', 2, '[]', '2025-01-09 22:34:18', '2025-01-09 22:34:18'),
(256, 'default', 'created', NULL, NULL, 'App\\Models\\Setting', 11, 'App\\Models\\User', 2, '[]', '2025-01-10 01:56:21', '2025-01-10 01:56:21'),
(257, 'default', 'created', NULL, NULL, 'App\\Models\\Setting', 12, 'App\\Models\\User', 2, '[]', '2025-01-10 01:56:21', '2025-01-10 01:56:21'),
(258, 'default', 'created', NULL, NULL, 'App\\Models\\Setting', 13, 'App\\Models\\User', 2, '[]', '2025-01-10 01:56:21', '2025-01-10 01:56:21'),
(259, 'default', 'created', NULL, NULL, 'App\\Models\\Setting', 14, 'App\\Models\\User', 2, '[]', '2025-01-10 01:56:21', '2025-01-10 01:56:21'),
(260, 'default', 'created', NULL, NULL, 'App\\Models\\Setting', 15, 'App\\Models\\User', 2, '[]', '2025-01-10 01:56:21', '2025-01-10 01:56:21'),
(261, 'default', 'updated', NULL, NULL, 'App\\Models\\Setting', 9, 'App\\Models\\User', 2, '[]', '2025-01-10 01:56:21', '2025-01-10 01:56:21'),
(262, 'default', 'updated', NULL, NULL, 'App\\Models\\Setting', 10, 'App\\Models\\User', 2, '[]', '2025-01-10 01:56:21', '2025-01-10 01:56:21'),
(263, 'default', 'created', NULL, NULL, 'App\\Models\\News', 1, 'App\\Models\\User', 2, '[]', '2025-01-10 02:02:02', '2025-01-10 02:02:02'),
(264, 'default', 'created', NULL, NULL, 'App\\Models\\News', 2, 'App\\Models\\User', 2, '[]', '2025-01-10 02:02:25', '2025-01-10 02:02:25'),
(265, 'default', 'created', NULL, NULL, 'App\\Models\\News', 3, 'App\\Models\\User', 2, '[]', '2025-01-10 02:02:40', '2025-01-10 02:02:40'),
(266, 'default', 'created', NULL, NULL, 'App\\Models\\News', 4, 'App\\Models\\User', 2, '[]', '2025-01-10 02:03:57', '2025-01-10 02:03:57'),
(267, 'default', 'created', NULL, NULL, 'App\\Models\\Company', 3, 'App\\Models\\User', 2, '[]', '2025-01-10 21:22:56', '2025-01-10 21:22:56'),
(268, 'default', 'updated', NULL, NULL, 'App\\Models\\Content', 6, 'App\\Models\\User', 2, '[]', '2025-01-10 21:36:48', '2025-01-10 21:36:48'),
(269, 'default', 'created', NULL, NULL, 'App\\Models\\Location', 9, 'App\\Models\\User', 2, '[]', '2025-01-14 20:39:53', '2025-01-14 20:39:53'),
(270, 'default', 'updated', NULL, NULL, 'App\\Models\\Location', 9, 'App\\Models\\User', 2, '[]', '2025-01-14 20:46:40', '2025-01-14 20:46:40'),
(271, 'default', 'deleted', NULL, NULL, 'App\\Models\\Location', 9, 'App\\Models\\User', 2, '[]', '2025-01-14 20:46:45', '2025-01-14 20:46:45'),
(272, 'default', 'updated', NULL, NULL, 'App\\Models\\Location', 8, 'App\\Models\\User', 2, '[]', '2025-01-14 20:46:52', '2025-01-14 20:46:52'),
(273, 'default', 'created', NULL, NULL, 'App\\Models\\Permission', NULL, 'App\\Models\\User', 2, '[]', '2025-01-14 21:17:09', '2025-01-14 21:17:09'),
(274, 'default', 'created', NULL, NULL, 'App\\Models\\Permission', NULL, 'App\\Models\\User', 2, '[]', '2025-01-14 21:17:14', '2025-01-14 21:17:14'),
(275, 'default', 'created', NULL, NULL, 'App\\Models\\Permission', NULL, 'App\\Models\\User', 2, '[]', '2025-01-14 21:17:18', '2025-01-14 21:17:18'),
(276, 'default', 'updated', NULL, NULL, 'App\\Models\\Permission', 55, 'App\\Models\\User', 2, '[]', '2025-01-14 21:17:26', '2025-01-14 21:17:26'),
(277, 'default', 'created', NULL, NULL, 'App\\Models\\Permission', NULL, 'App\\Models\\User', 2, '[]', '2025-01-14 21:17:37', '2025-01-14 21:17:37'),
(278, 'default', 'created', NULL, NULL, 'App\\Models\\Site', 1, 'App\\Models\\User', 2, '[]', '2025-01-14 21:45:09', '2025-01-14 21:45:09'),
(279, 'default', 'created', NULL, NULL, 'App\\Models\\Site', 1, 'App\\Models\\User', 2, '[]', '2025-01-14 21:46:36', '2025-01-14 21:46:36'),
(280, 'default', 'created', NULL, NULL, 'App\\Models\\Site', 1, 'App\\Models\\User', 2, '[]', '2025-01-14 21:51:05', '2025-01-14 21:51:05'),
(281, 'default', 'created', NULL, NULL, 'App\\Models\\Site', 2, 'App\\Models\\User', 2, '[]', '2025-01-14 21:58:26', '2025-01-14 21:58:26'),
(282, 'default', 'created', NULL, NULL, 'App\\Models\\Site', 3, 'App\\Models\\User', 2, '[]', '2025-01-14 21:58:38', '2025-01-14 21:58:38'),
(283, 'default', 'created', NULL, NULL, 'App\\Models\\Site', 4, 'App\\Models\\User', 2, '[]', '2025-01-14 21:59:22', '2025-01-14 21:59:22'),
(284, 'default', 'updated', NULL, NULL, 'App\\Models\\Site', 4, 'App\\Models\\User', 2, '[]', '2025-01-14 23:30:33', '2025-01-14 23:30:33'),
(285, 'default', 'created', NULL, NULL, 'App\\Models\\Permission', NULL, 'App\\Models\\User', 2, '[]', '2025-01-15 23:02:14', '2025-01-15 23:02:14'),
(286, 'default', 'created', NULL, NULL, 'App\\Models\\Permission', NULL, 'App\\Models\\User', 2, '[]', '2025-01-15 23:12:16', '2025-01-15 23:12:16'),
(287, 'default', 'created', NULL, NULL, 'App\\Models\\Permission', NULL, 'App\\Models\\User', 2, '[]', '2025-01-15 23:14:10', '2025-01-15 23:14:10'),
(288, 'default', 'created', NULL, NULL, 'App\\Models\\Permission', NULL, 'App\\Models\\User', 2, '[]', '2025-01-15 23:14:19', '2025-01-15 23:14:19'),
(289, 'User', 'created', NULL, NULL, 'App\\Models\\User', 20, 'App\\Models\\User', 2, '{\"attributes\":{\"name\":\"Thomas Hester\",\"email\":\"bilufijeb@mailinator.com\",\"phone\":null,\"image\":null,\"address\":null,\"password\":\"$2y$10$udfexTMrSquwf48TcvNI8uRlxE3zRjcsYzVlAYibDxXlmjvHxnbzW\",\"otp\":null,\"about\":null,\"device_type\":null,\"device_token\":null,\"verified_by\":null,\"social_provider\":null,\"social_token\":null,\"social_id\":null,\"status\":\"0\",\"is_deactivate\":\"0\",\"email_verified_at\":null}}', '2025-01-15 23:37:37', '2025-01-15 23:37:37'),
(290, 'User', 'created', NULL, NULL, 'App\\Models\\User', 21, 'App\\Models\\User', 2, '{\"attributes\":{\"name\":\"Dolan Harmon\",\"email\":\"wuhun@mailinator.com\",\"phone\":null,\"image\":null,\"address\":null,\"password\":\"$2y$10$01L3JuHrXDIje6tWGhVu9.tFxBkkn2vGA3V3PYkcmu7WN4War4cFS\",\"otp\":null,\"about\":null,\"device_type\":null,\"device_token\":null,\"verified_by\":null,\"social_provider\":null,\"social_token\":null,\"social_id\":null,\"status\":\"0\",\"is_deactivate\":\"0\",\"email_verified_at\":null}}', '2025-01-16 22:07:14', '2025-01-16 22:07:14'),
(291, 'default', 'updated', NULL, NULL, 'App\\Models\\Location', 7, 'App\\Models\\User', 2, '[]', '2025-01-16 23:44:54', '2025-01-16 23:44:54'),
(292, 'default', 'updated', NULL, NULL, 'App\\Models\\Location', 6, 'App\\Models\\User', 2, '[]', '2025-01-16 23:45:03', '2025-01-16 23:45:03'),
(293, 'default', 'created', NULL, NULL, 'App\\Models\\RiskType', 2, 'App\\Models\\User', 2, '[]', '2025-01-17 00:52:15', '2025-01-17 00:52:15'),
(294, 'User', 'created', NULL, NULL, 'App\\Models\\User', 22, 'App\\Models\\User', 2, '{\"attributes\":{\"name\":\"dsds\",\"email\":\"dsd@sdhi.com\",\"phone\":null,\"image\":null,\"address\":null,\"password\":\"$2y$10$Y2rpseF4JxdA1ABDzGG35..d37DIUURfA\\/6Pk8bqcl\\/PaQnxLTUBa\",\"otp\":null,\"about\":null,\"device_type\":null,\"device_token\":null,\"verified_by\":null,\"social_provider\":null,\"social_token\":null,\"social_id\":null,\"status\":\"0\",\"is_deactivate\":\"0\",\"email_verified_at\":null}}', '2025-01-17 01:13:25', '2025-01-17 01:13:25'),
(295, 'User', 'created', NULL, NULL, 'App\\Models\\User', 23, 'App\\Models\\User', 2, '{\"attributes\":{\"name\":\"yftf\",\"email\":\"drs@ty.co\",\"phone\":null,\"image\":null,\"address\":null,\"password\":\"$2y$10$Y3Jf77VKwYX3acfjVm34OeY6hC854d.w\\/ocBV1Acvf1sg6FC3w1VW\",\"otp\":null,\"about\":null,\"device_type\":null,\"device_token\":null,\"verified_by\":null,\"social_provider\":null,\"social_token\":null,\"social_id\":null,\"status\":\"0\",\"is_deactivate\":\"0\",\"email_verified_at\":null}}', '2025-01-17 01:18:01', '2025-01-17 01:18:01'),
(296, 'User', 'created', NULL, NULL, 'App\\Models\\User', 24, 'App\\Models\\User', 2, '{\"attributes\":{\"name\":\"fdf\",\"email\":\"fd@dsd.cm\",\"phone\":null,\"image\":null,\"address\":null,\"password\":\"$2y$10$U.P2wznjb1SFAz\\/S746Dp.NmkgiwSUVynIv\\/B8AcHefDbLhK8daIG\",\"otp\":null,\"about\":null,\"device_type\":null,\"device_token\":null,\"verified_by\":null,\"social_provider\":null,\"social_token\":null,\"social_id\":null,\"status\":\"0\",\"is_deactivate\":\"0\",\"email_verified_at\":null}}', '2025-01-17 01:21:01', '2025-01-17 01:21:01'),
(297, 'User', 'created', NULL, NULL, 'App\\Models\\User', 25, 'App\\Models\\User', 2, '{\"attributes\":{\"name\":\"ouiuou\",\"email\":\"hug@guyg.com\",\"phone\":null,\"image\":null,\"address\":null,\"password\":\"$2y$10$DWKIwnBliiooBBa8Eq8Nw.Cau1eAOyrhJXIxzan4zm2AGCTdhvli6\",\"otp\":null,\"about\":null,\"device_type\":null,\"device_token\":null,\"verified_by\":null,\"social_provider\":null,\"social_token\":null,\"social_id\":null,\"status\":\"0\",\"is_deactivate\":\"0\",\"email_verified_at\":null}}', '2025-01-17 01:22:32', '2025-01-17 01:22:32'),
(298, 'User', 'created', NULL, NULL, 'App\\Models\\User', 26, 'App\\Models\\User', 2, '{\"attributes\":{\"name\":\"dfdf\",\"email\":\"fdf@ssdfd.com\",\"phone\":null,\"image\":null,\"address\":null,\"password\":\"$2y$10$5tbe4Y0P97VwmWxWLxD1\\/uaIGOT.50EmLbCHnZr\\/1mGkQEKXQ5EXq\",\"otp\":null,\"about\":null,\"device_type\":null,\"device_token\":null,\"verified_by\":null,\"social_provider\":null,\"social_token\":null,\"social_id\":null,\"status\":\"0\",\"is_deactivate\":\"0\",\"email_verified_at\":null}}', '2025-01-17 01:24:58', '2025-01-17 01:24:58'),
(299, 'User', 'created', NULL, NULL, 'App\\Models\\User', 27, 'App\\Models\\User', 2, '{\"attributes\":{\"name\":\"xzx\",\"email\":\"d@dij.co\",\"phone\":null,\"image\":null,\"address\":null,\"password\":\"$2y$10$FvCNAY\\/l9.67ACoWUYRxL.krvcEsj1lV5WSF2hvcZiDvQvjKe4BD6\",\"otp\":null,\"about\":null,\"device_type\":null,\"device_token\":null,\"verified_by\":null,\"social_provider\":null,\"social_token\":null,\"social_id\":null,\"status\":\"0\",\"is_deactivate\":\"0\",\"email_verified_at\":null}}', '2025-01-21 21:29:26', '2025-01-21 21:29:26'),
(300, 'default', 'created', NULL, NULL, 'App\\Models\\Alert', 3, 'App\\Models\\User', 2, '[]', '2025-01-22 00:35:38', '2025-01-22 00:35:38'),
(301, 'default', 'created', NULL, NULL, 'App\\Models\\Alert', 4, 'App\\Models\\User', 2, '[]', '2025-01-22 00:38:02', '2025-01-22 00:38:02'),
(302, 'default', 'created', NULL, NULL, 'App\\Models\\News', 5, 'App\\Models\\User', 2, '[]', '2025-01-23 23:43:57', '2025-01-23 23:43:57'),
(303, 'default', 'created', NULL, NULL, 'App\\Models\\News', 1, 'App\\Models\\User', 2, '[]', '2025-01-23 23:50:31', '2025-01-23 23:50:31'),
(304, 'default', 'created', NULL, NULL, 'App\\Models\\News', 1, 'App\\Models\\User', 2, '[]', '2025-01-24 00:08:03', '2025-01-24 00:08:03'),
(305, 'default', 'created', NULL, NULL, 'App\\Models\\Alert', 5, 'App\\Models\\User', 2, '[]', '2025-01-29 22:57:02', '2025-01-29 22:57:02'),
(306, 'default', 'created', NULL, NULL, 'App\\Models\\Alert', 6, 'App\\Models\\User', 2, '[]', '2025-01-29 22:57:23', '2025-01-29 22:57:23'),
(307, 'default', 'created', NULL, NULL, 'App\\Models\\Alert', 7, 'App\\Models\\User', 2, '[]', '2025-01-29 22:57:58', '2025-01-29 22:57:58'),
(308, 'default', 'created', NULL, NULL, 'App\\Models\\Alert', 8, 'App\\Models\\User', 2, '[]', '2025-01-29 23:06:04', '2025-01-29 23:06:04'),
(309, 'default', 'created', NULL, NULL, 'App\\Models\\News', 2, 'App\\Models\\User', 2, '[]', '2025-01-30 00:22:11', '2025-01-30 00:22:11'),
(310, 'default', 'created', NULL, NULL, 'App\\Models\\News', 3, 'App\\Models\\User', 2, '[]', '2025-01-30 22:49:18', '2025-01-30 22:49:18'),
(311, 'default', 'created', NULL, NULL, 'App\\Models\\News', 4, 'App\\Models\\User', 2, '[]', '2025-01-31 00:40:30', '2025-01-31 00:40:30'),
(312, 'default', 'created', NULL, NULL, 'App\\Models\\Permission', NULL, 'App\\Models\\User', 2, '[]', '2025-02-02 22:30:56', '2025-02-02 22:30:56'),
(313, 'default', 'created', NULL, NULL, 'App\\Models\\Permission', NULL, 'App\\Models\\User', 2, '[]', '2025-02-02 22:31:13', '2025-02-02 22:31:13'),
(314, 'default', 'created', NULL, NULL, 'App\\Models\\Permission', NULL, 'App\\Models\\User', 2, '[]', '2025-02-02 22:31:20', '2025-02-02 22:31:20'),
(315, 'default', 'created', NULL, NULL, 'App\\Models\\Permission', NULL, 'App\\Models\\User', 2, '[]', '2025-02-02 22:31:27', '2025-02-02 22:31:27'),
(316, 'default', 'created', NULL, NULL, 'App\\Models\\UserType', 2, 'App\\Models\\User', 2, '[]', '2025-02-19 19:53:55', '2025-02-19 19:53:55'),
(317, 'User', 'created', NULL, NULL, 'App\\Models\\User', 28, 'App\\Models\\User', 2, '{\"attributes\":{\"name\":\"Xantha Mcleod\",\"email\":\"wedyf@mailinator.com\",\"user_type_id\":\"2\",\"phone\":null,\"image\":null,\"address\":null,\"password\":\"$2y$10$vtSnS4n2jaA5BrIbCrK1rOUh.472YwXSl75GdMPAxcgIBdxEMKTme\",\"otp\":null,\"about\":null,\"device_type\":null,\"device_token\":null,\"verified_by\":null,\"social_provider\":null,\"social_token\":null,\"social_id\":null,\"status\":\"0\",\"is_deactivate\":\"0\",\"email_verified_at\":null}}', '2025-02-19 20:22:44', '2025-02-19 20:22:44'),
(318, 'default', 'created', NULL, NULL, 'App\\Models\\UserType', 3, 'App\\Models\\User', 2, '[]', '2025-02-19 20:45:16', '2025-02-19 20:45:16'),
(319, 'default', 'created', NULL, NULL, 'App\\Models\\Company', 4, 'App\\Models\\User', 2, '[]', '2025-02-26 21:55:18', '2025-02-26 21:55:18'),
(320, 'default', 'created', NULL, NULL, 'App\\Models\\Location', 10, 'App\\Models\\User', 2, '[]', '2025-02-27 20:28:52', '2025-02-27 20:28:52'),
(321, 'default', 'created', NULL, NULL, 'App\\Models\\Site', 5, 'App\\Models\\User', 2, '[]', '2025-02-27 20:29:19', '2025-02-27 20:29:19'),
(322, 'default', 'created', NULL, NULL, 'App\\Models\\Permission', NULL, 'App\\Models\\User', 2, '[]', '2025-02-28 20:43:10', '2025-02-28 20:43:10'),
(323, 'default', 'updated', NULL, NULL, 'App\\Models\\Permission', 65, 'App\\Models\\User', 2, '[]', '2025-02-28 20:45:03', '2025-02-28 20:45:03'),
(324, 'default', 'created', NULL, NULL, 'App\\Models\\Permission', NULL, 'App\\Models\\User', 2, '[]', '2025-02-28 20:45:17', '2025-02-28 20:45:17'),
(325, 'default', 'created', NULL, NULL, 'App\\Models\\Permission', NULL, 'App\\Models\\User', 2, '[]', '2025-02-28 20:45:24', '2025-02-28 20:45:24'),
(326, 'default', 'created', NULL, NULL, 'App\\Models\\Permission', NULL, 'App\\Models\\User', 2, '[]', '2025-02-28 20:45:32', '2025-02-28 20:45:32'),
(327, 'default', 'created', NULL, NULL, 'App\\Models\\CompanyDetail', 1, 'App\\Models\\User', 2, '[]', '2025-03-08 16:34:29', '2025-03-08 16:34:29'),
(328, 'default', 'created', NULL, NULL, 'App\\Models\\CompanyDetail', 2, 'App\\Models\\User', 2, '[]', '2025-03-08 16:35:45', '2025-03-08 16:35:45'),
(329, 'default', 'created', NULL, NULL, 'App\\Models\\CompanyDetail', 3, 'App\\Models\\User', 2, '[]', '2025-03-08 16:39:24', '2025-03-08 16:39:24'),
(330, 'default', 'updated', NULL, NULL, 'App\\Models\\CompanyDetail', 3, 'App\\Models\\User', 2, '[]', '2025-03-08 17:01:34', '2025-03-08 17:01:34'),
(331, 'default', 'deleted', NULL, NULL, 'App\\Models\\Company', 2, 'App\\Models\\User', 2, '[]', '2025-03-08 17:02:25', '2025-03-08 17:02:25'),
(332, 'default', 'deleted', NULL, NULL, 'App\\Models\\CompanyDetail', 2, 'App\\Models\\User', 2, '[]', '2025-03-08 17:03:42', '2025-03-08 17:03:42'),
(333, 'default', 'updated', NULL, NULL, 'App\\Models\\CompanyDetail', 3, 'App\\Models\\User', 2, '[]', '2025-03-08 17:03:56', '2025-03-08 17:03:56'),
(334, 'User', 'created', NULL, NULL, 'App\\Models\\User', 29, 'App\\Models\\User', 2, '{\"attributes\":{\"name\":\"Rhea Henderson\",\"email\":\"kinyqywyqy@mailinator.com\",\"user_type_id\":null,\"phone\":null,\"image\":null,\"address\":null,\"password\":\"$2y$10$aiKlrQvQ03Memlc96dqvR.84FiiATXg3g.\\/hkCr5rtjY9HSr42EVG\",\"otp\":null,\"about\":null,\"device_type\":null,\"device_token\":null,\"verified_by\":null,\"social_provider\":null,\"social_token\":null,\"social_id\":null,\"status\":\"0\",\"is_deactivate\":\"0\",\"email_verified_at\":null}}', '2025-03-17 05:53:16', '2025-03-17 05:53:16'),
(335, 'default', 'updated', NULL, NULL, 'App\\Models\\Location', 10, 'App\\Models\\User', 2, '[]', '2025-03-17 06:05:47', '2025-03-17 06:05:47'),
(336, 'default', 'updated', NULL, NULL, 'App\\Models\\Location', 10, 'App\\Models\\User', 2, '[]', '2025-03-17 06:07:18', '2025-03-17 06:07:18'),
(337, 'User', 'created', NULL, NULL, 'App\\Models\\User', 30, 'App\\Models\\User', 2, '{\"attributes\":{\"name\":\"Charde Horne\",\"email\":\"xacepab@mailinator.com\",\"user_type_id\":null,\"phone\":\"1182454454\",\"image\":null,\"address\":null,\"password\":\"$2y$10$pI1caS6HVXwNw20h9sbUJu4JmEbs4ZBv0EXmU.C50h\\/9lQkK3sRnS\",\"otp\":null,\"about\":null,\"device_type\":null,\"device_token\":null,\"verified_by\":null,\"social_provider\":null,\"social_token\":null,\"social_id\":null,\"status\":\"0\",\"is_deactivate\":\"0\",\"email_verified_at\":null}}', '2025-04-06 00:07:50', '2025-04-06 00:07:50'),
(338, 'default', 'created', NULL, NULL, 'App\\Models\\Company', 5, 'App\\Models\\User', 2, '[]', '2025-04-06 00:07:51', '2025-04-06 00:07:51'),
(339, 'User', 'created', NULL, NULL, 'App\\Models\\User', 31, 'App\\Models\\User', 2, '{\"attributes\":{\"name\":\"Odessa Rivas\",\"email\":\"xohin@mailinator.com\",\"user_type_id\":null,\"phone\":\"201\",\"image\":null,\"address\":null,\"password\":\"$2y$10$0EYAeJTz\\/Vpn8t.qU36zS.EWPwmOByJlkw49gl7S1nZ83xYrqooYW\",\"otp\":null,\"about\":null,\"device_type\":null,\"device_token\":null,\"verified_by\":null,\"social_provider\":null,\"social_token\":null,\"social_id\":null,\"status\":\"0\",\"is_deactivate\":\"0\",\"email_verified_at\":null}}', '2025-04-06 01:57:35', '2025-04-06 01:57:35'),
(340, 'default', 'created', NULL, NULL, 'App\\Models\\Company', 6, 'App\\Models\\User', 2, '[]', '2025-04-06 01:57:35', '2025-04-06 01:57:35'),
(341, 'User', 'created', NULL, NULL, 'App\\Models\\User', 32, 'App\\Models\\User', 2, '{\"attributes\":{\"name\":\"Lael Miller\",\"email\":\"givah@mailinator.com\",\"user_type_id\":null,\"phone\":\"533\",\"image\":null,\"address\":null,\"password\":\"$2y$10$T1gVValE5j1xKaB0YsbB.OT.KYizRUrbnvlqJhvPISeznPXy6gCCS\",\"otp\":null,\"about\":null,\"device_type\":null,\"device_token\":null,\"verified_by\":null,\"social_provider\":null,\"social_token\":null,\"social_id\":null,\"status\":\"0\",\"is_deactivate\":\"0\",\"email_verified_at\":null}}', '2025-04-06 20:58:12', '2025-04-06 20:58:12'),
(342, 'default', 'created', NULL, NULL, 'App\\Models\\Company', 7, 'App\\Models\\User', 2, '[]', '2025-04-06 20:58:12', '2025-04-06 20:58:12'),
(343, 'default', 'created', NULL, NULL, 'App\\Models\\Location', 11, 'App\\Models\\User', 2, '[]', '2025-04-06 22:58:42', '2025-04-06 22:58:42'),
(344, 'default', 'created', NULL, NULL, 'App\\Models\\Site', 6, 'App\\Models\\User', 2, '[]', '2025-04-06 22:59:28', '2025-04-06 22:59:28'),
(345, 'User', 'created', NULL, NULL, 'App\\Models\\User', 33, 'App\\Models\\User', 2, '{\"attributes\":{\"name\":\"dsd\",\"email\":\"dsd@dsddsd.com\",\"user_type_id\":\"2\",\"phone\":null,\"image\":null,\"address\":null,\"password\":\"$2y$10$YVKEXpZMTpOM.aFklzehUOabUA.N9aa4x6AYBZBtfIe9j9U9QJvSK\",\"otp\":null,\"about\":null,\"device_type\":null,\"device_token\":null,\"verified_by\":null,\"social_provider\":null,\"social_token\":null,\"social_id\":null,\"status\":\"0\",\"is_deactivate\":\"0\",\"email_verified_at\":null}}', '2025-04-06 23:00:15', '2025-04-06 23:00:15'),
(346, 'User', 'created', NULL, NULL, 'App\\Models\\User', 34, 'App\\Models\\User', 2, '{\"attributes\":{\"name\":\"dsd00\",\"email\":\"dfdf54@djsd.com\",\"user_type_id\":\"1\",\"phone\":null,\"image\":null,\"address\":null,\"password\":\"$2y$10$\\/NRyhxVM\\/HCJbHJNOLD7jOo2VyWpn3uMbzaiotocbCKwmg8XVL1A.\",\"otp\":null,\"about\":null,\"device_type\":null,\"device_token\":null,\"verified_by\":null,\"social_provider\":null,\"social_token\":null,\"social_id\":null,\"status\":\"0\",\"is_deactivate\":\"0\",\"email_verified_at\":null}}', '2025-04-06 23:00:53', '2025-04-06 23:00:53'),
(347, 'default', 'created', NULL, NULL, 'App\\Models\\Location', 12, 'App\\Models\\User', 2, '[]', '2025-04-17 20:57:58', '2025-04-17 20:57:58'),
(348, 'default', 'created', NULL, NULL, 'App\\Models\\Site', 7, 'App\\Models\\User', 2, '[]', '2025-04-17 20:59:14', '2025-04-17 20:59:14'),
(349, 'default', 'created', NULL, NULL, 'App\\Models\\Site', 8, 'App\\Models\\User', 2, '[]', '2025-04-17 20:59:40', '2025-04-17 20:59:40'),
(350, 'User', 'created', NULL, NULL, 'App\\Models\\User', 35, NULL, NULL, '{\"attributes\":{\"name\":\"User\",\"email\":\"anas.ahmed393@gmail.com\",\"user_type_id\":null,\"phone\":null,\"image\":\"public\\/uploads\\/user\\/\",\"address\":null,\"password\":\"$2y$10$kGcVhKTN9GnhViRpHuAE0u01ETv4Mo6avkZ.\\/Reclfu.jSLhw4kEi\",\"otp\":\"8828\",\"about\":null,\"device_type\":null,\"device_token\":null,\"verified_by\":\"email\",\"social_provider\":null,\"social_token\":null,\"social_id\":null,\"status\":0,\"is_deactivate\":0,\"email_verified_at\":null}}', '2025-04-22 05:09:17', '2025-04-22 05:09:17'),
(351, 'User', 'created', NULL, NULL, 'App\\Models\\User', 36, NULL, NULL, '{\"attributes\":{\"name\":\"User\",\"email\":\"sasa@gmail.com\",\"user_type_id\":null,\"phone\":null,\"image\":\"public\\/uploads\\/user\\/\",\"address\":null,\"password\":\"$2y$10$JHZs7dSUsd34jgTyTtjoy.5RzDOB7lkk00O1G6HR7jhazBZcTEdNq\",\"otp\":\"9035\",\"about\":null,\"device_type\":null,\"device_token\":null,\"verified_by\":\"email\",\"social_provider\":null,\"social_token\":null,\"social_id\":null,\"status\":0,\"is_deactivate\":0,\"email_verified_at\":null}}', '2025-04-22 05:10:15', '2025-04-22 05:10:15'),
(352, 'User', 'created', NULL, NULL, 'App\\Models\\User', 37, NULL, NULL, '{\"attributes\":{\"name\":\"User\",\"email\":\"sas@gmail.com\",\"user_type_id\":null,\"phone\":null,\"image\":\"public\\/uploads\\/user\\/\",\"address\":null,\"password\":\"$2y$10$vPIMe79xtspDJFgtslj94OAOcebmj.A8qH9d0.rqcuEvy5gNGQZn6\",\"otp\":\"6723\",\"about\":null,\"device_type\":null,\"device_token\":null,\"verified_by\":\"email\",\"social_provider\":null,\"social_token\":null,\"social_id\":null,\"status\":0,\"is_deactivate\":0,\"email_verified_at\":null}}', '2025-04-22 05:10:31', '2025-04-22 05:10:31'),
(353, 'User', 'created', NULL, NULL, 'App\\Models\\User', 38, NULL, NULL, '{\"attributes\":{\"name\":\"User\",\"email\":\"sas@gmail.com\",\"user_type_id\":null,\"phone\":null,\"image\":\"public\\/uploads\\/user\\/\",\"address\":null,\"password\":\"$2y$10$V37ctBMEsb4dh74P7ArVo.ffH7n4l1aEIHEHWpVpPSwPZTIUlmnEm\",\"otp\":\"6311\",\"about\":null,\"device_type\":null,\"device_token\":null,\"verified_by\":\"email\",\"social_provider\":null,\"social_token\":null,\"social_id\":null,\"status\":0,\"is_deactivate\":0,\"email_verified_at\":null}}', '2025-04-22 05:17:49', '2025-04-22 05:17:49'),
(354, 'User', 'created', NULL, NULL, 'App\\Models\\User', 39, NULL, NULL, '{\"attributes\":{\"name\":\"User sds\",\"email\":\"dsas@gmail.coms\",\"user_type_id\":null,\"phone\":\"48484488\",\"image\":null,\"address\":null,\"password\":\"$2y$10$dkMFVNR.F\\/.t8ggbVQYMmexFITKvZHxZnaDWU7MPc3Nq0Sd9g2IJW\",\"otp\":null,\"about\":null,\"device_type\":null,\"device_token\":null,\"verified_by\":null,\"social_provider\":null,\"social_token\":null,\"social_id\":null,\"status\":0,\"is_deactivate\":0,\"email_verified_at\":null}}', '2025-04-22 06:24:31', '2025-04-22 06:24:31'),
(355, 'User', 'created', NULL, NULL, 'App\\Models\\User', 40, NULL, NULL, '{\"attributes\":{\"name\":\"User sds\",\"email\":\"dsadsdss@gmail.coms\",\"user_type_id\":null,\"phone\":\"48484488\",\"image\":null,\"address\":null,\"password\":\"$2y$10$UFOtgVCLeIxX2Bi1zCq4CesDkgoVq9c0P.R5pKfxeZk8MLl2OCR52\",\"otp\":null,\"about\":null,\"device_type\":null,\"device_token\":null,\"verified_by\":null,\"social_provider\":null,\"social_token\":null,\"social_id\":null,\"status\":0,\"is_deactivate\":0,\"email_verified_at\":null}}', '2025-04-22 06:32:28', '2025-04-22 06:32:28'),
(356, 'User', 'created', NULL, NULL, 'App\\Models\\User', 41, NULL, NULL, '{\"attributes\":{\"name\":\"User sds\",\"email\":\"dsd@gmail.coms\",\"user_type_id\":null,\"phone\":\"48484488\",\"image\":null,\"address\":null,\"password\":\"$2y$10$Ujgi.6aq\\/KQ\\/32XDb.g1tOksfDWrznDIoDDPqeQAinLW2N3sPxtga\",\"otp\":null,\"about\":null,\"device_type\":null,\"device_token\":null,\"verified_by\":null,\"social_provider\":null,\"social_token\":null,\"social_id\":null,\"status\":0,\"is_deactivate\":0,\"email_verified_at\":null}}', '2025-04-22 06:35:11', '2025-04-22 06:35:11'),
(357, 'User', 'created', NULL, NULL, 'App\\Models\\User', 42, NULL, NULL, '{\"attributes\":{\"name\":\"User sds\",\"email\":\"dssasd@gmail.coms\",\"user_type_id\":null,\"phone\":\"48484488\",\"image\":null,\"address\":null,\"password\":\"$2y$10$IhbZJP3SySOIAs6l3V2pF.l5IUi2Hfky8r6D0Hq7OHTNq8CDdR4mG\",\"otp\":null,\"about\":null,\"device_type\":null,\"device_token\":null,\"verified_by\":null,\"social_provider\":null,\"social_token\":null,\"social_id\":null,\"status\":0,\"is_deactivate\":0,\"email_verified_at\":null}}', '2025-04-22 06:36:36', '2025-04-22 06:36:36'),
(358, 'User', 'created', NULL, NULL, 'App\\Models\\User', 43, NULL, NULL, '{\"attributes\":{\"name\":\"User sds\",\"email\":\"dssasd@gmail.coms\",\"user_type_id\":null,\"phone\":\"48484488\",\"image\":null,\"address\":null,\"password\":\"$2y$10$CexeuFBrMUjBgls93QyaAO52Y1IKWku.LglOIKYcPhoqgpPlvED0i\",\"otp\":null,\"about\":null,\"device_type\":null,\"device_token\":null,\"verified_by\":null,\"social_provider\":null,\"social_token\":null,\"social_id\":null,\"status\":0,\"is_deactivate\":0,\"email_verified_at\":null}}', '2025-04-22 06:37:42', '2025-04-22 06:37:42'),
(359, 'User', 'created', NULL, NULL, 'App\\Models\\User', 44, NULL, NULL, '{\"attributes\":{\"name\":\"User sds\",\"email\":\"dssasd@gmail.comssas\",\"user_type_id\":null,\"phone\":\"48484488\",\"image\":null,\"address\":null,\"password\":\"$2y$10$\\/0k8Ihwv8vtQPM\\/pRlh.SO1rAnLiE9sGsx6Br7Rz197XiH88JTwZy\",\"otp\":null,\"about\":null,\"device_type\":null,\"device_token\":null,\"verified_by\":null,\"social_provider\":null,\"social_token\":null,\"social_id\":null,\"status\":0,\"is_deactivate\":0,\"email_verified_at\":null}}', '2025-04-22 06:40:06', '2025-04-22 06:40:06'),
(360, 'User', 'created', NULL, NULL, 'App\\Models\\User', 45, NULL, NULL, '{\"attributes\":{\"name\":\"User sds\",\"email\":\"dssassasd@gmail.comssas\",\"user_type_id\":null,\"phone\":\"48484488\",\"image\":null,\"address\":null,\"password\":\"$2y$10$EKT6GKZMxJJzXn0SjRFvtOteCGtwo\\/BgVd0w8AvcKXoPQqANAUDFq\",\"otp\":null,\"about\":null,\"device_type\":null,\"device_token\":null,\"verified_by\":null,\"social_provider\":null,\"social_token\":null,\"social_id\":null,\"status\":0,\"is_deactivate\":0,\"email_verified_at\":null}}', '2025-04-22 06:40:27', '2025-04-22 06:40:27'),
(361, 'User', 'created', NULL, NULL, 'App\\Models\\User', 46, NULL, NULL, '{\"attributes\":{\"name\":\"User sds\",\"email\":\"dssassasd@gmail.comssassa\",\"user_type_id\":null,\"phone\":\"48484488\",\"image\":null,\"address\":null,\"password\":\"$2y$10$cJUDZGwh78e0HVrky9ulZ.FXigHJdaouNo\\/S4xLYIi38YEpS5HaaK\",\"otp\":null,\"about\":null,\"device_type\":null,\"device_token\":null,\"verified_by\":null,\"social_provider\":null,\"social_token\":null,\"social_id\":null,\"status\":0,\"is_deactivate\":0,\"email_verified_at\":null}}', '2025-04-22 06:40:43', '2025-04-22 06:40:43'),
(362, 'User', 'created', NULL, NULL, 'App\\Models\\User', 47, NULL, NULL, '{\"attributes\":{\"name\":\"sdsd\",\"email\":\"dsds@gmail.comssassa\",\"user_type_id\":null,\"phone\":\"48484488\",\"image\":null,\"address\":null,\"password\":\"$2y$10$g5JVQ545kBGfMh\\/.PFgsB.bSbm4rRjP5tkd3BnFk3Ylu7.tTwsec6\",\"otp\":null,\"about\":null,\"device_type\":null,\"device_token\":null,\"verified_by\":null,\"social_provider\":null,\"social_token\":null,\"social_id\":null,\"status\":0,\"is_deactivate\":0,\"email_verified_at\":null}}', '2025-04-22 06:47:10', '2025-04-22 06:47:10'),
(363, 'User', 'updated', NULL, NULL, 'App\\Models\\User', 2, 'App\\Models\\User', 2, '{\"attributes\":{\"name\":\"Admin0\"},\"old\":{\"name\":\"Admin\"}}', '2025-04-22 07:26:53', '2025-04-22 07:26:53'),
(364, 'default', 'created', NULL, NULL, 'App\\Models\\Review', 1, 'App\\Models\\User', 47, '[]', '2025-04-22 08:28:55', '2025-04-22 08:28:55'),
(365, 'default', 'created', NULL, NULL, 'App\\Models\\Review', 2, 'App\\Models\\User', 47, '[]', '2025-04-22 08:30:03', '2025-04-22 08:30:03'),
(366, 'default', 'created', NULL, NULL, 'App\\Models\\Review', 3, 'App\\Models\\User', 47, '[]', '2025-04-22 08:30:30', '2025-04-22 08:30:30'),
(367, 'default', 'created', NULL, NULL, 'App\\Models\\Review', 4, 'App\\Models\\User', 47, '[]', '2025-04-22 08:30:44', '2025-04-22 08:30:44'),
(368, 'default', 'created', NULL, NULL, 'App\\Models\\Review', 5, 'App\\Models\\User', 47, '[]', '2025-04-22 08:31:04', '2025-04-22 08:31:04'),
(369, 'default', 'created', NULL, NULL, 'App\\Models\\Review', 6, 'App\\Models\\User', 47, '[]', '2025-04-22 08:31:24', '2025-04-22 08:31:24'),
(370, 'default', 'created', NULL, NULL, 'App\\Models\\ReviewImage', 1, 'App\\Models\\User', 47, '[]', '2025-04-22 08:31:24', '2025-04-22 08:31:24'),
(371, 'default', 'created', NULL, NULL, 'App\\Models\\Review', 7, 'App\\Models\\User', 47, '[]', '2025-04-22 08:31:33', '2025-04-22 08:31:33'),
(372, 'default', 'created', NULL, NULL, 'App\\Models\\Review', 8, 'App\\Models\\User', 47, '[]', '2025-04-22 08:31:42', '2025-04-22 08:31:42'),
(373, 'default', 'created', NULL, NULL, 'App\\Models\\ReviewImage', 2, 'App\\Models\\User', 47, '[]', '2025-04-22 08:31:42', '2025-04-22 08:31:42'),
(374, 'default', 'created', NULL, NULL, 'App\\Models\\Review', 9, 'App\\Models\\User', 47, '[]', '2025-04-22 08:34:57', '2025-04-22 08:34:57'),
(375, 'default', 'created', NULL, NULL, 'App\\Models\\ReviewImage', 3, 'App\\Models\\User', 47, '[]', '2025-04-22 08:34:57', '2025-04-22 08:34:57'),
(376, 'default', 'created', NULL, NULL, 'App\\Models\\Review', 10, 'App\\Models\\User', 47, '[]', '2025-04-22 08:35:50', '2025-04-22 08:35:50'),
(377, 'default', 'created', NULL, NULL, 'App\\Models\\ReviewImage', 4, 'App\\Models\\User', 47, '[]', '2025-04-22 08:35:50', '2025-04-22 08:35:50'),
(378, 'default', 'created', NULL, NULL, 'App\\Models\\Review', 1, 'App\\Models\\User', 47, '[]', '2025-04-22 08:41:27', '2025-04-22 08:41:27'),
(379, 'default', 'created', NULL, NULL, 'App\\Models\\ReviewImage', 1, 'App\\Models\\User', 47, '[]', '2025-04-22 08:41:27', '2025-04-22 08:41:27'),
(380, 'default', 'created', NULL, NULL, 'App\\Models\\Review', 2, 'App\\Models\\User', 47, '[]', '2025-04-22 08:41:58', '2025-04-22 08:41:58'),
(381, 'default', 'created', NULL, NULL, 'App\\Models\\ReviewImage', 2, 'App\\Models\\User', 47, '[]', '2025-04-22 08:41:58', '2025-04-22 08:41:58'),
(382, 'default', 'created', NULL, NULL, 'App\\Models\\Review', 3, 'App\\Models\\User', 47, '[]', '2025-04-22 08:42:12', '2025-04-22 08:42:12'),
(383, 'default', 'created', NULL, NULL, 'App\\Models\\ReviewImage', 3, 'App\\Models\\User', 47, '[]', '2025-04-22 08:42:12', '2025-04-22 08:42:12'),
(384, 'default', 'created', NULL, NULL, 'App\\Models\\Review', 4, 'App\\Models\\User', 47, '[]', '2025-04-22 08:42:22', '2025-04-22 08:42:22'),
(385, 'default', 'created', NULL, NULL, 'App\\Models\\ReviewImage', 4, 'App\\Models\\User', 47, '[]', '2025-04-22 08:42:22', '2025-04-22 08:42:22'),
(386, 'default', 'created', NULL, NULL, 'App\\Models\\Review', 5, 'App\\Models\\User', 47, '[]', '2025-04-22 08:49:43', '2025-04-22 08:49:43'),
(387, 'default', 'created', NULL, NULL, 'App\\Models\\ReviewImage', 5, 'App\\Models\\User', 47, '[]', '2025-04-22 08:49:43', '2025-04-22 08:49:43'),
(388, 'default', 'created', NULL, NULL, 'App\\Models\\Review', 6, 'App\\Models\\User', 47, '[]', '2025-04-22 08:50:07', '2025-04-22 08:50:07'),
(389, 'default', 'created', NULL, NULL, 'App\\Models\\ReviewImage', 6, 'App\\Models\\User', 47, '[]', '2025-04-22 08:50:07', '2025-04-22 08:50:07'),
(390, 'default', 'created', NULL, NULL, 'App\\Models\\Review', 7, 'App\\Models\\User', 47, '[]', '2025-04-23 02:09:52', '2025-04-23 02:09:52'),
(391, 'default', 'created', NULL, NULL, 'App\\Models\\ReviewImage', 7, 'App\\Models\\User', 47, '[]', '2025-04-23 02:09:52', '2025-04-23 02:09:52'),
(392, 'default', 'created', NULL, NULL, 'App\\Models\\ReviewImage', 8, 'App\\Models\\User', 47, '[]', '2025-04-23 02:09:52', '2025-04-23 02:09:52'),
(393, 'default', 'created', NULL, NULL, 'App\\Models\\Review', 8, 'App\\Models\\User', 47, '[]', '2025-04-23 02:19:37', '2025-04-23 02:19:37'),
(394, 'default', 'created', NULL, NULL, 'App\\Models\\ReviewImage', 9, 'App\\Models\\User', 47, '[]', '2025-04-23 02:19:37', '2025-04-23 02:19:37'),
(395, 'default', 'created', NULL, NULL, 'App\\Models\\ReviewImage', 10, 'App\\Models\\User', 47, '[]', '2025-04-23 02:19:37', '2025-04-23 02:19:37'),
(396, 'default', 'created', NULL, NULL, 'App\\Models\\Review', 9, 'App\\Models\\User', 47, '[]', '2025-04-23 02:42:27', '2025-04-23 02:42:27'),
(397, 'default', 'created', NULL, NULL, 'App\\Models\\ReviewImage', 11, 'App\\Models\\User', 47, '[]', '2025-04-23 02:42:27', '2025-04-23 02:42:27'),
(398, 'default', 'created', NULL, 'created', 'App\\Models\\User', 50, NULL, NULL, '{\"attributes\":{\"name\":\"sdsd\",\"text\":null}}', '2025-04-23 04:29:17', '2025-04-23 04:29:17'),
(399, 'default', 'updated', NULL, 'updated', 'App\\Models\\User', 50, 'App\\Models\\User', 50, '{\"attributes\":{\"name\":\"User000\",\"text\":null},\"old\":{\"name\":\"sdsd\",\"text\":null}}', '2025-04-23 04:30:40', '2025-04-23 04:30:40'),
(400, 'default', 'updated', NULL, 'updated', 'App\\Models\\User', 50, 'App\\Models\\User', 50, '{\"attributes\":{\"name\":\"User000\",\"text\":null},\"old\":{\"name\":\"User000\",\"text\":null}}', '2025-04-23 04:30:40', '2025-04-23 04:30:40'),
(401, 'default', 'created', NULL, 'created', 'App\\Models\\Review', 1, 'App\\Models\\User', 50, '{\"attributes\":{\"user_id\":50,\"rating\":4,\"description\":\"description\",\"status\":\"0\",\"date\":\"2025-04-23\"}}', '2025-04-23 04:42:33', '2025-04-23 04:42:33'),
(402, 'default', 'created', NULL, 'created', 'App\\Models\\ReviewImage', 1, 'App\\Models\\User', 50, '{\"attributes\":{\"review_id\":1,\"image\":\"uploads\\/review\\/cxwD75VQKGbQeKqWAxvAD5O1FpQI99i7psvC2Qdr.png\"}}', '2025-04-23 04:42:33', '2025-04-23 04:42:33'),
(403, 'default', 'created', NULL, 'created', 'App\\Models\\Review', 2, 'App\\Models\\User', 50, '{\"attributes\":{\"user_id\":50,\"rating\":4,\"description\":\"description\",\"status\":\"0\",\"date\":\"2025-04-23\"}}', '2025-04-23 04:43:47', '2025-04-23 04:43:47'),
(404, 'default', 'created', NULL, 'created', 'App\\Models\\ReviewImage', 2, 'App\\Models\\User', 50, '{\"attributes\":{\"review_id\":2,\"image\":\"public\\/uploads\\/review\\/zknTCn2KWZnbevJSinBAUTEu1sNO1P76kKuNLhKn.png\"}}', '2025-04-23 04:43:47', '2025-04-23 04:43:47'),
(405, 'permission', 'Permission deleted', NULL, 'deleted', 'App\\Models\\Permission', 4, 'App\\Models\\User', 2, '{\"old\":{\"name\":\"user-edit\",\"guard_name\":\"web\"}}', '2025-04-23 04:54:42', '2025-04-23 04:54:42'),
(406, 'permission', 'Permission deleted', NULL, 'deleted', 'App\\Models\\Permission', 5, 'App\\Models\\User', 2, '{\"old\":{\"name\":\"user-delete\",\"guard_name\":\"web\"}}', '2025-04-23 04:58:20', '2025-04-23 04:58:20'),
(407, 'permission', 'Permission created', NULL, 'created', 'App\\Models\\Permission', NULL, 'App\\Models\\User', 2, '{\"attributes\":{\"name\":\"user-edit\",\"guard_name\":\"web\"}}', '2025-04-23 04:58:32', '2025-04-23 04:58:32'),
(408, 'permission', 'Permission created', NULL, 'created', 'App\\Models\\Permission', NULL, 'App\\Models\\User', 2, '{\"attributes\":{\"name\":\"user-delete\",\"guard_name\":\"web\"}}', '2025-04-23 05:48:26', '2025-04-23 05:48:26'),
(409, 'default', 'created', NULL, 'created', 'App\\Models\\Review', 1, 'App\\Models\\User', 50, '{\"attributes\":{\"user_id\":50,\"rating\":4,\"description\":\"description\",\"status\":\"0\",\"date\":\"2025-04-23\"}}', '2025-04-23 07:23:23', '2025-04-23 07:23:23'),
(410, 'default', 'created', NULL, 'created', 'App\\Models\\ReviewImage', 1, 'App\\Models\\User', 50, '{\"attributes\":{\"review_id\":1,\"image\":\"public\\/uploads\\/review\\/vhMTCPi9vFmJNVMwtBxEQPEdBKWvGl189oMAznh7.png\"}}', '2025-04-23 07:23:23', '2025-04-23 07:23:23');

-- --------------------------------------------------------

--
-- Table structure for table `categories`
--

CREATE TABLE `categories` (
  `id` bigint(20) UNSIGNED NOT NULL,
  `user_id` int(11) DEFAULT NULL,
  `category_type_id` int(10) UNSIGNED DEFAULT NULL,
  `parent_id` int(10) UNSIGNED DEFAULT NULL,
  `name` varchar(255) DEFAULT NULL,
  `status` varchar(255) DEFAULT NULL,
  `created_at` timestamp NULL DEFAULT NULL,
  `updated_at` timestamp NULL DEFAULT NULL
) ENGINE=InnoDB DEFAULT CHARSET=utf8mb4 COLLATE=utf8mb4_unicode_ci;

-- --------------------------------------------------------

--
-- Table structure for table `companies`
--

CREATE TABLE `companies` (
  `id` bigint(20) UNSIGNED NOT NULL,
  `user_id` int(11) DEFAULT NULL,
  `name` varchar(255) DEFAULT NULL,
  `description` text DEFAULT NULL,
  `status` varchar(255) DEFAULT NULL,
  `created_at` timestamp NULL DEFAULT NULL,
  `updated_at` timestamp NULL DEFAULT NULL
) ENGINE=InnoDB DEFAULT CHARSET=utf8mb4 COLLATE=utf8mb4_unicode_ci;

-- --------------------------------------------------------

--
-- Table structure for table `contents`
--

CREATE TABLE `contents` (
  `id` bigint(20) UNSIGNED NOT NULL,
  `name` varchar(255) NOT NULL,
  `value` text NOT NULL,
  `created_at` timestamp NULL DEFAULT NULL,
  `updated_at` timestamp NULL DEFAULT NULL
) ENGINE=InnoDB DEFAULT CHARSET=utf8mb4 COLLATE=utf8mb4_unicode_ci;

--
-- Dumping data for table `contents`
--

INSERT INTO `contents` (`id`, `name`, `value`, `created_at`, `updated_at`) VALUES
(1, 'terms_condition_title', 'test', '2022-12-14 08:19:35', '2022-12-14 09:13:27'),
(2, 'terms_condition_paragraph', 'q', '2022-12-14 08:25:06', '2022-12-14 08:25:06'),
(3, 'about_us_title', 't', '2022-12-14 08:25:17', '2022-12-14 08:25:17'),
(4, 'about_us_paragraph', 'aa', '2022-12-14 08:25:31', '2022-12-14 08:25:31'),
(5, 'privacy_policy_title', 'qaz', '2022-12-15 08:20:48', '2022-12-15 08:20:48'),
(6, 'privacy_policy_paragraph', '<b>superadmin</b>', '2022-12-15 09:05:32', '2025-01-10 21:36:48'),
(7, 'qa001', 'qas01', '2022-12-15 09:22:23', '2022-12-15 09:34:41');

-- --------------------------------------------------------

--
-- Table structure for table `failed_jobs`
--

CREATE TABLE `failed_jobs` (
  `id` bigint(20) UNSIGNED NOT NULL,
  `uuid` varchar(255) NOT NULL,
  `connection` text NOT NULL,
  `queue` text NOT NULL,
  `payload` longtext NOT NULL,
  `exception` longtext NOT NULL,
  `failed_at` timestamp NOT NULL DEFAULT current_timestamp()
) ENGINE=InnoDB DEFAULT CHARSET=utf8mb4 COLLATE=utf8mb4_unicode_ci;

-- --------------------------------------------------------

--
-- Table structure for table `locations`
--

CREATE TABLE `locations` (
  `id` bigint(20) UNSIGNED NOT NULL,
  `user_id` int(11) DEFAULT NULL,
  `name` text DEFAULT NULL,
  `Address` text DEFAULT NULL,
  `latitude` text DEFAULT NULL,
  `longitude` text DEFAULT NULL,
  `phone` text DEFAULT NULL,
  `email` text DEFAULT NULL,
  `status` text DEFAULT '0',
  `description` text DEFAULT NULL,
  `created_at` timestamp NULL DEFAULT NULL,
  `updated_at` timestamp NULL DEFAULT NULL,
  `logo` varchar(255) DEFAULT NULL
) ENGINE=InnoDB DEFAULT CHARSET=utf8mb4 COLLATE=utf8mb4_unicode_ci;

-- --------------------------------------------------------

--
-- Table structure for table `migrations`
--

CREATE TABLE `migrations` (
  `id` int(10) UNSIGNED NOT NULL,
  `migration` varchar(255) NOT NULL,
  `batch` int(11) NOT NULL
) ENGINE=InnoDB DEFAULT CHARSET=utf8mb4 COLLATE=utf8mb4_unicode_ci;

--
-- Dumping data for table `migrations`
--

INSERT INTO `migrations` (`id`, `migration`, `batch`) VALUES
(1, '2014_10_12_000000_create_users_table', 1),
(2, '2014_10_12_100000_create_password_resets_table', 1),
(3, '2016_06_01_000001_create_oauth_auth_codes_table', 1),
(4, '2016_06_01_000002_create_oauth_access_tokens_table', 1),
(5, '2016_06_01_000003_create_oauth_refresh_tokens_table', 1),
(6, '2016_06_01_000004_create_oauth_clients_table', 1),
(7, '2016_06_01_000005_create_oauth_personal_access_clients_table', 1),
(8, '2019_08_19_000000_create_failed_jobs_table', 1),
(9, '2019_12_14_000001_create_personal_access_tokens_table', 1),
(10, '2022_11_28_114737_create_permission_tables', 1),
(11, '2022_11_28_122945_create_activity_log_table', 1),
(12, '2022_11_28_140447_create_contents_table', 1),
(13, '2022_11_30_141618_create_notifications_table', 1),
(14, '2022_12_02_104904_alter_table_users', 1),
(15, '2022_12_05_150951_create_settings_table', 2),
(28, '2025_04_22_123514_create_reviews_table', 10),
(29, '2025_04_22_124350_create_review_images_table', 10),
(30, '2024_12_03_172123_create_risks_table', 11),
(31, '2024_12_04_204631_create_risk_images_table', 11),
(32, '2024_11_30_220250_create_categories_table', 12),
(33, '2024_12_01_133645_create_companies_table', 12),
(34, '2024_12_01_135520_create_locations_table', 12),
(35, '2024_12_01_145840_add_logo_to_locations_table', 12),
(36, '2025_04_23_113416_create_review_reactions_table', 13);

-- --------------------------------------------------------

--
-- Table structure for table `model_has_permissions`
--

CREATE TABLE `model_has_permissions` (
  `permission_id` bigint(20) UNSIGNED NOT NULL,
  `model_type` varchar(255) NOT NULL,
  `model_id` bigint(20) UNSIGNED NOT NULL
) ENGINE=InnoDB DEFAULT CHARSET=utf8mb4 COLLATE=utf8mb4_unicode_ci;

-- --------------------------------------------------------

--
-- Table structure for table `model_has_roles`
--

CREATE TABLE `model_has_roles` (
  `role_id` bigint(20) UNSIGNED NOT NULL,
  `model_type` varchar(255) NOT NULL,
  `model_id` bigint(20) UNSIGNED NOT NULL
) ENGINE=InnoDB DEFAULT CHARSET=utf8mb4 COLLATE=utf8mb4_unicode_ci;

--
-- Dumping data for table `model_has_roles`
--

INSERT INTO `model_has_roles` (`role_id`, `model_type`, `model_id`) VALUES
(1, 'App\\Models\\User', 1),
(1, 'App\\Models\\User', 29),
(2, 'App\\Models\\User', 2),
(8, 'App\\Models\\User', 20),
(8, 'App\\Models\\User', 21),
(8, 'App\\Models\\User', 22),
(8, 'App\\Models\\User', 23),
(8, 'App\\Models\\User', 24),
(8, 'App\\Models\\User', 25),
(8, 'App\\Models\\User', 26),
(8, 'App\\Models\\User', 27),
(8, 'App\\Models\\User', 28),
(8, 'App\\Models\\User', 33),
(8, 'App\\Models\\User', 34),
(8, 'App\\Models\\User', 35),
(8, 'App\\Models\\User', 36),
(8, 'App\\Models\\User', 37),
(8, 'App\\Models\\User', 38),
(8, 'App\\Models\\User', 39),
(8, 'App\\Models\\User', 40),
(8, 'App\\Models\\User', 41),
(8, 'App\\Models\\User', 42),
(8, 'App\\Models\\User', 43),
(8, 'App\\Models\\User', 44),
(8, 'App\\Models\\User', 45),
(8, 'App\\Models\\User', 46),
(8, 'App\\Models\\User', 47),
(8, 'App\\Models\\User', 50);

-- --------------------------------------------------------

--
-- Table structure for table `notifications`
--

CREATE TABLE `notifications` (
  `id` bigint(20) UNSIGNED NOT NULL,
  `user_id` int(11) DEFAULT NULL,
  `sender_id` varchar(255) DEFAULT NULL,
  `trigger_id` int(11) DEFAULT NULL,
  `trigger_type` varchar(255) DEFAULT NULL,
  `job_id` varchar(255) DEFAULT NULL,
  `source` varchar(255) DEFAULT NULL,
  `title` varchar(255) NOT NULL,
  `message` text DEFAULT NULL,
  `device_type` varchar(255) DEFAULT NULL,
  `success` varchar(255) DEFAULT NULL,
  `failure` varchar(255) DEFAULT NULL,
  `image` varchar(255) DEFAULT NULL,
  `is_read` varchar(255) DEFAULT NULL,
  `created_at` timestamp NULL DEFAULT NULL,
  `updated_at` timestamp NULL DEFAULT NULL
) ENGINE=InnoDB DEFAULT CHARSET=utf8mb4 COLLATE=utf8mb4_unicode_ci;

-- --------------------------------------------------------

--
-- Table structure for table `oauth_access_tokens`
--

CREATE TABLE `oauth_access_tokens` (
  `id` varchar(100) NOT NULL,
  `user_id` bigint(20) UNSIGNED DEFAULT NULL,
  `client_id` bigint(20) UNSIGNED NOT NULL,
  `name` varchar(255) DEFAULT NULL,
  `scopes` text DEFAULT NULL,
  `revoked` tinyint(1) NOT NULL,
  `created_at` timestamp NULL DEFAULT NULL,
  `updated_at` timestamp NULL DEFAULT NULL,
  `expires_at` datetime DEFAULT NULL
) ENGINE=InnoDB DEFAULT CHARSET=utf8mb4 COLLATE=utf8mb4_unicode_ci;

--
-- Dumping data for table `oauth_access_tokens`
--

INSERT INTO `oauth_access_tokens` (`id`, `user_id`, `client_id`, `name`, `scopes`, `revoked`, `created_at`, `updated_at`, `expires_at`) VALUES
('00aea330fa0c89f377efb9afa14b67f103571030e1750670a3976e48cb9cf089dfafc2008a7dcd64', 18, 3, 'Personal Access Token', '[]', 0, '2025-01-07 13:05:31', '2025-01-07 13:05:31', '2026-01-07 08:05:31'),
('01d85eb399087f606686380069421ab3cfed111c5cce255246f189d6a687252d82d5de2c54fc1335', 3, 3, 'Personal Access Token', '[]', 0, '2022-12-02 10:18:11', '2022-12-02 10:18:11', '2023-12-02 15:18:11'),
('0257f976958eb9c12a787178c4949957961d98f85d101b37f446b2a0b4b538493d1e06ca076b90a0', 40, 3, 'auth_token', '[]', 0, '2025-04-22 06:32:28', '2025-04-22 06:32:28', '2026-04-22 11:32:28'),
('0804fc99e75094242a0c07a858a25e2f4ea227b435e8727a456df1c58d49ac0018b6d38a25c66018', 3, 3, 'Personal Access Token', '[]', 0, '2022-12-02 09:16:52', '2022-12-02 09:16:52', '2023-12-02 14:16:52'),
('09e4d0c977a27e22279a2d673e468ad053eff4f78148cd7d0b3428fc186973ad6e22a582dfde50b1', 43, 3, 'auth_token', '[]', 0, '2025-04-22 06:37:42', '2025-04-22 06:37:42', '2026-04-22 11:37:42'),
('0a502ddf74c9570ab59db4fe12b2b0b02e6a4f5c01d7566ba785a13587f7ca05c4dd80442577698a', 3, 3, 'Personal Access Token', '[]', 0, '2022-12-02 09:11:34', '2022-12-02 09:11:34', '2023-12-02 14:11:34'),
('0ad552272894d5a51d7b09ff79aeb592547151ed5d90dbe2f1563ab85bb6ace3a17715591d0a6ac1', 9, 3, 'Personal Access Token', '[]', 0, '2022-12-05 09:19:13', '2022-12-05 09:19:13', '2023-12-05 14:19:13'),
('0b90151d8d6cdc59704362d3e779d58d82e201e0f6225596daf2e2f44a5c798667463c8c0fdc62df', 3, 3, 'Personal Access Token', '[]', 0, '2022-12-02 09:05:03', '2022-12-02 09:05:03', '2023-12-02 14:05:03'),
('0bc288fdafec22315b3fe4c51d4f82be8223c85e16965b9d8055f480c1061e829d68ea91344b0abe', 18, 3, 'Personal Access Token', '[]', 0, '2025-02-12 19:38:16', '2025-02-12 19:38:16', '2026-02-12 14:38:16'),
('0d42c12769b6b1ce039d5e99b7b825d73ff9b616b2feef775f7335706b56cc1459692e3c2392bf04', 18, 3, 'Personal Access Token', '[]', 0, '2025-02-03 21:33:48', '2025-02-03 21:33:48', '2026-02-03 16:33:48'),
('0d97b18db43d3db236571a3d3ba424e57cd1443ad7524fa289277195adcc4d0bef5b9261059d111f', 18, 3, 'Personal Access Token', '[]', 0, '2024-12-01 11:29:48', '2024-12-01 11:29:48', '2025-12-01 16:29:48'),
('136759e1c3fa7467f23e24dabe7326745542b03941654299d0bc2eb60c11401763ca8e9c0d6dacdb', 18, 3, 'Personal Access Token', '[]', 0, '2024-12-09 22:26:07', '2024-12-09 22:26:07', '2025-12-09 17:26:07'),
('178242b28c9bb7c3f212689db7d788f16c94e833e2505239bfcf3cfad949d8393dfeae7e4ff35b6b', 18, 3, 'Personal Access Token', '[]', 0, '2025-02-10 21:04:18', '2025-02-10 21:04:18', '2026-02-10 16:04:18'),
('19c0da40c449194a97ee85f39cc07cd377ed5a17191166ec1b2526933e552793d9157d10d46668e9', 3, 3, 'Personal Access Token', '[]', 0, '2022-12-02 10:15:37', '2022-12-02 10:15:37', '2023-12-02 15:15:37'),
('1b24d988f94795f7580f37e198dce07b6822e816e2eaafbac666725369f9cb93c60bea16e87b0ce3', 18, 3, 'Personal Access Token', '[]', 0, '2025-04-09 22:44:14', '2025-04-09 22:44:14', '2026-04-09 18:44:14'),
('218a04bb850615efbc880ea685a9ac5b4671c936ff4beb3392a0c3a42b659da7e066ef1622ac7eb7', 18, 3, 'Personal Access Token', '[]', 0, '2024-12-09 15:41:26', '2024-12-09 15:41:26', '2025-12-09 10:41:26'),
('22f5f072897844036aa26689a89666c1372d4e574aac8fe78f28f5e781a22876313180aaa789ed8a', 18, 3, 'Personal Access Token', '[]', 0, '2025-02-11 21:18:16', '2025-02-11 21:18:16', '2026-02-11 16:18:16'),
('231cff3efa7b036d07a5b36f20eccbb28922762f3e2f191e90aab958837dd20a2b0c036ab5adbf10', 45, 3, 'auth_token', '[]', 0, '2025-04-22 06:40:27', '2025-04-22 06:40:27', '2026-04-22 11:40:27'),
('2547ab3b5b2c0e29e9bc27899b21ed817cef0e40f5ed249271db5038b3d1fc0e8eb07fab3af5dcfd', 47, 3, 'Personal Access Token', '[]', 0, '2025-04-22 07:24:51', '2025-04-22 07:24:51', '2026-04-22 12:24:51'),
('28bca8c230e105742fbb4222f274928c199b19e70555e9782b439c277f49a854bbf804fd2a88aa8b', 3, 3, 'Personal Access Token', '[]', 0, '2022-12-05 02:21:35', '2022-12-05 02:21:35', '2023-12-05 07:21:35'),
('29e35caa6ee4bd4a219787ceb72fba79febe552d66f3deb29c5321fd2acb21af0c27cd328cd6219c', 18, 3, 'Personal Access Token', '[]', 0, '2024-12-09 17:28:56', '2024-12-09 17:28:56', '2025-12-09 12:28:56'),
('2f2ce7cf1cfaefb3bb55c375fdb4a3c908ac35fb05eceb0b92231b3a75a30c8a2990c8273d9d54ad', 18, 3, 'Personal Access Token', '[]', 1, '2024-12-09 17:50:13', '2024-12-09 17:50:13', '2025-12-09 12:50:13'),
('2f9f7cf704effbd5f45d4455752a4b5393326476b17a6ee2f5376140175e025bbee3da3fbd69e63e', 18, 3, 'Personal Access Token', '[]', 0, '2024-12-17 22:07:47', '2024-12-17 22:07:47', '2025-12-17 17:07:47'),
('310d3bc19a5148f6b415a060ddb20655e29db07362be5f5532db26a39cf13e6c905b5ee1e609f70b', 47, 3, 'Personal Access Token', '[]', 0, '2025-04-22 07:29:51', '2025-04-22 07:29:51', '2026-04-22 12:29:51'),
('34ebfa34b576b18063e4872c67b3ff5571a0b0a3bb7b9efe3d8ae9d1bc471661c4e236fdf5315b4f', 3, 3, 'Personal Access Token', '[]', 0, '2022-12-02 09:32:36', '2022-12-02 09:32:36', '2023-12-02 14:32:36'),
('356fa159ec222246a66d0058c406749019e09e86100c96bd3f430135e80b2d7e3e93d795d6e98c10', 3, 3, 'Personal Access Token', '[]', 0, '2022-12-02 10:15:07', '2022-12-02 10:15:07', '2023-12-02 15:15:07'),
('392db5db1745712784e8be045f76cb665e7362791003d34c972fafd2fe1c4181c5b1e783691a063d', 18, 3, 'Personal Access Token', '[]', 0, '2024-12-11 22:44:58', '2024-12-11 22:44:58', '2025-12-11 17:44:58'),
('3a23e6c71a29ab761ceea7dcf614f745823c37e1c6763c54e00462c48dc30262e57fe4be64f6c152', 18, 3, 'Personal Access Token', '[]', 0, '2025-01-06 21:52:22', '2025-01-06 21:52:22', '2026-01-06 16:52:22'),
('3b141035ca8e901d6473e1bd8488f5fd9e48d730fc27ae0f126c010931e385a5857e53ba4666ccef', 3, 3, 'Personal Access Token', '[]', 0, '2022-12-05 02:30:27', '2022-12-05 02:30:27', '2023-12-05 07:30:27'),
('3d9290f9aaac1cdbe47b726c5e6e8215e2009ea3e42307c7524cdffcbfc1a0f7d708bd904a7815e7', 18, 3, 'Personal Access Token', '[]', 0, '2024-12-10 17:03:00', '2024-12-10 17:03:00', '2025-12-10 12:03:00'),
('3e142147be056801a7c2b2e92ef346e78cdcd81dd817122c7f9dbecace5e4725434b22e88a069478', 18, 3, 'Personal Access Token', '[]', 0, '2025-02-11 20:45:51', '2025-02-11 20:45:51', '2026-02-11 15:45:51'),
('3f206e2d7ce70599cb2cbd37f03a12a21e8ba800150a6c0e2793a09acdb926541a6266d63bd3ba1f', 18, 3, 'Personal Access Token', '[]', 0, '2024-12-09 17:30:19', '2024-12-09 17:30:19', '2025-12-09 12:30:19'),
('3f5a0f34d8981ae36d9b0bb8b65a7ae92b93bdd9d3288366c476c5c7a50d6bdfce77c2cb4c330274', 18, 3, 'Personal Access Token', '[]', 0, '2025-04-09 22:07:53', '2025-04-09 22:07:53', '2026-04-09 18:07:53'),
('401efe2675c5372214d02026ee24024a08342d4359666c25c9b53871db4b5bdb2c2d055de922bf11', 46, 3, 'Personal Access Token', '[]', 0, '2025-04-22 06:40:43', '2025-04-22 06:40:43', '2026-04-22 11:40:43'),
('413ec293455090c04890342fe8add5436fd3096ed915f898b283e5a23042f0f16987f06b07dc4aaf', 3, 3, 'Personal Access Token', '[]', 0, '2022-12-02 09:26:10', '2022-12-02 09:26:10', '2023-12-02 14:26:10'),
('42c5e393c91b1916112f3384a348a7b5e6a9f133eca6c84bbe74a9a6de2a3b7c9cd2ffbfc01a9ccc', 18, 3, 'Personal Access Token', '[]', 0, '2025-02-14 16:29:26', '2025-02-14 16:29:26', '2026-02-14 11:29:26'),
('465350abcbf5a30ed737c4657feb139ad6c44d28146a3d07581f6a26bb62ce0230d2d26caab4c423', 18, 3, 'Personal Access Token', '[]', 0, '2024-12-16 20:31:34', '2024-12-16 20:31:34', '2025-12-16 15:31:34'),
('488bb6ffd0ea772286069d22954bc086f0e41cb197f66f6b6b870e5ccdfa69700d74a40549ccb50d', 47, 3, 'Personal Access Token', '[]', 0, '2025-04-22 07:13:42', '2025-04-22 07:13:42', '2026-04-22 12:13:42'),
('4a198b7ae40eb398b778ed352bf97ee4f84de12443e72649a63d7890b7ed0f6a01f63a1c30f3a1cf', 18, 3, 'Personal Access Token', '[]', 0, '2024-12-03 11:28:39', '2024-12-03 11:28:39', '2025-12-03 16:28:39'),
('4aafa9fe24693f175aebda87196e0365df084b0843524c45caacd86133aa52857d58d7e25b56f3dd', 47, 3, 'Personal Access Token', '[]', 0, '2025-04-22 07:12:10', '2025-04-22 07:12:10', '2026-04-22 12:12:10'),
('4c91175a25d15698d499d1697eb33a09086a3194177eec39afa3de231312b9fde08c201a3cd6d37d', 3, 3, 'Personal Access Token', '[]', 0, '2022-12-02 09:14:29', '2022-12-02 09:14:29', '2023-12-02 14:14:29'),
('4db6566265a3b2c34b668362e22e4a8ec9216462e1809eee88fa084b230ccc6ab360cfe463f19f07', 3, 3, 'Personal Access Token', '[]', 0, '2022-12-02 09:12:34', '2022-12-02 09:12:34', '2023-12-02 14:12:34'),
('4df82dd458d9b33ce967f7728ac4c9aef2e1fe5aa3c55676146db9526aaa70165dedf70bc8a6d71f', 18, 3, 'Personal Access Token', '[]', 1, '2024-12-19 21:36:09', '2024-12-19 21:36:09', '2025-12-19 16:36:09'),
('523db732072efb4e49ec88553016f3db940842e0a20061361adefe20403c3a0e492985840f8a9108', 18, 3, 'Personal Access Token', '[]', 1, '2024-12-16 20:21:48', '2024-12-16 20:21:48', '2025-12-16 15:21:48'),
('54f4dff80f77021276f5fb19236b1f1b9e8cd950825ca24694fa17b650e6405efa4da2471239cb44', 8, 3, 'Personal Access Token', '[]', 0, '2022-12-05 09:13:24', '2022-12-05 09:13:24', '2023-12-05 14:13:24'),
('56c4aa13c50154c324e37933490679eaffdc462856ae06105280ea354802139931f2d6e86a26edbe', 18, 3, 'Personal Access Token', '[]', 0, '2024-12-12 18:10:03', '2024-12-12 18:10:03', '2025-12-12 13:10:03'),
('575ea485d548214581badfeedca4c88339765bbcfeabf0fcb767625e09cd9f6ec53c4a35ffd6d3a8', 18, 3, 'Personal Access Token', '[]', 0, '2024-12-10 19:21:37', '2024-12-10 19:21:37', '2025-12-10 14:21:37'),
('5b155a2c15e5f2777b50687423955d8f3a8a3a277cc99a2de87248f3e5b8f056bbc237ea9d8b6ba4', 5, 3, 'Personal Access Token', '[]', 0, '2022-12-05 09:00:18', '2022-12-05 09:00:18', '2023-12-05 14:00:18'),
('5e773b4153caab0d0cc7227fcba24489de40354a1bf31cb947ccab8feae94b4ede2f0e86aaf5f305', 6, 3, 'Personal Access Token', '[]', 0, '2022-12-05 09:01:40', '2022-12-05 09:01:40', '2023-12-05 14:01:40'),
('5f173e2aa1d359f48a154f241449ae06b17fa611781a54dad768926b48c69bb47619ab0000bfce84', 3, 3, 'Personal Access Token', '[]', 0, '2022-12-02 10:17:20', '2022-12-02 10:17:20', '2023-12-02 15:17:20'),
('63699b479c3f562594222f211842c6ead57deff248ffb0502ef6c4fb59ad8c94109bb005dfcc06d5', 45, 3, 'Personal Access Token', '[]', 0, '2025-04-22 06:40:27', '2025-04-22 06:40:27', '2026-04-22 11:40:27'),
('6e15506872db1d9b9249ffc9151301dc26bcfe6aef505567efe8f5fb207b5ac6af81aa4c70b2d3b8', 3, 3, 'Personal Access Token', '[]', 0, '2022-12-02 09:20:05', '2022-12-02 09:20:05', '2023-12-02 14:20:05'),
('6e5886bc7a8f715bb67e080f83231453a7213e73bdca00b72b558cdf98bc18380060184b8b882b9c', 3, 3, 'Personal Access Token', '[]', 1, '2022-12-05 05:05:57', '2022-12-05 05:05:57', '2023-12-05 10:05:57'),
('6f3be0aa69be3a821fe15989b11a6c0ae85e2658d126523de6b82087fff45777197f3deb524892b0', 18, 3, 'Personal Access Token', '[]', 1, '2024-12-19 17:38:55', '2024-12-19 17:38:55', '2025-12-19 12:38:55'),
('6f8ee4d20011084b743c27d1baa14cfeab29ad2ade076e6430ccd8afa7baabc0e4488025309888d8', 4, 3, 'Personal Access Token', '[]', 0, '2022-12-08 07:10:16', '2022-12-08 07:10:16', '2023-12-08 12:10:16'),
('71f08a150ca2e4dee45f0cbf1e99163ff503a4b9b5a63b6f9dbe447cd1fd9f2d4714d09b122fd4bf', 18, 3, 'Personal Access Token', '[]', 0, '2025-01-31 15:54:23', '2025-01-31 15:54:23', '2026-01-31 10:54:23'),
('748f095e91c2a73400308cdc56cb0c52defa84f908f98399e0648f7285c1e8654965d17463b5a3c7', 3, 3, 'Personal Access Token', '[]', 0, '2022-12-02 10:15:24', '2022-12-02 10:15:24', '2023-12-02 15:15:24'),
('76057b619b13036dcd3eb1281b18c40ab3708ab54120d880a056be1d47b080d1e7a63929c7495421', 18, 3, 'Personal Access Token', '[]', 0, '2024-12-17 17:08:39', '2024-12-17 17:08:39', '2025-12-17 12:08:39'),
('76627bf1ecd886fd7dbae559f6dd49489b5fba490ea36e38c71721c1c7409fdced1b8991711aadd7', 18, 3, 'Personal Access Token', '[]', 0, '2024-12-11 17:00:08', '2024-12-11 17:00:08', '2025-12-11 12:00:08'),
('780a4aac1805f106ee253923653368e8486581bc45da528800a7caec5d0b1193269d17f4c34e83f2', 47, 3, 'Personal Access Token', '[]', 0, '2025-04-22 06:47:10', '2025-04-22 06:47:10', '2026-04-22 11:47:10'),
('7a65b4340e7144ca93e3751f63cf7ee1c297c8109a97feea32142b96a9a6258462bcf44680bf5be1', 3, 3, 'Personal Access Token', '[]', 0, '2022-12-02 08:49:40', '2022-12-02 08:49:40', '2023-12-02 13:49:40'),
('7c44000d2413b38ff9273c5ac4d319fb3f48925a8d95c409b36d041c728bc9fd76ce730d186d2836', 7, 3, 'Personal Access Token', '[]', 0, '2022-12-05 09:02:02', '2022-12-05 09:02:02', '2023-12-05 14:02:02'),
('7e29518fd5a70a8dd5054fa95191cfac2402fb15327c3f59c88eb9cf5a58a672e1157cded46523bd', 18, 3, 'Personal Access Token', '[]', 0, '2025-03-19 05:52:19', '2025-03-19 05:52:19', '2026-03-19 01:52:19'),
('809be3b56c9c22f3fb51bb40826f8171e935634a5bde0b94bc06c59cbc0fd7d96c8f5d447c025a96', 47, 3, 'Personal Access Token', '[]', 0, '2025-04-22 07:10:35', '2025-04-22 07:10:35', '2026-04-22 12:10:35'),
('8206418457888efbd6415f482f35d724503dbc900ef0606cc53b6d4d48a5f67bbef15999a1a4a8c4', 3, 3, 'Personal Access Token', '[]', 0, '2022-12-02 09:31:41', '2022-12-02 09:31:41', '2023-12-02 14:31:41'),
('83dbcc1da10d6ba568c212f787664833d6b65e817e8b26de740ec397ca450c1ca2aba72eeaa14e1d', 18, 3, 'Personal Access Token', '[]', 1, '2024-12-04 12:03:26', '2024-12-04 12:03:26', '2025-12-04 17:03:26'),
('89122b0a08268037c16cd27c5d85ff647c7c0cc8f70b04b5e4cf4cca3027a46b90f48e4d9cf99e05', 3, 3, 'Personal Access Token', '[]', 0, '2022-12-02 10:15:14', '2022-12-02 10:15:14', '2023-12-02 15:15:14'),
('8a2a6b656045a65d085c7d698bc111ae9646f8d995745b37e8121053a886019611ed36400c4f0436', 3, 3, 'Personal Access Token', '[]', 0, '2022-12-02 09:23:11', '2022-12-02 09:23:11', '2023-12-02 14:23:11'),
('8df8b81955ccd7a91ca871f730f82bc3fa54bdeb00ea730914271abac74fae984a451c1349031f49', 18, 3, 'Personal Access Token', '[]', 0, '2024-12-20 21:35:29', '2024-12-20 21:35:29', '2025-12-20 16:35:29'),
('8e87aa985610cba371b25ea131f173000bd355b846ebd8c01a54968a322799ac57cd17b88a7999a4', 4, 3, 'Personal Access Token', '[]', 0, '2022-12-07 06:01:58', '2022-12-07 06:01:58', '2023-12-07 11:01:58'),
('920b4cc6523d65019dcbfd67a4cfc37adb1fa487254fed8d2429a2327afce7ed386d65bcf06114a0', 47, 3, 'Personal Access Token', '[]', 0, '2025-04-22 06:56:21', '2025-04-22 06:56:21', '2026-04-22 11:56:21'),
('9494e385ff787aa2f95ca825b0057daebe4e5642b44b77aa7174fd4cf0c62ef6ad0978bc4ae593fe', 18, 3, 'Personal Access Token', '[]', 0, '2024-12-03 10:31:57', '2024-12-03 10:31:57', '2025-12-03 15:31:57'),
('9968356887a964c150f3b4e3c7056d287a1f5b0e880ef9fe2a26136f593b7b36cdc0887c5d71aaca', 18, 3, 'Personal Access Token', '[]', 0, '2024-12-19 21:21:40', '2024-12-19 21:21:40', '2025-12-19 16:21:40'),
('9c760da034f2508f309266a8a004873dc48a1fd915cfd241d6a921f3c26e6c9be862612eb92bb2ec', 4, 3, 'Personal Access Token', '[]', 0, '2022-12-02 09:44:40', '2022-12-02 09:44:40', '2023-12-02 14:44:40'),
('9f668fc5c138ad02aab517980f74115627b5a586a1051b6b110c6e50dc3fc8201e08f6e6921bf5fc', 18, 3, 'Personal Access Token', '[]', 0, '2025-02-03 21:42:37', '2025-02-03 21:42:37', '2026-02-03 16:42:37'),
('9fe0c268758eddf6d72a2763244a1fd9e92a822120007e964a384f0cf9a00c8544e6a4bf1de87238', 3, 3, 'Personal Access Token', '[]', 1, '2022-12-05 03:19:39', '2022-12-05 03:19:39', '2023-12-05 08:19:39'),
('a0312075e9ab031643b34cbe8ddc7ef6504f83837e9b72585cd60a90592c1b76ec19df3d0dd1ddf0', 18, 3, 'Personal Access Token', '[]', 0, '2024-12-09 17:05:16', '2024-12-09 17:05:16', '2025-12-09 12:05:16'),
('a3893405efae44023333216144ae7c9251207ca40fd3306c74d7898d05747b184b16871a643b68c1', 3, 3, 'Personal Access Token', '[]', 0, '2022-12-02 09:25:24', '2022-12-02 09:25:24', '2023-12-02 14:25:24'),
('a5173ed08a10ce13f1695ac62220d64bc713c1125f20bdfe9ad1215dcad26cb5138ece921ff54505', 18, 3, 'Personal Access Token', '[]', 0, '2024-12-09 15:32:02', '2024-12-09 15:32:02', '2025-12-09 10:32:02'),
('a53aca4f432ced8652d662cc61b41fa12af4805ae04761964495172065f20fe0d9a18e59d35282fe', 18, 3, 'Personal Access Token', '[]', 0, '2024-12-30 18:16:59', '2024-12-30 18:16:59', '2025-12-30 13:16:59'),
('a6664b23ff5bd15ebe6b366d5d11cec7e7443255262ef15ef24bfb93736b9c03d1691cab2441de71', 3, 3, 'Personal Access Token', '[]', 0, '2022-12-02 08:50:24', '2022-12-02 08:50:24', '2023-12-02 13:50:24'),
('a670530a3e3d6d65593064dd56faa3341e0acd764df5bf179a85b20cc7058e75faf619e234a79122', 18, 3, 'Personal Access Token', '[]', 0, '2024-12-09 20:25:39', '2024-12-09 20:25:39', '2025-12-09 15:25:39'),
('a67628ecde6e53aa9ff3de641a885e4752f50eafe1b96b5c9592f3e76ce04065d97f27a5ec804ad0', 39, 3, 'auth_token', '[]', 0, '2025-04-22 06:24:32', '2025-04-22 06:24:32', '2026-04-22 11:24:32'),
('a86aff249afda9f47c55b560a34efc3178b9df81cccf26383cc43262004dd302519094a0e317d5a1', 3, 3, 'Personal Access Token', '[]', 0, '2022-12-02 10:15:45', '2022-12-02 10:15:45', '2023-12-02 15:15:45'),
('a8948c94561df6710e74eb4469d21a3639c4c50a920946f69c6928a6f6a18dc34fad09e072319138', 3, 3, 'Personal Access Token', '[]', 0, '2022-12-02 09:39:19', '2022-12-02 09:39:19', '2023-12-02 14:39:19'),
('b0379c4072a6c3d5d9abe2aaba84dc8726c1887b3646b320c5d06d11eac924c13039bacfb7d5fa68', 47, 3, 'Personal Access Token', '[]', 0, '2025-04-22 07:30:02', '2025-04-22 07:30:02', '2026-04-22 12:30:02'),
('b07743e25dfa4802c3e0ed839224b36629f31e1c9b452710f815749b8397e107e159b1b9f3cb9189', 3, 3, 'Personal Access Token', '[]', 0, '2022-12-02 09:41:08', '2022-12-02 09:41:08', '2023-12-02 14:41:08'),
('b134510633151f249f7403e7ecc29f4631e7658cf2290fc61de3de02b643a26d6d54cdff0f94fa53', 18, 3, 'Personal Access Token', '[]', 0, '2025-01-31 16:08:01', '2025-01-31 16:08:01', '2026-01-31 11:08:01'),
('b26767ec961d18d8b792f52bf4a9f386c5bac2351c388a83139fd1f6162ca02ede38ac845ed96b59', 18, 3, 'Personal Access Token', '[]', 0, '2024-12-20 19:17:33', '2024-12-20 19:17:33', '2025-12-20 14:17:33'),
('bb215ac1cb5254b56d93c3a1f617550ea4640bab46eb5b4d569783cdd97382e1507e1d4f5a426916', 18, 3, 'Personal Access Token', '[]', 0, '2024-12-01 11:30:16', '2024-12-01 11:30:16', '2025-12-01 16:30:16'),
('bb31b69c6d38215d3b7e246ef4ff320c1975637a346b54983594f2a3658c5d5c9594da36d81d926b', 18, 3, 'Personal Access Token', '[]', 0, '2025-04-03 19:23:07', '2025-04-03 19:23:07', '2026-04-03 15:23:07'),
('bc32c7f2ed12b6fd60ffcc309c6cbfd63c79660adfe363b6b25595531b6f95559389bf7bd811b9b5', 18, 3, 'Personal Access Token', '[]', 0, '2025-01-30 19:03:39', '2025-01-30 19:03:39', '2026-01-30 14:03:39'),
('befaea2b76f7a4b0c8035d33c11caafc272a24b4827d4b68c16f975d1918205a385c35470e498b04', 4, 3, 'Personal Access Token', '[]', 0, '2022-12-05 07:30:57', '2022-12-05 07:30:57', '2023-12-05 12:30:57'),
('bf03452ea0708de012f134bcf897f98eb45afe67145b3ed5d9d32bd71109bc55eab60814b9bd3c46', 3, 3, 'Personal Access Token', '[]', 0, '2022-12-02 09:12:05', '2022-12-02 09:12:05', '2023-12-02 14:12:05'),
('c6fe3615f39706a2f57b21005508ef728287f38c15d036ac1913bae413d5b7ea4d9e41a0428e7aaf', 18, 3, 'Personal Access Token', '[]', 1, '2025-03-12 13:49:09', '2025-03-12 13:49:09', '2026-03-12 09:49:09'),
('c80dc5fed9880d5bbd39335de8b002ac8ccf6c0c2dc3fef329a1eaa51738cd8d39413cf93dfcd588', 18, 3, 'Personal Access Token', '[]', 1, '2024-12-16 21:09:54', '2024-12-16 21:09:54', '2025-12-16 16:09:54'),
('c8db6dc23ed0e51cdffe00db8fa963790081a5dafd854694176da44dc7197d98c3897ab6e6b79edc', 18, 3, 'Personal Access Token', '[]', 0, '2025-01-31 16:08:10', '2025-01-31 16:08:10', '2026-01-31 11:08:10'),
('c948d8968a0e99c7ee703950228a2620540ffd7c753aa3ce1bf334bb8fece12081fe5eec410f4e52', 18, 3, 'Personal Access Token', '[]', 0, '2024-12-20 20:56:24', '2024-12-20 20:56:24', '2025-12-20 15:56:24'),
('cb81174ddffff164d1ba0ca42c1582b95644922398f913089fb10799ce7c5c7715e074e6a6c21e04', 18, 3, 'Personal Access Token', '[]', 0, '2024-12-20 15:18:36', '2024-12-20 15:18:36', '2025-12-20 10:18:36'),
('cc2c87dc6f379c7350980db7b4f96e2f26b1d35600bb43724312f9b8b42ab7c559a33ddf79c11ce6', 18, 3, 'Personal Access Token', '[]', 0, '2025-02-10 21:00:21', '2025-02-10 21:00:21', '2026-02-10 16:00:21'),
('d091c29525375fa7bbd1b5b68b3eab964c74675c6208e6487106e15c01c8ec0e2f62524daccf5b2a', 3, 3, 'Personal Access Token', '[]', 0, '2022-12-02 09:07:19', '2022-12-02 09:07:19', '2023-12-02 14:07:19'),
('d28b365f41a6f663bc84588ec24061e868deedb4a0bc19bf6f8562d362e63b76ef05645a2db3ac77', 19, 3, 'Personal Access Token', '[]', 1, '2024-12-20 20:45:49', '2024-12-20 20:45:49', '2025-12-20 15:45:49'),
('d3d1a6791d5cf0c389d76228e94e5f5610b3effa25524a1d6b1830957dabc9a27cf7b3c8c9a35870', 3, 3, 'Personal Access Token', '[]', 0, '2022-12-02 10:14:30', '2022-12-02 10:14:30', '2023-12-02 15:14:30'),
('d4387bb810884d91832cf221c7a3eef2dfbebccad0cb92a7a047ceccd30c0524e4a87ea82f0e8dac', 18, 3, 'Personal Access Token', '[]', 0, '2024-12-09 17:16:24', '2024-12-09 17:16:24', '2025-12-09 12:16:24'),
('d4bdb41213d547a2ec573b8efde4c6a1c0d335257beab7891132ed687fb314bfb68a0d11a9dc5605', 18, 3, 'Personal Access Token', '[]', 1, '2025-02-11 21:17:14', '2025-02-11 21:17:14', '2026-02-11 16:17:14'),
('d60f2068a22a804ededb514e8c289da7bd7acd7c303551b81de2fe2c75c8b743818c7b487f0a3dcf', 18, 3, 'Personal Access Token', '[]', 1, '2024-12-09 17:51:31', '2024-12-09 17:51:31', '2025-12-09 12:51:31'),
('d9d05f8111791eed8e52933214cf7da37d2f203c48e010e0d521f4e82dfabcb4d38a375edc0218fe', 3, 3, 'Personal Access Token', '[]', 0, '2022-12-05 05:06:34', '2022-12-05 05:06:34', '2023-12-05 10:06:34'),
('da847e4f94b27804ead1210ca05a0ab40838efaff64c0c21d796531b2ccabb1843526f876851b658', 3, 3, 'Personal Access Token', '[]', 0, '2022-12-02 10:14:16', '2022-12-02 10:14:16', '2023-12-02 15:14:16'),
('dc3d360fd6beb871b5f81cfde4d50964cc2b1e3efa57cb0f827fd51a581fae29598aeb497f305cd1', 18, 3, 'Personal Access Token', '[]', 0, '2024-12-04 12:14:04', '2024-12-04 12:14:04', '2025-12-04 17:14:04'),
('e04e552d996feb10c8eb81ba650b6a215acb343ab821ccbef6014e85db102189208ce8e541bbff7c', 50, 3, 'Personal Access Token', '[]', 0, '2025-04-23 04:29:17', '2025-04-23 04:29:17', '2026-04-23 09:29:17'),
('e2a980cc75a372bab05e2864ff2ebee572c64d8fc31dbcadf7837d0e4d185a09e4604208c05bcf8d', 18, 3, 'Personal Access Token', '[]', 0, '2024-12-03 11:28:58', '2024-12-03 11:28:58', '2025-12-03 16:28:58'),
('e7eba14e61e2459b8322853874d9e7721b51d71dc72a83076d608f140a3d9396438568c882eafa46', 44, 3, 'Personal Access Token', '[]', 0, '2025-04-22 06:40:06', '2025-04-22 06:40:06', '2026-04-22 11:40:06'),
('ebfa6288e1a6583a5c4502e376ca621b8ce7b8128348d793e126173097e8afe7061a75a5e12f7a4a', 50, 3, 'Personal Access Token', '[]', 0, '2025-04-23 04:29:35', '2025-04-23 04:29:35', '2026-04-23 09:29:35'),
('eca32b75f26db85c381033eab6797bc13e7ce766bd4d0ceb48e347b09e10fc248e9138f46f582f86', 18, 3, 'Personal Access Token', '[]', 1, '2024-12-09 17:05:32', '2024-12-09 17:05:32', '2025-12-09 12:05:32'),
('ecfe4f44ff88fe21a19f632f05aaa4f0e6cec8c15888fcf9f51727cfcd1cfb624874b2f508df22c8', 18, 3, 'Personal Access Token', '[]', 0, '2024-12-19 22:40:30', '2024-12-19 22:40:30', '2025-12-19 17:40:30'),
('ef902fad01a20a1a5fadfd8e16ab3c85266329fad36af9e82e689d9dd28d826bd59ea40c5f0c70fe', 3, 3, 'Personal Access Token', '[]', 0, '2022-12-02 10:15:50', '2022-12-02 10:15:50', '2023-12-02 15:15:50'),
('efa77c7207e38dbba7c24f1946902a1cfdf97699c74ad88698ee9cd069820dbaba87a5d8d273a04d', 18, 3, 'Personal Access Token', '[]', 0, '2024-12-19 14:54:00', '2024-12-19 14:54:00', '2025-12-19 09:54:00'),
('f06e378a374c6812e246e91fa84ad5fe59297cb6cac4a8c0d0c28121173cbdabcbd870601b8240e0', 3, 3, 'Personal Access Token', '[]', 0, '2022-12-02 09:07:46', '2022-12-02 09:07:46', '2023-12-02 14:07:46'),
('f0a7e36e3c70df1b051cd8813e83f25dd63e04c09710e7605226ca208dee3f4a61a73dd33e5aef3a', 18, 3, 'Personal Access Token', '[]', 0, '2024-12-13 19:31:51', '2024-12-13 19:31:51', '2025-12-13 14:31:51'),
('f2c512cc9a88aeedcf2d00549f1dd69dbed6f2ae136dd4998d50cae153ce85b26cf7a9347a11743f', 18, 3, 'Personal Access Token', '[]', 0, '2025-02-14 15:55:20', '2025-02-14 15:55:20', '2026-02-14 10:55:20'),
('f71812800e4a2add4b65548db2edebddccdcf69642f0065024b2f4b25a1aebf59f14554297437de6', 18, 3, 'Personal Access Token', '[]', 0, '2025-03-13 11:38:13', '2025-03-13 11:38:13', '2026-03-13 07:38:13'),
('fb12016a7b148dcb3616760b11608c4ab18c83fe2e744c1c8a2a12c36eb41cf990026b8b84811da3', 47, 3, 'Personal Access Token', '[]', 0, '2025-04-22 07:10:24', '2025-04-22 07:10:24', '2026-04-22 12:10:24'),
('fcacc06fc878a5753522c20b12a374189aa8c183f4526ffcf2d25e40577a5bd6756df9b72f3051fe', 47, 3, 'Personal Access Token', '[]', 0, '2025-04-22 07:13:53', '2025-04-22 07:13:53', '2026-04-22 12:13:53');

-- --------------------------------------------------------

--
-- Table structure for table `oauth_auth_codes`
--

CREATE TABLE `oauth_auth_codes` (
  `id` varchar(100) NOT NULL,
  `user_id` bigint(20) UNSIGNED NOT NULL,
  `client_id` bigint(20) UNSIGNED NOT NULL,
  `scopes` text DEFAULT NULL,
  `revoked` tinyint(1) NOT NULL,
  `expires_at` datetime DEFAULT NULL
) ENGINE=InnoDB DEFAULT CHARSET=utf8mb4 COLLATE=utf8mb4_unicode_ci;

-- --------------------------------------------------------

--
-- Table structure for table `oauth_clients`
--

CREATE TABLE `oauth_clients` (
  `id` bigint(20) UNSIGNED NOT NULL,
  `user_id` bigint(20) UNSIGNED DEFAULT NULL,
  `name` varchar(255) NOT NULL,
  `secret` varchar(100) DEFAULT NULL,
  `provider` varchar(255) DEFAULT NULL,
  `redirect` text NOT NULL,
  `personal_access_client` tinyint(1) NOT NULL,
  `password_client` tinyint(1) NOT NULL,
  `revoked` tinyint(1) NOT NULL,
  `created_at` timestamp NULL DEFAULT NULL,
  `updated_at` timestamp NULL DEFAULT NULL
) ENGINE=InnoDB DEFAULT CHARSET=utf8mb4 COLLATE=utf8mb4_unicode_ci;

--
-- Dumping data for table `oauth_clients`
--

INSERT INTO `oauth_clients` (`id`, `user_id`, `name`, `secret`, `provider`, `redirect`, `personal_access_client`, `password_client`, `revoked`, `created_at`, `updated_at`) VALUES
(1, NULL, 'Laravel Personal Access Client', 'ks39MitDOkSsgaux8Wz6Ii2a4hPHSj6qrvaffOMf', NULL, 'http://localhost', 1, 0, 0, '2022-12-02 07:17:31', '2022-12-02 07:17:31'),
(2, NULL, 'Laravel Password Grant Client', 'V5AdNi1TZU779fme8zmjoUBekVYyIN7j4i8s6kBV', 'users', 'http://localhost', 0, 1, 0, '2022-12-02 07:17:31', '2022-12-02 07:17:31'),
(3, NULL, 'Laravel Personal Access Client', 'dEfdVJOT1qs6LGMw4xPcCCfYoPHYz93Koe4fEYkN', NULL, 'http://localhost', 1, 0, 0, '2022-12-02 08:44:58', '2022-12-02 08:44:58'),
(4, NULL, 'Laravel Password Grant Client', 'HmpoWXvTWq0WMtPwQWc70FM9VCKHhAu5rP23Xrca', 'users', 'http://localhost', 0, 1, 0, '2022-12-02 08:44:59', '2022-12-02 08:44:59');

-- --------------------------------------------------------

--
-- Table structure for table `oauth_personal_access_clients`
--

CREATE TABLE `oauth_personal_access_clients` (
  `id` bigint(20) UNSIGNED NOT NULL,
  `client_id` bigint(20) UNSIGNED NOT NULL,
  `created_at` timestamp NULL DEFAULT NULL,
  `updated_at` timestamp NULL DEFAULT NULL
) ENGINE=InnoDB DEFAULT CHARSET=utf8mb4 COLLATE=utf8mb4_unicode_ci;

--
-- Dumping data for table `oauth_personal_access_clients`
--

INSERT INTO `oauth_personal_access_clients` (`id`, `client_id`, `created_at`, `updated_at`) VALUES
(1, 1, '2022-12-02 07:17:31', '2022-12-02 07:17:31'),
(2, 3, '2022-12-02 08:44:58', '2022-12-02 08:44:58');

-- --------------------------------------------------------

--
-- Table structure for table `oauth_refresh_tokens`
--

CREATE TABLE `oauth_refresh_tokens` (
  `id` varchar(100) NOT NULL,
  `access_token_id` varchar(100) NOT NULL,
  `revoked` tinyint(1) NOT NULL,
  `expires_at` datetime DEFAULT NULL
) ENGINE=InnoDB DEFAULT CHARSET=utf8mb4 COLLATE=utf8mb4_unicode_ci;

-- --------------------------------------------------------

--
-- Table structure for table `password_resets`
--

CREATE TABLE `password_resets` (
  `email` varchar(255) NOT NULL,
  `token` varchar(255) NOT NULL,
  `created_at` timestamp NULL DEFAULT NULL
) ENGINE=InnoDB DEFAULT CHARSET=utf8mb4 COLLATE=utf8mb4_unicode_ci;

-- --------------------------------------------------------

--
-- Table structure for table `permissions`
--

CREATE TABLE `permissions` (
  `id` bigint(20) UNSIGNED NOT NULL,
  `name` varchar(255) NOT NULL,
  `guard_name` varchar(255) NOT NULL,
  `created_at` timestamp NULL DEFAULT NULL,
  `updated_at` timestamp NULL DEFAULT NULL
) ENGINE=InnoDB DEFAULT CHARSET=utf8mb4 COLLATE=utf8mb4_unicode_ci;

--
-- Dumping data for table `permissions`
--

INSERT INTO `permissions` (`id`, `name`, `guard_name`, `created_at`, `updated_at`) VALUES
(1, 'dashboard-list', 'web', NULL, NULL),
(2, 'user-list', 'web', NULL, NULL),
(3, 'user-create', 'web', NULL, NULL),
(6, 'role-list', 'web', NULL, NULL),
(7, 'role-create', 'web', NULL, NULL),
(8, 'role-edit', 'web', NULL, NULL),
(9, 'role-delete', 'web', NULL, NULL),
(10, 'permission-list', 'web', NULL, NULL),
(11, 'permission-create', 'web', NULL, NULL),
(12, 'permission-edit', 'web', NULL, NULL),
(13, 'permission-delete', 'web', NULL, NULL),
(14, 'content-list', 'web', NULL, NULL),
(15, 'content-create', 'web', NULL, NULL),
(16, 'content-edit', 'web', NULL, NULL),
(17, 'content-delete', 'web', NULL, NULL),
(20, 'setting-list', 'web', '2022-12-06 02:55:21', '2022-12-06 02:55:21'),
(21, 'log-list', 'web', '2022-12-06 02:55:26', '2022-12-06 02:55:26'),
(25, 'review-list', 'web', '2023-05-28 09:51:26', '2024-11-30 16:57:47'),
(26, 'review-create', 'web', '2023-05-28 09:51:46', '2024-11-30 16:57:49'),
(27, 'review-edit', 'web', '2023-05-28 09:51:54', '2024-11-30 16:57:52'),
(28, 'review-delete', 'web', '2023-05-28 09:52:02', '2024-11-30 16:57:55'),
(69, 'user-edit', 'web', '2025-04-23 04:58:32', '2025-04-23 04:58:32'),
(70, 'user-delete', 'web', '2025-04-23 05:48:26', '2025-04-23 05:48:26');

-- --------------------------------------------------------

--
-- Table structure for table `personal_access_tokens`
--

CREATE TABLE `personal_access_tokens` (
  `id` bigint(20) UNSIGNED NOT NULL,
  `tokenable_type` varchar(255) NOT NULL,
  `tokenable_id` bigint(20) UNSIGNED NOT NULL,
  `name` varchar(255) NOT NULL,
  `token` varchar(64) NOT NULL,
  `abilities` text DEFAULT NULL,
  `last_used_at` timestamp NULL DEFAULT NULL,
  `created_at` timestamp NULL DEFAULT NULL,
  `updated_at` timestamp NULL DEFAULT NULL
) ENGINE=InnoDB DEFAULT CHARSET=utf8mb4 COLLATE=utf8mb4_unicode_ci;

--
-- Dumping data for table `personal_access_tokens`
--

INSERT INTO `personal_access_tokens` (`id`, `tokenable_type`, `tokenable_id`, `name`, `token`, `abilities`, `last_used_at`, `created_at`, `updated_at`) VALUES
(1, 'App\\Models\\User', 3, 'Personal Access Token', 'feca324bac811f2ec96d3f5282f133cf1696c4d9823b3782344d0f0f130b3438', '[\"*\"]', NULL, '2022-12-02 08:35:54', '2022-12-02 08:35:54'),
(2, 'App\\Models\\User', 3, 'Personal Access Token', 'f86f5b58173fdf21d5db694ae4d3f1a31415bd261e52fd5c634165cb768276f6', '[\"*\"]', NULL, '2022-12-02 08:36:34', '2022-12-02 08:36:34'),
(3, 'App\\Models\\User', 3, 'Personal Access Token', 'c8e9e6de87fe6bbb40ad02540dcab81a671f591e9ce3191c812c5bb5086d2b50', '[\"*\"]', NULL, '2022-12-02 08:45:21', '2022-12-02 08:45:21');

-- --------------------------------------------------------

--
-- Table structure for table `reports`
--

CREATE TABLE `reports` (
  `id` bigint(20) UNSIGNED NOT NULL,
  `user_id` bigint(20) UNSIGNED DEFAULT NULL,
  `risk_id` bigint(20) UNSIGNED DEFAULT NULL,
  `type` varchar(255) DEFAULT NULL,
  `priority_high` varchar(255) DEFAULT NULL,
  `priority_medium` varchar(255) DEFAULT NULL,
  `priority_low` varchar(255) DEFAULT NULL,
  `date` date DEFAULT NULL,
  `status` varchar(255) DEFAULT NULL,
  `created_at` timestamp NULL DEFAULT NULL,
  `updated_at` timestamp NULL DEFAULT NULL
) ENGINE=InnoDB DEFAULT CHARSET=utf8mb4 COLLATE=utf8mb4_unicode_ci;

-- --------------------------------------------------------

--
-- Table structure for table `reviews`
--

CREATE TABLE `reviews` (
  `id` bigint(20) UNSIGNED NOT NULL,
  `user_id` bigint(20) UNSIGNED DEFAULT NULL,
  `rating` int(11) DEFAULT NULL,
  `date` date DEFAULT NULL,
  `status` varchar(255) DEFAULT NULL,
  `description` text DEFAULT NULL,
  `created_at` timestamp NULL DEFAULT NULL,
  `updated_at` timestamp NULL DEFAULT NULL
) ENGINE=InnoDB DEFAULT CHARSET=utf8mb4 COLLATE=utf8mb4_unicode_ci;

--
-- Dumping data for table `reviews`
--

INSERT INTO `reviews` (`id`, `user_id`, `rating`, `date`, `status`, `description`, `created_at`, `updated_at`) VALUES
(1, 50, 4, '2025-04-23', '0', 'description', '2025-04-23 07:23:23', '2025-04-23 07:23:23');

-- --------------------------------------------------------

--
-- Table structure for table `review_images`
--

CREATE TABLE `review_images` (
  `id` bigint(20) UNSIGNED NOT NULL,
  `review_id` bigint(20) UNSIGNED NOT NULL,
  `image` varchar(255) DEFAULT NULL,
  `created_at` timestamp NULL DEFAULT NULL,
  `updated_at` timestamp NULL DEFAULT NULL
) ENGINE=InnoDB DEFAULT CHARSET=utf8mb4 COLLATE=utf8mb4_unicode_ci;

--
-- Dumping data for table `review_images`
--

INSERT INTO `review_images` (`id`, `review_id`, `image`, `created_at`, `updated_at`) VALUES
(1, 1, 'public/uploads/review/vhMTCPi9vFmJNVMwtBxEQPEdBKWvGl189oMAznh7.png', '2025-04-23 07:23:23', '2025-04-23 07:23:23');

-- --------------------------------------------------------

--
-- Table structure for table `review_reactions`
--

CREATE TABLE `review_reactions` (
  `id` bigint(20) UNSIGNED NOT NULL,
  `review_id` bigint(20) UNSIGNED NOT NULL,
  `user_id` bigint(20) UNSIGNED NOT NULL,
  `type` varchar(255) DEFAULT NULL,
  `created_at` timestamp NULL DEFAULT NULL,
  `updated_at` timestamp NULL DEFAULT NULL
) ENGINE=InnoDB DEFAULT CHARSET=utf8mb4 COLLATE=utf8mb4_unicode_ci;

-- --------------------------------------------------------

--
-- Table structure for table `risks`
--

CREATE TABLE `risks` (
  `id` bigint(20) UNSIGNED NOT NULL,
  `user_id` bigint(20) UNSIGNED DEFAULT NULL,
  `location_id` bigint(20) UNSIGNED DEFAULT NULL,
  `category_id` bigint(20) UNSIGNED DEFAULT NULL,
  `type_id` bigint(20) UNSIGNED DEFAULT NULL,
  `priority` varchar(255) DEFAULT NULL,
  `summary` text DEFAULT NULL,
  `action_taken` text DEFAULT NULL,
  `images` longtext CHARACTER SET utf8mb4 COLLATE utf8mb4_bin DEFAULT NULL CHECK (json_valid(`images`)),
  `created_at` timestamp NULL DEFAULT NULL,
  `updated_at` timestamp NULL DEFAULT NULL
) ENGINE=InnoDB DEFAULT CHARSET=utf8mb4 COLLATE=utf8mb4_unicode_ci;

-- --------------------------------------------------------

--
-- Table structure for table `risk_images`
--

CREATE TABLE `risk_images` (
  `id` bigint(20) UNSIGNED NOT NULL,
  `user_id` bigint(20) UNSIGNED NOT NULL,
  `risk_id` bigint(20) UNSIGNED NOT NULL,
  `image` varchar(255) DEFAULT NULL,
  `created_at` timestamp NULL DEFAULT NULL,
  `updated_at` timestamp NULL DEFAULT NULL
) ENGINE=InnoDB DEFAULT CHARSET=utf8mb4 COLLATE=utf8mb4_unicode_ci;

-- --------------------------------------------------------

--
-- Table structure for table `roles`
--

CREATE TABLE `roles` (
  `id` bigint(20) UNSIGNED NOT NULL,
  `name` varchar(255) NOT NULL,
  `guard_name` varchar(255) NOT NULL,
  `created_at` timestamp NULL DEFAULT NULL,
  `updated_at` timestamp NULL DEFAULT NULL
) ENGINE=InnoDB DEFAULT CHARSET=utf8mb4 COLLATE=utf8mb4_unicode_ci;

--
-- Dumping data for table `roles`
--

INSERT INTO `roles` (`id`, `name`, `guard_name`, `created_at`, `updated_at`) VALUES
(1, 'superadmin', 'web', '2022-12-02 07:17:22', '2022-12-02 07:17:22'),
(2, 'admin', 'web', '2022-12-02 07:17:22', '2022-12-02 07:17:22'),
(8, 'user', 'web', '2024-12-01 08:32:16', '2024-12-01 08:32:16');

-- --------------------------------------------------------

--
-- Table structure for table `role_has_permissions`
--

CREATE TABLE `role_has_permissions` (
  `permission_id` bigint(20) UNSIGNED NOT NULL,
  `role_id` bigint(20) UNSIGNED NOT NULL
) ENGINE=InnoDB DEFAULT CHARSET=utf8mb4 COLLATE=utf8mb4_unicode_ci;

--
-- Dumping data for table `role_has_permissions`
--

INSERT INTO `role_has_permissions` (`permission_id`, `role_id`) VALUES
(1, 2),
(1, 8),
(2, 2),
(3, 2),
(6, 2),
(7, 2),
(8, 2),
(9, 2),
(10, 2),
(11, 2),
(12, 2),
(13, 2),
(14, 2),
(15, 2),
(16, 2),
(17, 2),
(20, 2),
(21, 2),
(25, 2),
(26, 2),
(27, 2),
(28, 2),
(69, 2),
(70, 2);

-- --------------------------------------------------------

--
-- Table structure for table `settings`
--

CREATE TABLE `settings` (
  `id` bigint(20) UNSIGNED NOT NULL,
  `name` varchar(255) NOT NULL,
  `value` text DEFAULT NULL,
  `added_by` int(11) NOT NULL,
  `created_at` timestamp NULL DEFAULT NULL,
  `updated_at` timestamp NULL DEFAULT NULL
) ENGINE=InnoDB DEFAULT CHARSET=utf8mb4 COLLATE=utf8mb4_unicode_ci;

--
-- Dumping data for table `settings`
--

INSERT INTO `settings` (`id`, `name`, `value`, `added_by`, `created_at`, `updated_at`) VALUES
(1, 'company_name', 'test', 2, '2025-01-04 21:32:21', '2025-01-04 21:32:21'),
(2, 'email', 'admin@master.com', 2, '2025-01-04 21:32:21', '2025-01-04 21:32:21'),
(3, 'secondary_email', 'admin@master2.com', 2, '2025-01-04 21:32:21', '2025-01-04 21:32:21'),
(4, 'vat', NULL, 2, '2025-01-04 21:32:21', '2025-01-04 21:32:21'),
(5, 'commission', NULL, 2, '2025-01-04 21:32:21', '2025-01-04 21:32:21'),
(6, 'contact_number', '03082034786', 2, '2025-01-04 21:32:21', '2025-01-04 21:32:21'),
(7, 'whatsapp_number', '03082034786', 2, '2025-01-04 21:32:21', '2025-01-04 21:32:21'),
(8, 'address', 'Add & Update Settings | Intelligentforesight - Admin Dashboard', 2, '2025-01-04 21:32:21', '2025-01-04 21:32:21'),
(9, 'logo', 'logo.png', 2, '2025-01-04 21:32:21', '2025-01-10 01:56:21'),
(10, 'favicon', 'favicon.png', 2, '2025-01-04 21:32:21', '2025-01-10 01:56:21'),
(11, 'facebook_url', NULL, 2, '2025-01-10 01:56:21', '2025-01-10 01:56:21'),
(12, 'youtube_url', NULL, 2, '2025-01-10 01:56:21', '2025-01-10 01:56:21'),
(13, 'instagram_url', NULL, 2, '2025-01-10 01:56:21', '2025-01-10 01:56:21'),
(14, 'x_url', NULL, 2, '2025-01-10 01:56:21', '2025-01-10 01:56:21'),
(15, 'linkedin_url', NULL, 2, '2025-01-10 01:56:21', '2025-01-10 01:56:21');

-- --------------------------------------------------------

--
-- Table structure for table `users`
--

CREATE TABLE `users` (
  `id` bigint(20) UNSIGNED NOT NULL,
  `company_id` bigint(20) UNSIGNED DEFAULT NULL,
  `dsdsd` bigint(20) UNSIGNED DEFAULT NULL,
  `name` varchar(255) NOT NULL,
  `email` varchar(255) NOT NULL,
  `email_verified_at` timestamp NULL DEFAULT NULL,
  `password` varchar(255) NOT NULL,
  `remember_token` varchar(100) DEFAULT NULL,
  `otp` varchar(255) DEFAULT NULL,
  `image` text DEFAULT NULL,
  `gender` varchar(191) DEFAULT NULL,
  `phone` varchar(255) DEFAULT NULL,
  `device_type` varchar(255) DEFAULT NULL,
  `device_token` text DEFAULT NULL,
  `verified_by` varchar(255) DEFAULT NULL,
  `social_provider` text DEFAULT NULL,
  `social_token` text DEFAULT NULL,
  `social_id` text DEFAULT NULL,
  `status` tinyint(1) DEFAULT 0,
  `is_deactivate` tinyint(1) DEFAULT 0,
  `created_at` timestamp NULL DEFAULT NULL,
  `updated_at` timestamp NULL DEFAULT NULL,
  `deleted_at` timestamp NULL DEFAULT NULL
) ENGINE=InnoDB DEFAULT CHARSET=utf8mb4 COLLATE=utf8mb4_unicode_ci;

--
-- Dumping data for table `users`
--

INSERT INTO `users` (`id`, `company_id`, `dsdsd`, `name`, `email`, `email_verified_at`, `password`, `remember_token`, `otp`, `image`, `gender`, `phone`, `device_type`, `device_token`, `verified_by`, `social_provider`, `social_token`, `social_id`, `status`, `is_deactivate`, `created_at`, `updated_at`, `deleted_at`) VALUES
(1, NULL, NULL, 'Super Admin', 'superadmin@master.com', NULL, '$2y$10$EwL7zVIzzcWMrk8l3SqaG.SRVsd.IP/ZVZTn.NK4SDQPiIEOtmy82', NULL, NULL, NULL, NULL, NULL, NULL, NULL, NULL, NULL, NULL, NULL, 0, 0, '2022-12-02 07:17:23', '2022-12-02 07:17:23', NULL),
(2, NULL, NULL, 'Admin0', 'admin@master.com', NULL, '$2y$10$QJwHIrH27tyRxQyIWVOQcOo1xOcHlGRs48yw1.luZXFkVpsn.lbh6', NULL, NULL, 'uploads/user/1671548885.png', NULL, NULL, NULL, NULL, NULL, NULL, NULL, NULL, 0, 0, '2022-12-02 07:17:23', '2025-04-22 07:26:53', NULL),
(4, NULL, NULL, 'User', 'user@yopmail.com', '2022-12-02 09:44:40', '$2y$10$SngOd0VeQ2AhLiZAr1xNgerXAGqNtotb0yvB.xfFgVqyIiwsU4FYy', NULL, '5937', NULL, NULL, NULL, NULL, 'AAAA6MO9f5M:APA91bGN03Iek7WDgcZQf_nCxxbn7DEAGmoiutYPuIaAb5EX72s8h9nH9uAt416XTJDb2v-Ac91jC1w0EayCX57U0qSTL0Nv5jmq1IdmEGWRpppS0tn4-QoCDsAbWylm5-zcmGZ7jzCL', 'email', NULL, NULL, NULL, 0, 0, '2022-12-02 09:43:00', '2024-12-19 16:55:23', NULL),
(7, NULL, NULL, 'Google Sign In 2', 'google@yopmail.com', '2022-12-05 09:02:01', '$2y$10$nNiNf/E9cRq6YdJySr641.n7LJ//sggtOLOgw84Fszhw/Z6o60DcS', NULL, NULL, NULL, NULL, NULL, NULL, NULL, 'google', 'google', 'JyeT6bC5b89VbfE9ynUaYiCdDij8', NULL, 0, 0, '2022-12-05 09:02:01', '2022-12-05 09:02:01', NULL),
(8, NULL, NULL, 'Facebook 3', 'facebook@yopmail.com', '2022-12-05 09:13:24', '$2y$10$.Zx2GIFbHmOsXV.gSOam5.5aKx2GSprADBExDGpjFJJW/R6bdAk5C', NULL, NULL, NULL, NULL, NULL, NULL, NULL, 'facebook', 'facebook', 'JyeT6bC5b6PV8fExynUaYiCdDij7', NULL, 0, 0, '2022-12-05 09:13:24', '2022-12-05 09:13:24', NULL),
(9, NULL, NULL, 'Apple Sign In', 'apple@yopmail.com', '2022-12-05 09:19:13', '$2y$10$whnszbOe13E0r6Sc35OwEuqRXhRadrL.RxbT7hHmAaDngVhmzRJA2', NULL, NULL, NULL, NULL, NULL, NULL, NULL, 'Apple', 'Apple', 'JyeT6bC5b81VbfExynUaYiCdDij5', NULL, 0, 0, '2022-12-05 09:19:13', '2022-12-05 09:19:13', NULL),
(18, NULL, NULL, 'User 123', 'test@test.com', NULL, '$2y$10$.RDHHqp/cc/z3wppCz90aOPf3ZbAXeaWCzJQZrIgHBGNiWsOtv53K', NULL, '4498', 'public/uploads/user/67508d85383f9.png', NULL, '03082034786', NULL, NULL, 'email', NULL, NULL, NULL, 0, 0, '2024-12-01 11:08:46', '2024-12-19 21:35:50', NULL),
(50, NULL, NULL, 'User000', 'dsds@gmail.comssassa', NULL, '$2y$10$W3gM9kn1HUPNG/HYs69wR.RlkLiqgM8Lb.T0ThWT136roonUfnKtu', NULL, NULL, 'public/uploads/user/6808b3403abe0.png', 'male', '03082034786', NULL, NULL, NULL, NULL, NULL, NULL, 0, 0, '2025-04-23 04:29:17', '2025-04-23 04:30:40', NULL);

--
-- Indexes for dumped tables
--

--
-- Indexes for table `activity_log`
--
ALTER TABLE `activity_log`
  ADD PRIMARY KEY (`id`),
  ADD KEY `subject` (`subject_type`,`subject_id`),
  ADD KEY `causer` (`causer_type`,`causer_id`),
  ADD KEY `activity_log_log_name_index` (`log_name`);

--
-- Indexes for table `categories`
--
ALTER TABLE `categories`
  ADD PRIMARY KEY (`id`);

--
-- Indexes for table `companies`
--
ALTER TABLE `companies`
  ADD PRIMARY KEY (`id`);

--
-- Indexes for table `contents`
--
ALTER TABLE `contents`
  ADD PRIMARY KEY (`id`);

--
-- Indexes for table `failed_jobs`
--
ALTER TABLE `failed_jobs`
  ADD PRIMARY KEY (`id`),
  ADD UNIQUE KEY `failed_jobs_uuid_unique` (`uuid`);

--
-- Indexes for table `locations`
--
ALTER TABLE `locations`
  ADD PRIMARY KEY (`id`);

--
-- Indexes for table `migrations`
--
ALTER TABLE `migrations`
  ADD PRIMARY KEY (`id`);

--
-- Indexes for table `model_has_permissions`
--
ALTER TABLE `model_has_permissions`
  ADD PRIMARY KEY (`permission_id`,`model_id`,`model_type`),
  ADD KEY `model_has_permissions_model_id_model_type_index` (`model_id`,`model_type`);

--
-- Indexes for table `model_has_roles`
--
ALTER TABLE `model_has_roles`
  ADD PRIMARY KEY (`role_id`,`model_id`,`model_type`),
  ADD KEY `model_has_roles_model_id_model_type_index` (`model_id`,`model_type`);

--
-- Indexes for table `notifications`
--
ALTER TABLE `notifications`
  ADD PRIMARY KEY (`id`);

--
-- Indexes for table `oauth_access_tokens`
--
ALTER TABLE `oauth_access_tokens`
  ADD PRIMARY KEY (`id`),
  ADD KEY `oauth_access_tokens_user_id_index` (`user_id`);

--
-- Indexes for table `oauth_auth_codes`
--
ALTER TABLE `oauth_auth_codes`
  ADD PRIMARY KEY (`id`),
  ADD KEY `oauth_auth_codes_user_id_index` (`user_id`);

--
-- Indexes for table `oauth_clients`
--
ALTER TABLE `oauth_clients`
  ADD PRIMARY KEY (`id`),
  ADD KEY `oauth_clients_user_id_index` (`user_id`);

--
-- Indexes for table `oauth_personal_access_clients`
--
ALTER TABLE `oauth_personal_access_clients`
  ADD PRIMARY KEY (`id`);

--
-- Indexes for table `oauth_refresh_tokens`
--
ALTER TABLE `oauth_refresh_tokens`
  ADD PRIMARY KEY (`id`),
  ADD KEY `oauth_refresh_tokens_access_token_id_index` (`access_token_id`);

--
-- Indexes for table `password_resets`
--
ALTER TABLE `password_resets`
  ADD KEY `password_resets_email_index` (`email`);

--
-- Indexes for table `permissions`
--
ALTER TABLE `permissions`
  ADD PRIMARY KEY (`id`),
  ADD UNIQUE KEY `permissions_name_guard_name_unique` (`name`,`guard_name`);

--
-- Indexes for table `personal_access_tokens`
--
ALTER TABLE `personal_access_tokens`
  ADD PRIMARY KEY (`id`),
  ADD UNIQUE KEY `personal_access_tokens_token_unique` (`token`),
  ADD KEY `personal_access_tokens_tokenable_type_tokenable_id_index` (`tokenable_type`,`tokenable_id`);

--
-- Indexes for table `reports`
--
ALTER TABLE `reports`
  ADD PRIMARY KEY (`id`);

--
-- Indexes for table `reviews`
--
ALTER TABLE `reviews`
  ADD PRIMARY KEY (`id`);

--
-- Indexes for table `review_images`
--
ALTER TABLE `review_images`
  ADD PRIMARY KEY (`id`);

--
-- Indexes for table `review_reactions`
--
ALTER TABLE `review_reactions`
  ADD PRIMARY KEY (`id`);

--
-- Indexes for table `risks`
--
ALTER TABLE `risks`
  ADD PRIMARY KEY (`id`);

--
-- Indexes for table `risk_images`
--
ALTER TABLE `risk_images`
  ADD PRIMARY KEY (`id`),
  ADD KEY `risk_images_user_id_foreign` (`user_id`),
  ADD KEY `risk_images_risk_id_foreign` (`risk_id`);

--
-- Indexes for table `roles`
--
ALTER TABLE `roles`
  ADD PRIMARY KEY (`id`),
  ADD UNIQUE KEY `roles_name_guard_name_unique` (`name`,`guard_name`);

--
-- Indexes for table `role_has_permissions`
--
ALTER TABLE `role_has_permissions`
  ADD PRIMARY KEY (`permission_id`,`role_id`),
  ADD KEY `role_has_permissions_role_id_foreign` (`role_id`);

--
-- Indexes for table `settings`
--
ALTER TABLE `settings`
  ADD PRIMARY KEY (`id`);

--
-- Indexes for table `users`
--
ALTER TABLE `users`
  ADD PRIMARY KEY (`id`),
  ADD UNIQUE KEY `users_email_unique` (`email`);

--
-- AUTO_INCREMENT for dumped tables
--

--
-- AUTO_INCREMENT for table `activity_log`
--
ALTER TABLE `activity_log`
  MODIFY `id` bigint(20) UNSIGNED NOT NULL AUTO_INCREMENT, AUTO_INCREMENT=411;

--
-- AUTO_INCREMENT for table `categories`
--
ALTER TABLE `categories`
  MODIFY `id` bigint(20) UNSIGNED NOT NULL AUTO_INCREMENT;

--
-- AUTO_INCREMENT for table `companies`
--
ALTER TABLE `companies`
  MODIFY `id` bigint(20) UNSIGNED NOT NULL AUTO_INCREMENT;

--
-- AUTO_INCREMENT for table `contents`
--
ALTER TABLE `contents`
  MODIFY `id` bigint(20) UNSIGNED NOT NULL AUTO_INCREMENT, AUTO_INCREMENT=9;

--
-- AUTO_INCREMENT for table `failed_jobs`
--
ALTER TABLE `failed_jobs`
  MODIFY `id` bigint(20) UNSIGNED NOT NULL AUTO_INCREMENT;

--
-- AUTO_INCREMENT for table `locations`
--
ALTER TABLE `locations`
  MODIFY `id` bigint(20) UNSIGNED NOT NULL AUTO_INCREMENT;

--
-- AUTO_INCREMENT for table `migrations`
--
ALTER TABLE `migrations`
  MODIFY `id` int(10) UNSIGNED NOT NULL AUTO_INCREMENT, AUTO_INCREMENT=37;

--
-- AUTO_INCREMENT for table `notifications`
--
ALTER TABLE `notifications`
  MODIFY `id` bigint(20) UNSIGNED NOT NULL AUTO_INCREMENT;

--
-- AUTO_INCREMENT for table `oauth_clients`
--
ALTER TABLE `oauth_clients`
  MODIFY `id` bigint(20) UNSIGNED NOT NULL AUTO_INCREMENT, AUTO_INCREMENT=5;

--
-- AUTO_INCREMENT for table `oauth_personal_access_clients`
--
ALTER TABLE `oauth_personal_access_clients`
  MODIFY `id` bigint(20) UNSIGNED NOT NULL AUTO_INCREMENT, AUTO_INCREMENT=3;

--
-- AUTO_INCREMENT for table `permissions`
--
ALTER TABLE `permissions`
  MODIFY `id` bigint(20) UNSIGNED NOT NULL AUTO_INCREMENT, AUTO_INCREMENT=71;

--
-- AUTO_INCREMENT for table `personal_access_tokens`
--
ALTER TABLE `personal_access_tokens`
  MODIFY `id` bigint(20) UNSIGNED NOT NULL AUTO_INCREMENT, AUTO_INCREMENT=4;

--
-- AUTO_INCREMENT for table `reports`
--
ALTER TABLE `reports`
  MODIFY `id` bigint(20) UNSIGNED NOT NULL AUTO_INCREMENT;

--
-- AUTO_INCREMENT for table `reviews`
--
ALTER TABLE `reviews`
  MODIFY `id` bigint(20) UNSIGNED NOT NULL AUTO_INCREMENT, AUTO_INCREMENT=2;

--
-- AUTO_INCREMENT for table `review_images`
--
ALTER TABLE `review_images`
  MODIFY `id` bigint(20) UNSIGNED NOT NULL AUTO_INCREMENT, AUTO_INCREMENT=2;

--
-- AUTO_INCREMENT for table `review_reactions`
--
ALTER TABLE `review_reactions`
  MODIFY `id` bigint(20) UNSIGNED NOT NULL AUTO_INCREMENT;

--
-- AUTO_INCREMENT for table `risks`
--
ALTER TABLE `risks`
  MODIFY `id` bigint(20) UNSIGNED NOT NULL AUTO_INCREMENT;

--
-- AUTO_INCREMENT for table `risk_images`
--
ALTER TABLE `risk_images`
  MODIFY `id` bigint(20) UNSIGNED NOT NULL AUTO_INCREMENT;

--
-- AUTO_INCREMENT for table `roles`
--
ALTER TABLE `roles`
  MODIFY `id` bigint(20) UNSIGNED NOT NULL AUTO_INCREMENT, AUTO_INCREMENT=10;

--
-- AUTO_INCREMENT for table `settings`
--
ALTER TABLE `settings`
  MODIFY `id` bigint(20) UNSIGNED NOT NULL AUTO_INCREMENT, AUTO_INCREMENT=16;

--
-- AUTO_INCREMENT for table `users`
--
ALTER TABLE `users`
  MODIFY `id` bigint(20) UNSIGNED NOT NULL AUTO_INCREMENT, AUTO_INCREMENT=51;

--
-- Constraints for dumped tables
--

--
-- Constraints for table `model_has_permissions`
--
ALTER TABLE `model_has_permissions`
  ADD CONSTRAINT `model_has_permissions_permission_id_foreign` FOREIGN KEY (`permission_id`) REFERENCES `permissions` (`id`) ON DELETE CASCADE;

--
-- Constraints for table `model_has_roles`
--
ALTER TABLE `model_has_roles`
  ADD CONSTRAINT `model_has_roles_role_id_foreign` FOREIGN KEY (`role_id`) REFERENCES `roles` (`id`) ON DELETE CASCADE;

--
-- Constraints for table `risk_images`
--
ALTER TABLE `risk_images`
  ADD CONSTRAINT `risk_images_risk_id_foreign` FOREIGN KEY (`risk_id`) REFERENCES `risks` (`id`) ON DELETE CASCADE,
  ADD CONSTRAINT `risk_images_user_id_foreign` FOREIGN KEY (`user_id`) REFERENCES `users` (`id`) ON DELETE CASCADE;

--
-- Constraints for table `role_has_permissions`
--
ALTER TABLE `role_has_permissions`
  ADD CONSTRAINT `role_has_permissions_permission_id_foreign` FOREIGN KEY (`permission_id`) REFERENCES `permissions` (`id`) ON DELETE CASCADE,
  ADD CONSTRAINT `role_has_permissions_role_id_foreign` FOREIGN KEY (`role_id`) REFERENCES `roles` (`id`) ON DELETE CASCADE;

--
-- Constraints for table `users`
--
ALTER TABLE `users`
  ADD CONSTRAINT `users_company_id_foreign` FOREIGN KEY (`dsdsd`) REFERENCES `companies` (`id`) ON DELETE CASCADE;
COMMIT;

